000
CDUS45 KRIW 250735
CLIWRL


CLIMATE REPORT
NATIONAL WEATHER SERVICE RIVERTON WY
135 AM MDT WED MAY 25 2016


...................................

...THE WORLAND WY CLIMATE SUMMARY FOR MAY 24 2016...

CLIMATE NORMAL PERIOD 1981 TO 2010
CLIMATE RECORD PERIOD 1947 TO 2016


WEATHER ITEM   OBSERVED TIME   RECORD YEAR NORMAL DEPARTURE LAST
                VALUE   (LST)  VALUE       VALUE  FROM      YEAR
                                                  NORMAL
..................................................................
TEMPERATURE (F)
 YESTERDAY
  MAXIMUM         74    301 PM  91    1969  72      2       55
  MINIMUM         33    430 AM  30    2002  43    -10       49
  AVERAGE         54                        58     -4       52

PRECIPITATION (IN)
  YESTERDAY        0.29          0.48 1996   0.05   0.24     0.21
  MONTH TO DATE    1.29                      1.08   0.21     2.76
  SINCE MAR 1      3.60                      2.40   1.20     3.11
  SINCE JAN 1      3.63                      2.82   0.81     3.88

DEGREE DAYS
 HEATING
  YESTERDAY       11                         7      4       13
  MONTH TO DATE  262                       262      0      308
  SINCE MAR 1   1555                      1728   -173     1573
  SINCE JUL 1   6940                      7729   -789     7482

 COOLING
  YESTERDAY        0                         0      0        0
  MONTH TO DATE    2                         0      2        0
  SINCE MAR 1      2                         1      1        0
  SINCE JAN 1      2                         1      1        0
..................................................................


WIND (MPH)
  HIGHEST WIND SPEED    32   HIGHEST WIND DIRECTION     W (280)
  HIGHEST GUST SPEED    44   HIGHEST GUST DIRECTION     W (280)
  AVERAGE WIND SPEED     6.0


SKY COVER
  POSSIBLE SUNSHINE  MM
  AVERAGE SKY COVER 0.3


WEATHER CONDITIONS
 THE FOLLOWING WEATHER WAS RECORDED YESTERDAY.
  THUNDERSTORM
  HEAVY RAIN
  RAIN
  LIGHT RAIN
  FOG


RELATIVE HUMIDITY (PERCENT)
 HIGHEST   100          1100 PM
 LOWEST     20           200 PM
 AVERAGE    60

..........................................................


THE WORLAND WY CLIMATE NORMALS FOR TODAY
                         NORMAL    RECORD    YEAR
 MAXIMUM TEMPERATURE (F)   73        89      2003
 MINIMUM TEMPERATURE (F)   44        34      2012
                                             1975


SUNRISE AND SUNSET
MAY 25 2016...........SUNRISE   536 AM MDT   SUNSET   842 PM MDT
MAY 26 2016...........SUNRISE   535 AM MDT   SUNSET   843 PM MDT


-  INDICATES NEGATIVE NUMBERS.
R  INDICATES RECORD WAS SET OR TIED.
MM INDICATES DATA IS MISSING.
T  INDICATES TRACE AMOUNT.




$$
