000
CDUS45 KRIW 240042
CLIWRL


CLIMATE REPORT
NATIONAL WEATHER SERVICE RIVERTON WY
636 PM MDT TUE SEP 23 2014


...................................

...THE WORLAND WY CLIMATE SUMMARY FOR SEPTEMBER 23 2014...
VALID TODAY AS OF 0500 PM LOCAL TIME.

CLIMATE NORMAL PERIOD 1981 TO 2010
CLIMATE RECORD PERIOD 1947 TO 2014


WEATHER ITEM   OBSERVED TIME   RECORD YEAR NORMAL DEPARTURE LAST
                VALUE   (LST)  VALUE       VALUE  FROM      YEAR
                                                  NORMAL
..................................................................
TEMPERATURE (F)
 TODAY
  MAXIMUM         82        MM  94    1992  70     12       73
  MINIMUM         46        MM  27    2000  40      6       45
                                      1984
  AVERAGE         64                        55      9       59

PRECIPITATION (IN)
  TODAY            0.00          1.07 1984   0.03  -0.03     0.00
  MONTH TO DATE    0.68                      0.62   0.06     0.91
  SINCE SEP 1      0.68                      0.62   0.06     0.91
  SINCE JAN 1      6.27                      6.07   0.20     4.12

DEGREE DAYS
 HEATING
  TODAY            1                        10     -9        6
  MONTH TO DATE  140                       137      3       50
  SINCE SEP 1    140                       137      3       50
  SINCE JUL 1    174                       173      1       50

 COOLING
  TODAY            0                         0      0        0
  MONTH TO DATE   17                        28    -11       91
  SINCE SEP 1     17                        28    -11       91
  SINCE JAN 1    526                       534     -8      852
..................................................................


WIND (MPH)
  HIGHEST WIND SPEED    10   HIGHEST WIND DIRECTION    SW (220)
  HIGHEST GUST SPEED    MM   HIGHEST GUST DIRECTION    MM
  AVERAGE WIND SPEED     4.0


SKY COVER
  POSSIBLE SUNSHINE  MM
  AVERAGE SKY COVER 0.0


WEATHER CONDITIONS
 THE FOLLOWING WEATHER WAS RECORDED TODAY.
  NO SIGNIFICANT WEATHER WAS OBSERVED.


RELATIVE HUMIDITY (PERCENT)
 HIGHEST    86           300 AM
 LOWEST     26           300 PM
 AVERAGE    56

..........................................................


THE WORLAND WY CLIMATE NORMALS FOR TOMORROW
                         NORMAL    RECORD    YEAR
 MAXIMUM TEMPERATURE (F)   70        88      2001
 MINIMUM TEMPERATURE (F)   39        24      1984


SUNRISE AND SUNSET
SEPTEMBER 23 2014.....SUNRISE   700 AM MDT   SUNSET   707 PM MDT
SEPTEMBER 24 2014.....SUNRISE   701 AM MDT   SUNSET   705 PM MDT


-  INDICATES NEGATIVE NUMBERS.
R  INDICATES RECORD WAS SET OR TIED.
MM INDICATES DATA IS MISSING.
T  INDICATES TRACE AMOUNT.




$$
