000
CDUS45 KRIW 110039
CLIWRL


CLIMATE REPORT
NATIONAL WEATHER SERVICE RIVERTON WY
537 PM MST SAT DEC 10 2016


...................................

...THE WORLAND WY CLIMATE SUMMARY FOR DECEMBER 10 2016...
VALID TODAY AS OF 0500 PM LOCAL TIME.

CLIMATE NORMAL PERIOD 1981 TO 2010
CLIMATE RECORD PERIOD 1947 TO 2016


WEATHER ITEM   OBSERVED TIME   RECORD YEAR NORMAL DEPARTURE LAST
                VALUE   (LST)  VALUE       VALUE  FROM      YEAR
                                                  NORMAL
..................................................................
TEMPERATURE (F)
 TODAY
  MAXIMUM         21        MM  64    1981  31    -10       46
  MINIMUM          2    300 AM -36    1972   5     -3       21
  AVERAGE         12                        18     -6       34

PRECIPITATION (IN)
  TODAY            0.00          0.07 1963   0.01  -0.01     0.00
  MONTH TO DATE    0.02                      0.08  -0.06     0.03
  SINCE DEC 1      0.02                      0.08  -0.06     0.03
  SINCE JAN 1      9.77                      7.42   2.35     7.29

DEGREE DAYS
 HEATING
  TODAY           53                        47      6       31
  MONTH TO DATE  487                       451     36      421
  SINCE DEC 1    487                       451     36      421
  SINCE JUL 1   2026                      2343   -317     2005

 COOLING
  TODAY            0                         0      0        0
  MONTH TO DATE    0                         0      0        0
  SINCE DEC 1      0                         0      0        0
  SINCE JAN 1    690                       535    155      631
..................................................................


WIND (MPH)
  HIGHEST WIND SPEED     7   HIGHEST WIND DIRECTION    SE (150)
  HIGHEST GUST SPEED    MM   HIGHEST GUST DIRECTION    MM
  AVERAGE WIND SPEED     1.8


SKY COVER
  POSSIBLE SUNSHINE  MM
  AVERAGE SKY COVER 0.0


WEATHER CONDITIONS
 THE FOLLOWING WEATHER WAS RECORDED TODAY.
  NO SIGNIFICANT WEATHER WAS OBSERVED.


RELATIVE HUMIDITY (PERCENT)
 HIGHEST    95           300 AM
 LOWEST     61           100 PM
 AVERAGE    78

..........................................................


THE WORLAND WY CLIMATE NORMALS FOR TOMORROW
                         NORMAL    RECORD    YEAR
 MAXIMUM TEMPERATURE (F)   31        56      2004
 MINIMUM TEMPERATURE (F)    5       -31      1972


SUNRISE AND SUNSET
DECEMBER 10 2016......SUNRISE   736 AM MST   SUNSET   434 PM MST
DECEMBER 11 2016......SUNRISE   737 AM MST   SUNSET   434 PM MST


-  INDICATES NEGATIVE NUMBERS.
R  INDICATES RECORD WAS SET OR TIED.
MM INDICATES DATA IS MISSING.
T  INDICATES TRACE AMOUNT.




$$
