000
CDUS45 KRIW 220743
CLIWRL


CLIMATE REPORT
NATIONAL WEATHER SERVICE RIVERTON WY
1241 AM MST WED NOV 22 2017


...................................

...THE WORLAND WY CLIMATE SUMMARY FOR NOVEMBER 21 2017...

CLIMATE NORMAL PERIOD 1981 TO 2010
CLIMATE RECORD PERIOD 1947 TO 2017


WEATHER ITEM   OBSERVED TIME   RECORD YEAR NORMAL DEPARTURE LAST
                VALUE   (LST)  VALUE       VALUE  FROM      YEAR
                                                  NORMAL
..................................................................
TEMPERATURE (F)
 YESTERDAY
  MAXIMUM         47    322 PM  66    2006  41      6       37
  MINIMUM         28    225 AM -17    1977  14     14       20
  AVERAGE         38                        27     11       29

PRECIPITATION (IN)
  YESTERDAY        0.00          0.33 1962   0.01  -0.01     0.12
  MONTH TO DATE    0.68                      0.26   0.42     0.88
  SINCE SEP 1      2.98                      1.80   1.18     5.20
  SINCE JAN 1      8.48                      7.25   1.23     9.67

DEGREE DAYS
 HEATING
  YESTERDAY       27                        38    -11       36
  MONTH TO DATE  727                       666     61      538
  SINCE SEP 1   1668                      1492    176     1205
  SINCE JUL 1   1669                      1528    141     1236

 COOLING
  YESTERDAY        0                         0      0        0
  MONTH TO DATE    0                         0      0        0
  SINCE SEP 1     52                        29     23       25
  SINCE JAN 1    588                       535     53      690
..................................................................


WIND (MPH)
  HIGHEST WIND SPEED    12   HIGHEST WIND DIRECTION     S (200)
  HIGHEST GUST SPEED    13   HIGHEST GUST DIRECTION    SW (210)
  AVERAGE WIND SPEED     4.9


SKY COVER
  POSSIBLE SUNSHINE  MM
  AVERAGE SKY COVER 0.4


WEATHER CONDITIONS
 THE FOLLOWING WEATHER WAS RECORDED YESTERDAY.
  NO SIGNIFICANT WEATHER WAS OBSERVED.


RELATIVE HUMIDITY (PERCENT)
 HIGHEST    92           700 AM
 LOWEST     53           200 PM
 AVERAGE    73

..........................................................


THE WORLAND WY CLIMATE NORMALS FOR TODAY
                         NORMAL    RECORD    YEAR
 MAXIMUM TEMPERATURE (F)   40        66      2006
 MINIMUM TEMPERATURE (F)   14       -16      2013


SUNRISE AND SUNSET
NOVEMBER 22 2017......SUNRISE   716 AM MST   SUNSET   440 PM MST
NOVEMBER 23 2017......SUNRISE   717 AM MST   SUNSET   439 PM MST


-  INDICATES NEGATIVE NUMBERS.
R  INDICATES RECORD WAS SET OR TIED.
MM INDICATES DATA IS MISSING.
T  INDICATES TRACE AMOUNT.




$$
