000
CDUS45 KRIW 120030
CLIWRL


CLIMATE REPORT
NATIONAL WEATHER SERVICE RIVERTON WY
627 PM MDT FRI JUL 11 2014


...................................

...THE WORLAND WY CLIMATE SUMMARY FOR JULY 11 2014...
VALID TODAY AS OF 0500 PM LOCAL TIME.

CLIMATE NORMAL PERIOD 1981 TO 2010
CLIMATE RECORD PERIOD 1947 TO 2014


WEATHER ITEM   OBSERVED TIME   RECORD YEAR NORMAL DEPARTURE LAST
                VALUE   (LST)  VALUE       VALUE  FROM      YEAR
                                                  NORMAL
..................................................................
TEMPERATURE (F)
 TODAY
  MAXIMUM         89        MM 104    1973  89      0      101
  MINIMUM         61        MM  45    1993  55      6       61
  AVERAGE         75                        72      3       81

PRECIPITATION (IN)
  TODAY            0.00          0.10 1987   0.02  -0.02      T
  MONTH TO DATE    0.02                      0.24  -0.22     0.12
  SINCE JUN 1      1.64                      1.39   0.25     0.21
  SINCE JAN 1      3.85                      4.55  -0.70     2.90

DEGREE DAYS
 HEATING
  TODAY            0                         0      0        0
  MONTH TO DATE    1                        10     -9        0
  SINCE JUN 1     91                       103    -12       45
  SINCE JUL 1      1                        10     -9        0

 COOLING
  TODAY           10                         7      3       16
  MONTH TO DATE  100                        70     30      126
  SINCE JUN 1    129                       154    -25      259
  SINCE JAN 1    159                       166     -7      276
..................................................................


WIND (MPH)
  HIGHEST WIND SPEED    16   HIGHEST WIND DIRECTION    SE (140)
  HIGHEST GUST SPEED    24   HIGHEST GUST DIRECTION    SE (140)
  AVERAGE WIND SPEED     8.0


SKY COVER
  POSSIBLE SUNSHINE  MM
  AVERAGE SKY COVER 0.0


WEATHER CONDITIONS
 THE FOLLOWING WEATHER WAS RECORDED TODAY.
  THUNDERSTORM


RELATIVE HUMIDITY (PERCENT)
 HIGHEST    72           500 AM
 LOWEST     29           100 PM
 AVERAGE    51

..........................................................


THE WORLAND WY CLIMATE NORMALS FOR TOMORROW
                         NORMAL    RECORD    YEAR
 MAXIMUM TEMPERATURE (F)   89       101      2002
 MINIMUM TEMPERATURE (F)   55        40      2008


SUNRISE AND SUNSET
JULY 11 2014..........SUNRISE   540 AM MDT   SUNSET   855 PM MDT
JULY 12 2014..........SUNRISE   541 AM MDT   SUNSET   854 PM MDT


-  INDICATES NEGATIVE NUMBERS.
R  INDICATES RECORD WAS SET OR TIED.
MM INDICATES DATA IS MISSING.
T  INDICATES TRACE AMOUNT.




$$
