000
CDUS45 KRIW 300729
CLIWRL


CLIMATE REPORT
NATIONAL WEATHER SERVICE RIVERTON WY
128 AM MDT THU MAR 30 2017


...................................

...THE WORLAND WY CLIMATE SUMMARY FOR MARCH 29 2017...

CLIMATE NORMAL PERIOD 1981 TO 2010
CLIMATE RECORD PERIOD 1947 TO 2017


WEATHER ITEM   OBSERVED TIME   RECORD YEAR NORMAL DEPARTURE LAST
                VALUE   (LST)  VALUE       VALUE  FROM      YEAR
                                                  NORMAL
..................................................................
TEMPERATURE (F)
 YESTERDAY
  MAXIMUM         59    510 PM  79    1986  55      4       36
  MINIMUM         29    600 AM  -3    1987  27      2       32
  AVERAGE         44                        41      3       34

PRECIPITATION (IN)
  YESTERDAY        0.00          0.68 2016   0.01  -0.01     0.68
  MONTH TO DATE    0.74                      0.42   0.32     0.89
  SINCE MAR 1      0.74                      0.42   0.32     0.89
  SINCE JAN 1      1.14                      0.84   0.30     0.92

DEGREE DAYS
 HEATING
  YESTERDAY       21                        24     -3       31
  MONTH TO DATE  636                       837   -201      745
  SINCE MAR 1    636                       837   -201      745
  SINCE JUL 1   6511                      6838   -327     6130

 COOLING
  YESTERDAY        0                         0      0        0
  MONTH TO DATE    0                         0      0        0
  SINCE MAR 1      0                         0      0        0
  SINCE JAN 1      0                         0      0        0
..................................................................


WIND (MPH)
  HIGHEST WIND SPEED    13   HIGHEST WIND DIRECTION    SE (120)
  HIGHEST GUST SPEED    16   HIGHEST GUST DIRECTION     E (100)
  AVERAGE WIND SPEED     3.7


SKY COVER
  POSSIBLE SUNSHINE  MM
  AVERAGE SKY COVER 0.0


WEATHER CONDITIONS
 THE FOLLOWING WEATHER WAS RECORDED YESTERDAY.
  NO SIGNIFICANT WEATHER WAS OBSERVED.


RELATIVE HUMIDITY (PERCENT)
 HIGHEST   100           300 AM
 LOWEST     36           200 PM
 AVERAGE    68

..........................................................


THE WORLAND WY CLIMATE NORMALS FOR TODAY
                         NORMAL    RECORD    YEAR
 MAXIMUM TEMPERATURE (F)   55        78      1986
 MINIMUM TEMPERATURE (F)   27        12      1987


SUNRISE AND SUNSET
MARCH 30 2017.........SUNRISE   656 AM MDT   SUNSET   737 PM MDT
MARCH 31 2017.........SUNRISE   654 AM MDT   SUNSET   738 PM MDT


-  INDICATES NEGATIVE NUMBERS.
R  INDICATES RECORD WAS SET OR TIED.
MM INDICATES DATA IS MISSING.
T  INDICATES TRACE AMOUNT.




$$
