000
CDUS45 KRIW 030734
CLIWRL


CLIMATE REPORT
NATIONAL WEATHER SERVICE RIVERTON WY
134 AM MDT THU SEP 3 2015


...................................

...THE WORLAND WY CLIMATE SUMMARY FOR SEPTEMBER 2 2015...

CLIMATE NORMAL PERIOD 1981 TO 2010
CLIMATE RECORD PERIOD 1947 TO 2015


WEATHER ITEM   OBSERVED TIME   RECORD YEAR NORMAL DEPARTURE LAST
                VALUE   (LST)  VALUE       VALUE  FROM      YEAR
                                                  NORMAL
..................................................................
TEMPERATURE (F)
 YESTERDAY
  MAXIMUM         95    407 PM  98    1976  82     13       84
  MINIMUM         58    358 AM  32    1974  48     10       41
  AVERAGE         77                        65     12       63

PRECIPITATION (IN)
  YESTERDAY        0.00          0.27 1973   0.02  -0.02     0.00
  MONTH TO DATE    0.00                      0.04  -0.04     0.03
  SINCE SEP 1      0.00                      0.04  -0.04     0.03
  SINCE JAN 1      6.12                      5.49   0.63     5.62

DEGREE DAYS
 HEATING
  YESTERDAY        0                         3     -3        2
  MONTH TO DATE    0                         5     -5        6
  SINCE SEP 1      0                         5     -5        6
  SINCE JUL 1     37                        41     -4       40

 COOLING
  YESTERDAY       12                         3      9        0
  MONTH TO DATE   18                         6     12        0
  SINCE SEP 1     18                         6     12        0
  SINCE JAN 1    594                       512     82      509
..................................................................


WIND (MPH)
  HIGHEST WIND SPEED    24   HIGHEST WIND DIRECTION    SW (230)
  HIGHEST GUST SPEED    30   HIGHEST GUST DIRECTION    SW (230)
  AVERAGE WIND SPEED     9.4


SKY COVER
  POSSIBLE SUNSHINE  MM
  AVERAGE SKY COVER 0.0


WEATHER CONDITIONS
 THE FOLLOWING WEATHER WAS RECORDED YESTERDAY.
  NO SIGNIFICANT WEATHER WAS OBSERVED.


RELATIVE HUMIDITY (PERCENT)
 HIGHEST    46           400 AM
 LOWEST     11           300 PM
 AVERAGE    29

..........................................................


THE WORLAND WY CLIMATE NORMALS FOR TODAY
                         NORMAL    RECORD    YEAR
 MAXIMUM TEMPERATURE (F)   81        99      1978
 MINIMUM TEMPERATURE (F)   48        34      2010


SUNRISE AND SUNSET
SEPTEMBER  3 2015.....SUNRISE   637 AM MDT   SUNSET   744 PM MDT
SEPTEMBER  4 2015.....SUNRISE   638 AM MDT   SUNSET   743 PM MDT


-  INDICATES NEGATIVE NUMBERS.
R  INDICATES RECORD WAS SET OR TIED.
MM INDICATES DATA IS MISSING.
T  INDICATES TRACE AMOUNT.




$$
