000
CDUS45 KRIW 260735
CLIWRL


CLIMATE REPORT
NATIONAL WEATHER SERVICE RIVERTON WY
1234 AM MST FRI DEC 26 2014


...................................

...THE WORLAND WY CLIMATE SUMMARY FOR DECEMBER 25 2014...

CLIMATE NORMAL PERIOD 1981 TO 2010
CLIMATE RECORD PERIOD 1947 TO 2014


WEATHER ITEM   OBSERVED TIME   RECORD YEAR NORMAL DEPARTURE LAST
                VALUE   (LST)  VALUE       VALUE  FROM      YEAR
                                                  NORMAL
..................................................................
TEMPERATURE (F)
 YESTERDAY
  MAXIMUM         28    901 AM  57    1971  29     -1       27
  MINIMUM         15   1127 PM -19    1962   3     12       -1
  AVERAGE         22                        16      6       13

PRECIPITATION (IN)
  YESTERDAY        0.25R         0.15 1964   0.01   0.24     0.00
  MONTH TO DATE    0.67                      0.19   0.48     0.11
  SINCE DEC 1      0.67                      0.19   0.48     0.11
  SINCE JAN 1      8.23                      7.53   0.70     7.85

DEGREE DAYS
 HEATING
  YESTERDAY       43                        49     -6       52
  MONTH TO DATE 1045                      1176   -131     1290
  SINCE DEC 1   1045                      1176   -131     1290
  SINCE JUL 1   2961                      3068   -107     3146

 COOLING
  YESTERDAY        0                         0      0        0
  MONTH TO DATE    0                         0      0        0
  SINCE DEC 1      0                         0      0        0
  SINCE JAN 1    543                       535      8      852
..................................................................


WIND (MPH)
  HIGHEST WIND SPEED    24   HIGHEST WIND DIRECTION    NW (330)
  HIGHEST GUST SPEED    27   HIGHEST GUST DIRECTION     N (340)
  AVERAGE WIND SPEED     9.7


SKY COVER
  POSSIBLE SUNSHINE  MM
  AVERAGE SKY COVER 1.0


WEATHER CONDITIONS
 THE FOLLOWING WEATHER WAS RECORDED YESTERDAY.
  SNOW
  LIGHT SNOW
  FOG
  FOG W/VISIBILITY <= 1/4 MILE
  HAZE


RELATIVE HUMIDITY (PERCENT)
 HIGHEST   100           600 AM
 LOWEST     74           400 PM
 AVERAGE    87

..........................................................


THE WORLAND WY CLIMATE NORMALS FOR TODAY
                         NORMAL    RECORD    YEAR
 MAXIMUM TEMPERATURE (F)   29        53      1980
 MINIMUM TEMPERATURE (F)    3       -19      1996


SUNRISE AND SUNSET
DECEMBER 26 2014......SUNRISE   745 AM MST   SUNSET   440 PM MST
DECEMBER 27 2014......SUNRISE   746 AM MST   SUNSET   440 PM MST


-  INDICATES NEGATIVE NUMBERS.
R  INDICATES RECORD WAS SET OR TIED.
MM INDICATES DATA IS MISSING.
T  INDICATES TRACE AMOUNT.




$$
