000
CDUS45 KRIW 260032
CLIWRL


CLIMATE REPORT
NATIONAL WEATHER SERVICE RIVERTON WY
631 PM MDT MON SEP 25 2017


...................................

...THE WORLAND WY CLIMATE SUMMARY FOR SEPTEMBER 25 2017...
VALID TODAY AS OF 0500 PM LOCAL TIME.

CLIMATE NORMAL PERIOD 1981 TO 2010
CLIMATE RECORD PERIOD 1947 TO 2017


WEATHER ITEM   OBSERVED TIME   RECORD YEAR NORMAL DEPARTURE LAST
                VALUE   (LST)  VALUE       VALUE  FROM      YEAR
                                                  NORMAL
..................................................................
TEMPERATURE (F)
 TODAY
  MAXIMUM         54        MM  94    2014  69    -15       63
  MINIMUM         43        MM  15    1984  39      4       38
  AVERAGE         49                        54     -5       51

PRECIPITATION (IN)
  TODAY            0.01          0.32 2013   0.04  -0.03     0.00
  MONTH TO DATE    2.07                      0.69   1.38     1.97
  SINCE SEP 1      2.07                      0.69   1.38     1.97
  SINCE JAN 1      7.57                      6.14   1.43     6.44

DEGREE DAYS
 HEATING
  TODAY           16                        11      5       14
  MONTH TO DATE  205                       159     46      164
  SINCE SEP 1    205                       159     46      164
  SINCE JUL 1    206                       195     11      195

 COOLING
  TODAY            0                         0      0        0
  MONTH TO DATE   52                        28     24       25
  SINCE SEP 1     52                        28     24       25
  SINCE JAN 1    588                       534     54      690
..................................................................


WIND (MPH)
  HIGHEST WIND SPEED     6   HIGHEST WIND DIRECTION    NE (50)
  HIGHEST GUST SPEED    MM   HIGHEST GUST DIRECTION    MM
  AVERAGE WIND SPEED     2.5


SKY COVER
  POSSIBLE SUNSHINE  MM
  AVERAGE SKY COVER 0.8


WEATHER CONDITIONS
 THE FOLLOWING WEATHER WAS RECORDED TODAY.
  NO SIGNIFICANT WEATHER WAS OBSERVED.


RELATIVE HUMIDITY (PERCENT)
 HIGHEST   100          1200 AM
 LOWEST     54           400 PM
 AVERAGE    77

..........................................................


THE WORLAND WY CLIMATE NORMALS FOR TOMORROW
                         NORMAL    RECORD    YEAR
 MAXIMUM TEMPERATURE (F)   69        93      2015
 MINIMUM TEMPERATURE (F)   38        22      1972


SUNRISE AND SUNSET
SEPTEMBER 25 2017.....SUNRISE   703 AM MDT   SUNSET   703 PM MDT
SEPTEMBER 26 2017.....SUNRISE   704 AM MDT   SUNSET   701 PM MDT


-  INDICATES NEGATIVE NUMBERS.
R  INDICATES RECORD WAS SET OR TIED.
MM INDICATES DATA IS MISSING.
T  INDICATES TRACE AMOUNT.




$$
