310
CDAK47 PAYA 270902
CLIYAK

CLIMATE REPORT
NATIONAL WEATHER SERVICE YAKUTAT, AK
102 AM AKDT SAT AUG 27 2016

...................................
...THE YAKUTAT AP CLIMATE SUMMARY FOR AUGUST 26 2016...

CLIMATE NORMAL PERIOD  1981 TO  2010
CLIMATE RECORD PERIOD  1948 TO  2016

WEATHER ITEM   OBSERVED TIME    RECORD YEAR NORMAL DEPARTURE LAST
               VALUE    (LST)   VALUE       VALUE  FROM      YEAR
                                                   NORMAL
...................................................................
TEMPERATURE
YESTERDAY
 MAXIMUM            68  0249 PM    72  1959     60       8     59
 MINIMUM            50  1156 PM    34  2002     45       5     46
 AVERAGE            59                          52       7     53

PRECIPITATION
(INCHES)
 YESTERDAY        0.06           3.23  1972   0.52   -0.46   0.07
 MONTH TO DATE   13.31                       11.40    1.91  10.92
 SINCE JUN 1     27.40                       25.67    1.73  31.38
 SINCE JAN 1     78.96                       78.63    0.33  81.96

SNOWFALL
(INCHES)
 YESTERDAY         0.0            0.0  2016    0.0     0.0    0.0
 MONTH TO DATE     0.0                         0.0     0.0    0.0
 SINCE JUN 1       0.0                         0.0     0.0    0.0
 SINCE JUL 1       0.0                         0.0     0.0    0.0
 SNOW DEPTH (IN)     0                                          0

DEGREE DAYS
 HEATING
  YESTERDAY          6                          13      -7     12
  MONTH TO DATE    191                         280     -89    242
  SINCE JUN 1      748                        1038    -290    844
  SINCE JUL 1      421                         612    -191    510

 COOLING
  YESTERDAY          0                           0       0      0
  MONTH TO DATE      0                           0       0      0
  SINCE JUN 1        0                           0       0      0
  SINCE JAN 1        0                           0       0      0
...................................................................

WIND (MPH)
 HIGHEST WIND SPEED    10     HIGHEST WIND DIRECTION    250
 HIGHEST GUST SPEED    13     HIGHEST GUST DIRECTION    230
 AVERAGE WIND SPEED   0.0

SKY COVER
  POSSIBLE SUNSHINE    MM          AVERAGE SKY COVER     MM

WEATHER CONDITIONS
 THE FOLLOWING WEATHER WAS RECORDED YESTERDAY.
  FOG
RAIN


RELATIVE HUMIDITY
 HIGHEST RH     MM PERCENT       MM
 LOWEST  RH     MM PERCENT       MM
 AVERAGE RH     MM PERCENT       MM
...................................................................

THE YAKUTAT CLIMATE NORMALS FOR TODAY
                           NORMAL    RECORD   YEAR
 MAXIMUM TEMPERATURE (F)     60        73     1985
 MINIMUM TEMPERATURE (F)     45        31     1969

SUNRISE AND SUNSET
 AUG 27 2016..........SUNRISE  6:05 AM      SUNSET  8:34 PM
 AUG 28 2016..........SUNRISE  6:08 AM      SUNSET  8:31 PM

-  INDICATES NEGATIVE NUMBERS.
R  INDICATES RECORD HAS BEEN SET OR TIED.
MM INDICATES DATA IS MISSING.
T  INDICATES TRACE OF PRECIPITATION.

&&
-------------------------------------------------------------------

AMOUNT OF DAYLIGHT TODAY  (HOUR:MIN)........14 HOURS 29 MINUTES
GAIN/LOSS SINCE YESTERDAY (HOUR:MIN:SEC)....-0:05:13

$$
BK AUG 16
