000
CDAK47 PAYA 020915
CLIYAK

CLIMATE REPORT
NATIONAL WEATHER SERVICE YAKUTAT, AK
1215 AM AKST MON MAR 2 2015

...................................
...THE YAKUTAT AP CLIMATE SUMMARY FOR MARCH 1 2015...

CLIMATE NORMAL PERIOD  1981 TO  2010
CLIMATE RECORD PERIOD  1948 TO  2015

WEATHER ITEM   OBSERVED TIME    RECORD YEAR NORMAL DEPARTURE LAST
               VALUE    (LST)   VALUE       VALUE  FROM      YEAR
                                                   NORMAL
...................................................................
TEMPERATURE
YESTERDAY
 MAXIMUM          R 46  0342 PM    46  1963     38       8     42
 MINIMUM            26  0750 AM    -6  1966     23       3     12
 AVERAGE            36                          31       5     27

PRECIPITATION
(INCHES)
 YESTERDAY        0.00           5.28  1965   0.40   -0.40   0.00
 MONTH TO DATE    0.00                        0.40   -0.40   0.00
 SINCE MAR 1      0.00                        0.40   -0.40   0.00
 SINCE JAN 1     24.37                       24.92   -0.55  27.06

SNOWFALL
(INCHES)
 YESTERDAY         0.0           11.4  2012    0.9    -0.9    0.0
 MONTH TO DATE     0.0                         0.9    -0.9    0.0
 SINCE MAR 1       0.0                         0.9    -0.9    0.0
 SINCE JUL 1      12.8                       103.1   -90.3   95.4
 SNOW DEPTH (IN)     0                                         11

DEGREE DAYS
 HEATING
  YESTERDAY         29                          34      -5     38
  MONTH TO DATE     29                          34      -5     38
  SINCE MAR 1       29                          34      -5     38
  SINCE JUL 1     5461                        6163    -702   5851

 COOLING
  YESTERDAY          0                           0       0      0
  MONTH TO DATE      0                           0       0      0
  SINCE MAR 1        0                           0       0      0
  SINCE JAN 1        0                           0       0      0
...................................................................

WIND (MPH)
 HIGHEST WIND SPEED     7     HIGHEST WIND DIRECTION    260
 HIGHEST GUST SPEED     9     HIGHEST GUST DIRECTION    240
 AVERAGE WIND SPEED   1.2

SKY COVER
  POSSIBLE SUNSHINE    MM          AVERAGE SKY COVER     MM

WEATHER CONDITIONS
 THE FOLLOWING WEATHER WAS RECORDED YESTERDAY.
  NO SIGNIFICANT WEATHER WAS OBSERVED.

RELATIVE HUMIDITY
 HIGHEST RH     MM PERCENT       MM
 LOWEST  RH     MM PERCENT       MM
 AVERAGE RH     MM PERCENT       MM
...................................................................

THE YAKUTAT CLIMATE NORMALS FOR TODAY
                           NORMAL    RECORD   YEAR
 MAXIMUM TEMPERATURE (F)     38        50     1996
 MINIMUM TEMPERATURE (F)     23       -10     1956

SUNRISE AND SUNSET
 MAR 2 2015..........SUNRISE  7:14 AM      SUNSET  5:50 PM
 MAR 3 2015..........SUNRISE  7:11 AM      SUNSET  5:52 PM

-  INDICATES NEGATIVE NUMBERS.
R  INDICATES RECORD HAS BEEN SET OR TIED.
MM INDICATES DATA IS MISSING.
T  INDICATES TRACE OF PRECIPITATION.

&&
-------------------------------------------------------------------

AMOUNT OF DAYLIGHT TODAY  (HOUR:MIN)........10 HOURS 36 MINUTES
GAIN/LOSS SINCE YESTERDAY (HOUR:MIN:SEC)....+0:05:20

$$
*** MAR 15
