818
CDAK47 PAJK 171334
CLIYAK
CLIMATE REPORT
NATIONAL WEATHER SERVICE JUNEAU, AK
433 AM AKST SUN DEC 17 2017


...................................

...THE YAKUTAT CLIMATE SUMMARY FOR DECEMBER 16 2017...

CLIMATE NORMAL PERIOD 1981 TO 2010
CLIMATE RECORD PERIOD 1917 TO 2017


WEATHER ITEM   OBSERVED RECORD YEAR NORMAL DEPARTURE LAST
                VALUE   VALUE       VALUE  FROM      YEAR
                                           NORMAL
...........................................................
TEMPERATURE (F)
 YESTERDAY
  MAXIMUM         43     50    2005  35      8       34
  MINIMUM         34     -1    1955  25      9       21
  AVERAGE         39                 30      9       28

PRECIPITATION (IN)
  YESTERDAY        1.24   2.24 1988   0.54   0.70     0.18
  MONTH TO DATE   15.53               8.48   7.05     2.00
  SINCE JAN 1    126.68             147.32 -20.64   114.59

SNOWFALL (IN)
  YESTERDAY        2.6    8.7  2006   0.7    1.9      0.9
  MONTH TO DATE    4.0               11.8   -7.8     11.4
  SINCE JUL 1     30.8               32.5   -1.7     15.7
  SNOW DEPTH       1

DEGREE DAYS
 HEATING
  YESTERDAY       26                 35     -9       37
  MONTH TO DATE  378                560   -182      659
...........................................................


WIND (MPH)
  HIGHEST WIND SPEED    20   HIGHEST WIND DIRECTION    SE (130)
  HIGHEST GUST SPEED    31   HIGHEST GUST DIRECTION    SE (120)
  AVERAGE WIND SPEED     7.7


SKY COVER
  AVERAGE SKY COVER 1.0


WEATHER CONDITIONS
 THE FOLLOWING WEATHER WAS RECORDED YESTERDAY.
  HEAVY RAIN
  RAIN
  LIGHT RAIN
  FREEZING RAIN
  LT FREEZING RAIN
  LIGHT SNOW
  FOG


..........................................................


THE YAKUTAT CLIMATE NORMALS FOR TODAY
                         NORMAL    RECORD    YEAR
 MAXIMUM TEMPERATURE (F)   35        51      1969
 MINIMUM TEMPERATURE (F)   24        -4      1990
                                             1964


SUNRISE AND SUNSET
DECEMBER 17 2017......SUNRISE   914 AM AKST  SUNSET   316 PM AKST
DECEMBER 18 2017......SUNRISE   914 AM AKST  SUNSET   317 PM AKST


-  INDICATES NEGATIVE NUMBERS.
R  INDICATES RECORD WAS SET OR TIED.
MM INDICATES DATA IS MISSING.
T  INDICATES TRACE AMOUNT.




$$
--------------------------------------------------------------

AMOUNT OF DAYLIGHT TODAY (HOUR:MIN)......... 6 HOURS 03 MINUTES
GAIN/LOSS SINCE YESTERDAY (HOUR:MIN:SEC).... -0:00:45

$$
