000
CDAK47 PAYA 210004
CLIYAK

CLIMATE REPORT
NATIONAL WEATHER SERVICE YAKUTAT, AK
304 PM AKST SAT DEC 20 2014

...................................
...THE YAKUTAT AP CLIMATE SUMMARY FOR DECEMBER 20 2014...
VALID TODAY AS OF 2:00 PM LOCAL TIME

CLIMATE NORMAL PERIOD  1981 TO  2010
CLIMATE RECORD PERIOD  1948 TO  2014

WEATHER ITEM   OBSERVED TIME    RECORD YEAR NORMAL DEPARTURE LAST
               VALUE    (LST)   VALUE       VALUE  FROM      YEAR
                                                   NORMAL
...................................................................
TEMPERATURE
TODAY
 MAXIMUM            45  0929 AM    45  2014     35      10     26
 MINIMUM            32  0504 AM    -4  1955     24       8      8
 AVERAGE            39                          30       9     17

PRECIPITATION
(INCHES)
 TODAY            0.04           2.44  1985   0.52   -0.48   0.00
 MONTH TO DATE    8.51                       10.59   -2.08   4.85
 SINCE DEC 1      8.51                       10.59   -2.08   4.85
 SINCE JAN 1    131.42                      149.43  -18.01 132.55

SNOWFALL
(INCHES)
 TODAY             0.0            7.9  1957    0.6    -0.6    0.0
 MONTH TO DATE     1.4                        14.5   -13.1   31.6
 SINCE DEC 1       1.4                        14.5   -13.1   31.6
 SINCE JUL 1       6.7                        35.2   -28.5   40.8
 SNOW DEPTH (IN)     0                                         25

DEGREE DAYS
 HEATING
  TODAY             26                          35      -9     48
  MONTH TO DATE    600                         700    -100    809
  SINCE DEC 1      600                         700    -100    809
  SINCE JUL 1     3280                        3598    -318   3419

 COOLING
  TODAY              0                           0       0      0
  MONTH TO DATE      0                           0       0      0
  SINCE DEC 1        0                           0       0      0
  SINCE JAN 1        0                           0       0      0
...................................................................

WIND (MPH)
 HIGHEST WIND SPEED    20     HIGHEST WIND DIRECTION     70
 HIGHEST GUST SPEED    27     HIGHEST GUST DIRECTION     70
 AVERAGE WIND SPEED    MM

SKY COVER
  POSSIBLE SUNSHINE  MM            AVERAGE SKY COVER MM

WEATHER CONDITIONS
 THE FOLLOWING WEATHER WAS RECORDED TODAY.
RAIN


RELATIVE HUMIDITY
 HIGHEST RH     MM PERCENT       MM
 LOWEST  RH     MM PERCENT       MM
 AVERAGE RH     MM PERCENT       MM
...................................................................

THE YAKUTAT CLIMATE NORMALS FOR TOMORROW
                        NORMAL    RECORD   YEAR
 MAXIMUM TEMPERATURE      35        46     1976
 MINIMUM TEMPERATURE      24       -10     1971

SUNRISE AND SUNSET
 DEC 20 2014..........SUNRISE  9:16 AM      SUNSET  3:18 PM
 DEC 21 2014..........SUNRISE  9:17 AM      SUNSET  3:18 PM

-  INDICATES NEGATIVE NUMBERS.
R  INDICATES RECORD HAS BEEN SET OR TIED.
MM INDICATES DATA IS MISSING.
T  INDICATES TRACE OF PRECIPITATION.

&&
-------------------------------------------------------------------

AMOUNT OF DAYLIGHT TODAY  (HOUR:MIN)........6 HOURS 2 MINUTES
GAIN/LOSS SINCE YESTERDAY (HOUR:MIN:SEC)....-0:00:16

$$
DC DEC 14
