000
CDUS46 KPDT 030030
CLIYKM

CLIMATE REPORT
NATIONAL WEATHER SERVICE PENDLETON OR
527 PM PDT SUN AUG 2 2015


...................................

...THE YAKIMA WA CLIMATE SUMMARY FOR AUGUST 2 2015...
VALID TODAY AS OF 0500 PM LOCAL TIME.

CLIMATE NORMAL PERIOD 1981 TO 2010
CLIMATE RECORD PERIOD 1946 TO 2015


WEATHER ITEM   OBSERVED TIME   RECORD YEAR NORMAL DEPARTURE LAST
                VALUE   (LST)  VALUE       VALUE  FROM      YEAR
                                                  NORMAL
..................................................................
TEMPERATURE (F)
 TODAY
  MAXIMUM        104R   254 PM 100    2009  90     14       97
                                      1961
  MINIMUM         60    349 AM  39    1956  54      6       61
  AVERAGE         82                        72     10       79

PRECIPITATION (IN)
  TODAY            0.00          0.30 1949   0.00   0.00      T
  MONTH TO DATE    0.00                      0.01  -0.01      T
  SINCE OCT 1      6.39                      7.64  -1.25     3.89
  SINCE JAN 1      4.29                      4.52  -0.23     3.06

SNOWFALL (IN)
  TODAY            0.0           0.0  2002   0.0    0.0      0.0
                                      2001
                                      1999
  MONTH TO DATE    0.0                       0.0    0.0      0.0
  SINCE JAN 1      1.6                       8.6   -7.0     19.9
  SINCE JUL 1      0.0                       0.0    0.0      0.0
  SNOW DEPTH       0

DEGREE DAYS
 HEATING
  TODAY            0                         0      0        0
  MONTH TO DATE    0                         0      0        0
  SINCE JUN 1      3                       119   -116       35
  SINCE JUL 1      0                        21    -21        5

 COOLING
  TODAY           17                         7     10       14
  MONTH TO DATE   32                        14     18       32
  SINCE JUN 1    721                       274    447      542
  SINCE JAN 1    813                       294    519      565
..................................................................


WIND (MPH)
  HIGHEST WIND SPEED    12   HIGHEST WIND DIRECTION     W (290)
  HIGHEST GUST SPEED    15   HIGHEST GUST DIRECTION    SE (130)
  AVERAGE WIND SPEED     6.5


SKY COVER
  POSSIBLE SUNSHINE  MM
  AVERAGE SKY COVER 0.0


WEATHER CONDITIONS
 THE FOLLOWING WEATHER WAS RECORDED TODAY.
  NO SIGNIFICANT WEATHER WAS OBSERVED.


RELATIVE HUMIDITY (PERCENT)
 HIGHEST    48           300 AM
 LOWEST      9           300 PM
 AVERAGE    29

..........................................................


THE YAKIMA WA CLIMATE NORMALS FOR TOMORROW
                         NORMAL    RECORD    YEAR
 MAXIMUM TEMPERATURE (F)   90       103      1961
 MINIMUM TEMPERATURE (F)   54        43      2002
                                             1996


SUNRISE AND SUNSET
AUGUST  2 2015........SUNRISE   544 AM PDT   SUNSET   832 PM PDT
AUGUST  3 2015........SUNRISE   545 AM PDT   SUNSET   831 PM PDT


-  INDICATES NEGATIVE NUMBERS.
R  INDICATES RECORD WAS SET OR TIED.
MM INDICATES DATA IS MISSING.
T  INDICATES TRACE AMOUNT.




$$
