000
CDUS46 KPDT 230029 RRB
CLIYKM

CLIMATE REPORT
NATIONAL WEATHER SERVICE PENDLETON OR
428 PM PST MON JAN 22 2018


...................................

...THE YAKIMA WA CLIMATE SUMMARY FOR JANUARY 22 2018...
VALID TODAY AS OF 0400 PM LOCAL TIME.

CLIMATE NORMAL PERIOD 1981 TO 2010
CLIMATE RECORD PERIOD 1946 TO 2018


WEATHER ITEM   OBSERVED TIME   RECORD YEAR NORMAL DEPARTURE LAST
                VALUE   (LST)  VALUE       VALUE  FROM      YEAR
                                                  NORMAL
..................................................................
TEMPERATURE (F)
 TODAY
  MAXIMUM         51    352 PM  55    2011  40     11       38
                                      1950
  MINIMUM         23    633 AM  -3    1969  24     -1       31
  AVERAGE         37                        32      5       35

PRECIPITATION (IN)
  TODAY            0.00          1.24 1970   0.03  -0.03     0.38
  MONTH TO DATE    0.68                      0.86  -0.18     2.03
  SINCE OCT 1      2.97                      3.98  -1.01     5.95
  SINCE JAN 1      0.68                      0.86  -0.18     2.03

SNOWFALL (IN)
  TODAY            0.0           4.2  2012   0.1   -0.1      0.8
  MONTH TO DATE    0.0                       4.2   -4.2     15.2
  SINCE JAN 1      0.0                       4.2   -4.2     15.2
  SINCE JUL 1      1.6                      17.2  -15.6     22.6
  SNOW DEPTH       0

DEGREE DAYS
 HEATING
  TODAY           28                        33     -5       30
  MONTH TO DATE  593                       768   -175      978
  SINCE DEC 1   1610                      1898   -288     2179
  SINCE JUL 1   2879                      3431   -552     3198

 COOLING
  TODAY            0                         0      0        0
  MONTH TO DATE    0                         0      0        0
  SINCE DEC 1      0                         0      0        0
  SINCE JAN 1      0                         0      0        0
..................................................................


WIND (MPH)
  HIGHEST WIND SPEED     9   HIGHEST WIND DIRECTION    NW (300)
  HIGHEST GUST SPEED    12   HIGHEST GUST DIRECTION    SE (150)
  AVERAGE WIND SPEED     2.9


SKY COVER
  POSSIBLE SUNSHINE  MM
  AVERAGE SKY COVER 0.1


WEATHER CONDITIONS
 THE FOLLOWING WEATHER WAS RECORDED TODAY.
  NO SIGNIFICANT WEATHER WAS OBSERVED.


RELATIVE HUMIDITY (PERCENT)
 HIGHEST    92           200 AM
 LOWEST     46           300 PM
 AVERAGE    69

..........................................................


THE YAKIMA WA CLIMATE NORMALS FOR TOMORROW
                         NORMAL    RECORD    YEAR
 MAXIMUM TEMPERATURE (F)   40        61      1953
 MINIMUM TEMPERATURE (F)   24        -7      1969


SUNRISE AND SUNSET
JANUARY 22 2018.......SUNRISE   736 AM PST   SUNSET   452 PM PST
JANUARY 23 2018.......SUNRISE   736 AM PST   SUNSET   453 PM PST


-  INDICATES NEGATIVE NUMBERS.
R  INDICATES RECORD WAS SET OR TIED.
MM INDICATES DATA IS MISSING.
T  INDICATES TRACE AMOUNT.




$$
