000
CDUS46 KPDT 300029
CLIYKM

CLIMATE REPORT
NATIONAL WEATHER SERVICE PENDLETON OR
529 PM PDT TUE JUL 29 2014


...................................

...THE YAKIMA WA CLIMATE SUMMARY FOR JULY 29 2014...
VALID TODAY AS OF 0500 PM LOCAL TIME.

CLIMATE NORMAL PERIOD 1981 TO 2010
CLIMATE RECORD PERIOD 1946 TO 2014


WEATHER ITEM   OBSERVED TIME   RECORD YEAR NORMAL DEPARTURE LAST
                VALUE   (LST)  VALUE       VALUE  FROM      YEAR
                                                  NORMAL
..................................................................
TEMPERATURE (F)
 TODAY
  MAXIMUM        105R   346 PM 102    2003  90     15       90
                                      1982
                                      1973
  MINIMUM         63    359 AM  44    1970  55      8       58
  AVERAGE         84                        72     12       74

PRECIPITATION (IN)
  TODAY            0.00          0.08 1958   0.01  -0.01     0.00
  MONTH TO DATE    0.06                      0.21  -0.15      T
  SINCE OCT 1      3.89                      7.62  -3.73     7.97
  SINCE JAN 1      3.06                      4.50  -1.44     4.17

SNOWFALL (IN)
  TODAY            0.0           0.0  2002   0.0    0.0      0.0
                                      2001
                                      2000
  MONTH TO DATE    0.0                       0.0    0.0      0.0
  SINCE JAN 1     19.9                       8.6   11.3      1.1
  SINCE JUL 1      0.0                       0.0    0.0      0.0
  SNOW DEPTH       0

DEGREE DAYS
 HEATING
  TODAY            0                         0      0        0
  MONTH TO DATE    5                        19    -14        0
  SINCE JUN 1     35                       117    -82       39
  SINCE JUL 1      5                        19    -14        0

 COOLING
  TODAY           19                         7     12        9
  MONTH TO DATE  367                       176    191      373
  SINCE JUN 1    469                       241    228      489
  SINCE JAN 1    492                       261    231      541
..................................................................


WIND (MPH)
  HIGHEST WIND SPEED    13   HIGHEST WIND DIRECTION     N (340)
  HIGHEST GUST SPEED    16   HIGHEST GUST DIRECTION    NW (330)
  AVERAGE WIND SPEED     6.4


SKY COVER
  POSSIBLE SUNSHINE  MM
  AVERAGE SKY COVER 0.0


WEATHER CONDITIONS
 THE FOLLOWING WEATHER WAS RECORDED TODAY.
  NO SIGNIFICANT WEATHER WAS OBSERVED.


RELATIVE HUMIDITY (PERCENT)
 HIGHEST    72           400 AM
 LOWEST     12           400 PM
 AVERAGE    42

..........................................................


THE YAKIMA WA CLIMATE NORMALS FOR TOMORROW
                         NORMAL    RECORD    YEAR
 MAXIMUM TEMPERATURE (F)   90       104      2003
                                             1971
 MINIMUM TEMPERATURE (F)   54        45      2006
                                             1993
                                             1957


SUNRISE AND SUNSET
JULY 29 2014..........SUNRISE   539 AM PDT   SUNSET   837 PM PDT
JULY 30 2014..........SUNRISE   541 AM PDT   SUNSET   836 PM PDT


-  INDICATES NEGATIVE NUMBERS.
R  INDICATES RECORD WAS SET OR TIED.
MM INDICATES DATA IS MISSING.
T  INDICATES TRACE AMOUNT.




$$
