000
CDUS46 KPDT 240053
CLIYKM

CLIMATE REPORT
NATIONAL WEATHER SERVICE PENDLETON OR
453 PM PST SUN NOV 23 2014


...................................

...THE YAKIMA WA CLIMATE SUMMARY FOR NOVEMBER 23 2014...
VALID TODAY AS OF 0400 PM LOCAL TIME.

CLIMATE NORMAL PERIOD 1981 TO 2010
CLIMATE RECORD PERIOD 1946 TO 2014


WEATHER ITEM   OBSERVED TIME   RECORD YEAR NORMAL DEPARTURE LAST
                VALUE   (LST)  VALUE       VALUE  FROM      YEAR
                                                  NORMAL
..................................................................
TEMPERATURE (F)
 TODAY
  MAXIMUM         52    214 PM  69    1959  44      8       42
  MINIMUM         27    417 AM -13    1985  25      2       11
  AVERAGE         40                        34      6       27

PRECIPITATION (IN)
  TODAY            0.00          0.76 1949   0.04  -0.04     0.00
  MONTH TO DATE    0.31                      0.76  -0.45     0.38
  SINCE OCT 1      1.17                      1.30  -0.13     0.51
  SINCE JAN 1      5.59                      6.43  -0.84     5.17

SNOWFALL (IN)
  TODAY            0.0           3.2  1996   0.2   -0.2      0.0
  MONTH TO DATE    0.1                       2.0   -1.9      0.0
  SINCE JAN 1     20.0                      10.7    9.3      1.1
  SINCE JUL 1      0.1                       2.1   -2.0      0.0
  SNOW DEPTH       0

DEGREE DAYS
 HEATING
  TODAY           25                        31     -6       38
  MONTH TO DATE  635                       606     29      551
  SINCE SEP 1    998                      1262   -264     1167
  SINCE JUL 1   1004                      1310   -306     1167

 COOLING
  TODAY            0                         0      0        0
  MONTH TO DATE    0                         0      0        0
  SINCE SEP 1     44                        32     12      135
  SINCE JAN 1    871                       472    399      970
..................................................................


WIND (MPH)
  HIGHEST WIND SPEED    18   HIGHEST WIND DIRECTION    SW (230)
  HIGHEST GUST SPEED    24   HIGHEST GUST DIRECTION    SW (240)
  AVERAGE WIND SPEED     5.2


SKY COVER
  POSSIBLE SUNSHINE  MM
  AVERAGE SKY COVER 0.2


WEATHER CONDITIONS
 THE FOLLOWING WEATHER WAS RECORDED TODAY.
  NO SIGNIFICANT WEATHER WAS OBSERVED.


RELATIVE HUMIDITY (PERCENT)
 HIGHEST    85           400 AM
 LOWEST     56           300 PM
 AVERAGE    71

..........................................................


THE YAKIMA WA CLIMATE NORMALS FOR TOMORROW
                         NORMAL    RECORD    YEAR
 MAXIMUM TEMPERATURE (F)   43        67      1990
 MINIMUM TEMPERATURE (F)   25       -11      1985


SUNRISE AND SUNSET
NOVEMBER 23 2014......SUNRISE   715 AM PST   SUNSET   421 PM PST
NOVEMBER 24 2014......SUNRISE   717 AM PST   SUNSET   421 PM PST


-  INDICATES NEGATIVE NUMBERS.
R  INDICATES RECORD WAS SET OR TIED.
MM INDICATES DATA IS MISSING.
T  INDICATES TRACE AMOUNT.

$$
