000
CDUS46 KPDT 250837
CLIYKM

CLIMATE REPORT
NATIONAL WEATHER SERVICE PENDLETON OR
134 AM PDT WED MAY 25 2016


...................................

...THE YAKIMA WA CLIMATE SUMMARY FOR MAY 24 2016...

CLIMATE NORMAL PERIOD 1981 TO 2010
CLIMATE RECORD PERIOD 1946 TO 2016


WEATHER ITEM   OBSERVED TIME   RECORD YEAR NORMAL DEPARTURE LAST
                VALUE   (LST)  VALUE       VALUE  FROM      YEAR
                                                  NORMAL
..................................................................
TEMPERATURE (F)
 YESTERDAY
  MAXIMUM         77    103 PM  94    1999  75      2       85
  MINIMUM         43    426 AM  30    1989  44     -1       56
  AVERAGE         60                        59      1       71

PRECIPITATION (IN)
  YESTERDAY        T             0.70 2013   0.02  -0.02     0.00
  MONTH TO DATE    0.64                      0.43   0.21     1.80
  SINCE OCT 1     10.10                      6.64   3.46     6.32
  SINCE JAN 1      5.45                      3.52   1.93     4.22

SNOWFALL (IN)
  YESTERDAY       MM             0.0  2002   0.0   MM        0.0
                                      2001
                                      2000
  MONTH TO DATE    0.0                       0.0    0.0      0.0
  SINCE JAN 1     12.5                       8.6    3.9      1.6
  SINCE JUL 1     31.4                      21.6    9.8      1.6
  SNOW DEPTH       0

DEGREE DAYS
 HEATING
  YESTERDAY        5                         6     -1        0
  MONTH TO DATE   60                       221   -161       86
  SINCE MAR 1    815                      1376   -561      925
  SINCE JUL 1   4565                      5903  -1338     4507

 COOLING
  YESTERDAY        0                         1     -1        6
  MONTH TO DATE   33                        13     20       46
  SINCE MAR 1     39                        14     25       46
  SINCE JAN 1     39                        14     25       46
..................................................................


WIND (MPH)
  HIGHEST WIND SPEED    18   HIGHEST WIND DIRECTION    NW (320)
  HIGHEST GUST SPEED    22   HIGHEST GUST DIRECTION    NW (320)
  AVERAGE WIND SPEED     4.7


SKY COVER
  POSSIBLE SUNSHINE  MM
  AVERAGE SKY COVER 0.2


WEATHER CONDITIONS
 THE FOLLOWING WEATHER WAS RECORDED YESTERDAY.
  LIGHT RAIN


RELATIVE HUMIDITY (PERCENT)
 HIGHEST    76           300 AM
 LOWEST     27          1200 PM
 AVERAGE    52

..........................................................


THE YAKIMA WA CLIMATE NORMALS FOR TODAY
                         NORMAL    RECORD    YEAR
 MAXIMUM TEMPERATURE (F)   75        95      1947
 MINIMUM TEMPERATURE (F)   45        31      1984
                                             1973


SUNRISE AND SUNSET
MAY 25 2016...........SUNRISE   517 AM PDT   SUNSET   842 PM PDT
MAY 26 2016...........SUNRISE   516 AM PDT   SUNSET   843 PM PDT


-  INDICATES NEGATIVE NUMBERS.
R  INDICATES RECORD WAS SET OR TIED.
MM INDICATES DATA IS MISSING.
T  INDICATES TRACE AMOUNT.




$$
