000
CDUS46 KPDT 250838 RRB
CLIYKM

CLIMATE REPORT
NATIONAL WEATHER SERVICE PENDLETON OR
136 AM PDT SUN JUN 25 2017


...................................

...THE YAKIMA WA CLIMATE SUMMARY FOR JUNE 24 2017...

CLIMATE NORMAL PERIOD 1981 TO 2010
CLIMATE RECORD PERIOD 1946 TO 2017


WEATHER ITEM   OBSERVED TIME   RECORD YEAR NORMAL DEPARTURE LAST
                VALUE   (LST)  VALUE       VALUE  FROM      YEAR
                                                  NORMAL
..................................................................
TEMPERATURE (F)
 YESTERDAY
  MAXIMUM         95    503 PM 102    1992  82     13       77
  MINIMUM         51    441 AM  39    2007  50      1       53
                                      1993
                                      1983
  AVERAGE         73                        66      7       65

PRECIPITATION (IN)
  YESTERDAY        0.00          0.57 1972   0.02  -0.02     0.00
  MONTH TO DATE    0.19                      0.53  -0.34     0.22
  SINCE OCT 1     11.49                      7.32   4.17    10.32
  SINCE JAN 1      7.57                      4.20   3.37     5.67

SNOWFALL (IN)
  YESTERDAY        0.0           0.0  2002   0.0    0.0      0.0
                                      2001
                                      2000
  MONTH TO DATE    0.0                       0.0    0.0      0.0
  SINCE JAN 1     29.1                       8.6   20.5     12.5
  SINCE JUL 1     36.5                      21.6   14.9     31.4
  SNOW DEPTH       0

DEGREE DAYS
 HEATING
  YESTERDAY        0                         2     -2        0
  MONTH TO DATE   51                        86    -35       68
  SINCE JUN 1     51                        86    -35       68
  SINCE JUL 1   5671                      6030   -359     4656

 COOLING
  YESTERDAY        8                         3      5        0
  MONTH TO DATE   78                        42     36      109
  SINCE JUN 1     78                        42     36      109
  SINCE JAN 1    135                        62     73      148
..................................................................


WIND (MPH)
  HIGHEST WIND SPEED    13   HIGHEST WIND DIRECTION     E (80)
  HIGHEST GUST SPEED    15   HIGHEST GUST DIRECTION     E (70)
  AVERAGE WIND SPEED     6.7


SKY COVER
  POSSIBLE SUNSHINE  MM
  AVERAGE SKY COVER 0.0


WEATHER CONDITIONS
 THE FOLLOWING WEATHER WAS RECORDED YESTERDAY.
  NO SIGNIFICANT WEATHER WAS OBSERVED.


RELATIVE HUMIDITY (PERCENT)
 HIGHEST    71           200 AM
 LOWEST     13           300 PM
 AVERAGE    42

..........................................................


THE YAKIMA WA CLIMATE NORMALS FOR TODAY
                         NORMAL    RECORD    YEAR
 MAXIMUM TEMPERATURE (F)   82       101      1992
 MINIMUM TEMPERATURE (F)   50        36      2001


SUNRISE AND SUNSET
JUNE 25 2017..........SUNRISE   510 AM PDT   SUNSET   859 PM PDT
JUNE 26 2017..........SUNRISE   511 AM PDT   SUNSET   859 PM PDT


-  INDICATES NEGATIVE NUMBERS.
R  INDICATES RECORD WAS SET OR TIED.
MM INDICATES DATA IS MISSING.
T  INDICATES TRACE AMOUNT.




$$
