875
CDUS46 KPDT 220851
CLIYKM

CLIMATE REPORT
NATIONAL WEATHER SERVICE PENDLETON OR
146 AM PDT FRI MAY 22 2015


...................................

...THE YAKIMA WA CLIMATE SUMMARY FOR MAY 21 2015...

CLIMATE NORMAL PERIOD 1981 TO 2010
CLIMATE RECORD PERIOD 1946 TO 2015


WEATHER ITEM   OBSERVED TIME   RECORD YEAR NORMAL DEPARTURE LAST
                VALUE   (LST)  VALUE       VALUE  FROM      YEAR
                                                  NORMAL
..................................................................
TEMPERATURE (F)
 YESTERDAY
  MAXIMUM         87    323 PM  93    1958  74     13       85
  MINIMUM         54    440 AM  31    1960  44     10       48
  AVERAGE         71                        59     12       67

PRECIPITATION (IN)
  YESTERDAY        1.05R         1.05 2015   0.02   1.03     0.00
  MONTH TO DATE    1.80                      0.37   1.43     0.12
  SINCE OCT 1      6.32                      6.58  -0.26     3.74
  SINCE JAN 1      4.22                      3.46   0.76     2.91

SNOWFALL (IN)
  YESTERDAY        0.0           0.0  2002   0.0    0.0      0.0
                                      2001
                                      2000
  MONTH TO DATE    0.0                       0.0    0.0      0.0
  SINCE JAN 1      1.6                       8.6   -7.0     19.9
  SINCE JUL 1      1.6                      21.6  -20.0     19.9
  SNOW DEPTH       0

DEGREE DAYS
 HEATING
  YESTERDAY        0                         7     -7        0
  MONTH TO DATE   86                       201   -115      112
  SINCE MAR 1    925                      1356   -431     1127
  SINCE JUL 1   4507                      5883  -1376     5529

 COOLING
  YESTERDAY        6                         1      5        2
  MONTH TO DATE   26                        10     16       12
  SINCE MAR 1     26                        11     15       12
  SINCE JAN 1     26                        11     15       12
..................................................................


WIND (MPH)
  HIGHEST WIND SPEED    22   HIGHEST WIND DIRECTION    NE (30)
  HIGHEST GUST SPEED    27   HIGHEST GUST DIRECTION    NE (40)
  AVERAGE WIND SPEED     6.7


SKY COVER
  POSSIBLE SUNSHINE  MM
  AVERAGE SKY COVER 0.5


WEATHER CONDITIONS
 THE FOLLOWING WEATHER WAS RECORDED YESTERDAY.
  THUNDERSTORM
  RAIN
  LIGHT RAIN
  HAZE


RELATIVE HUMIDITY (PERCENT)
 HIGHEST    78          1000 PM
 LOWEST     25           300 PM
 AVERAGE    52

..........................................................


THE YAKIMA WA CLIMATE NORMALS FOR TODAY
                         NORMAL    RECORD    YEAR
 MAXIMUM TEMPERATURE (F)   74        95      1958
 MINIMUM TEMPERATURE (F)   44        27      1960


SUNRISE AND SUNSET
MAY 22 2015...........SUNRISE   521 AM PDT   SUNSET   838 PM PDT
MAY 23 2015...........SUNRISE   520 AM PDT   SUNSET   839 PM PDT


-  INDICATES NEGATIVE NUMBERS.
R  INDICATES RECORD WAS SET OR TIED.
MM INDICATES DATA IS MISSING.
T  INDICATES TRACE AMOUNT.




$$
