000
CDUS46 KPDT 010044
CLIYKM

CLIMATE REPORT
NATIONAL WEATHER SERVICE PENDLETON OR
544 PM PDT SUN AUG 31 2014


...................................

...THE YAKIMA WA CLIMATE SUMMARY FOR AUGUST 31 2014...
VALID TODAY AS OF 0500 PM LOCAL TIME.

CLIMATE NORMAL PERIOD 1981 TO 2010
CLIMATE RECORD PERIOD 1946 TO 2014


WEATHER ITEM   OBSERVED TIME   RECORD YEAR NORMAL DEPARTURE LAST
                VALUE   (LST)  VALUE       VALUE  FROM      YEAR
                                                  NORMAL
..................................................................
TEMPERATURE (F)
 TODAY
  MAXIMUM         78    142 PM  97    1998  83     -5       88
                                      1949
  MINIMUM         49    542 AM  37    1999  48      1       51
  AVERAGE         64                        66     -2       70

PRECIPITATION (IN)
  TODAY            0.00          0.10 1999   0.01  -0.01     0.00
  MONTH TO DATE    0.90                      0.26   0.64     0.19
  SINCE OCT 1      4.79                      7.89  -3.10     8.16
  SINCE JAN 1      3.96                      4.77  -0.81     4.36

SNOWFALL (IN)
  TODAY            0.0           0.0  2002   0.0    0.0      0.0
                                      2001
                                      1999
  MONTH TO DATE    0.0                       0.0    0.0      0.0
  SINCE JAN 1     19.9                       8.6   11.3      1.1
  SINCE JUL 1      0.0                       0.0    0.0      0.0
  SNOW DEPTH       0

DEGREE DAYS
 HEATING
  TODAY            1                         2     -1        0
  MONTH TO DATE    1                        28    -27        0
  SINCE JUN 1     36                       146   -110       39
  SINCE JUL 1      6                        48    -42        0

 COOLING
  TODAY            0                         3     -3        5
  MONTH TO DATE  294                       160    134      272
  SINCE JUN 1    804                       420    384      783
  SINCE JAN 1    827                       440    387      835
..................................................................


WIND (MPH)
  HIGHEST WIND SPEED    18   HIGHEST WIND DIRECTION     W (280)
  HIGHEST GUST SPEED    22   HIGHEST GUST DIRECTION     W (270)
  AVERAGE WIND SPEED     5.6


SKY COVER
  POSSIBLE SUNSHINE  MM
  AVERAGE SKY COVER 0.1


WEATHER CONDITIONS
 THE FOLLOWING WEATHER WAS RECORDED TODAY.
  NO SIGNIFICANT WEATHER WAS OBSERVED.


RELATIVE HUMIDITY (PERCENT)
 HIGHEST    77           600 AM
 LOWEST     25           200 PM
 AVERAGE    51

..........................................................


THE YAKIMA WA CLIMATE NORMALS FOR TOMORROW
                         NORMAL    RECORD    YEAR
 MAXIMUM TEMPERATURE (F)   83       100      1949
 MINIMUM TEMPERATURE (F)   48        36      2000


SUNRISE AND SUNSET
AUGUST 31 2014........SUNRISE   621 AM PDT   SUNSET   743 PM PDT
SEPTEMBER  1 2014.....SUNRISE   622 AM PDT   SUNSET   741 PM PDT


-  INDICATES NEGATIVE NUMBERS.
R  INDICATES RECORD WAS SET OR TIED.
MM INDICATES DATA IS MISSING.
T  INDICATES TRACE AMOUNT.

$$
