000
CDUS46 KPDT 180045
CLIYKM

CLIMATE REPORT
NATIONAL WEATHER SERVICE PENDLETON OR
543 PM PDT THU AUG 17 2017


...................................

...THE YAKIMA WA CLIMATE SUMMARY FOR AUGUST 17 2017...
VALID TODAY AS OF 0500 PM LOCAL TIME.

CLIMATE NORMAL PERIOD 1981 TO 2010
CLIMATE RECORD PERIOD 1946 TO 2017


WEATHER ITEM   OBSERVED TIME   RECORD YEAR NORMAL DEPARTURE LAST
                VALUE   (LST)  VALUE       VALUE  FROM      YEAR
                                                  NORMAL
..................................................................
TEMPERATURE (F)
 TODAY
  MAXIMUM         91    357 PM 103    2008  87      4       97
  MINIMUM         61    515 AM  41    1998  52      9       66
                                      1976
  AVERAGE         76                        69      7       82

PRECIPITATION (IN)
  TODAY            0.00          0.09 2005   0.01  -0.01     0.00
  MONTH TO DATE    0.12                      0.13  -0.01      T
  SINCE OCT 1     11.61                      7.76   3.85    10.54
  SINCE JAN 1      7.69                      4.64   3.05     5.89

SNOWFALL (IN)
  TODAY            0.0           0.0  2002   0.0    0.0      0.0
                                      2001
                                      1999
  MONTH TO DATE    0.0                       0.0    0.0      0.0
  SINCE JAN 1     29.1                       8.6   20.5     12.5
  SINCE JUL 1      0.0                       0.0    0.0      0.0
  SNOW DEPTH       0

DEGREE DAYS
 HEATING
  TODAY            0                         1     -1        0
  MONTH TO DATE    0                        10    -10        3
  SINCE JUN 1     51                       129    -78       71
  SINCE JUL 1      0                        31    -31        3

 COOLING
  TODAY           11                         5      6       17
  MONTH TO DATE  236                       108    128      151
  SINCE JUN 1    760                       368    392      610
  SINCE JAN 1    817                       388    429      649
..................................................................


WIND (MPH)
  HIGHEST WIND SPEED    14   HIGHEST WIND DIRECTION    NW (330)
  HIGHEST GUST SPEED    21   HIGHEST GUST DIRECTION    NW (330)
  AVERAGE WIND SPEED     5.0


SKY COVER
  POSSIBLE SUNSHINE  MM
  AVERAGE SKY COVER 0.0


WEATHER CONDITIONS
 THE FOLLOWING WEATHER WAS RECORDED TODAY.
  NO SIGNIFICANT WEATHER WAS OBSERVED.


RELATIVE HUMIDITY (PERCENT)
 HIGHEST    65           400 AM
 LOWEST     18           300 PM
 AVERAGE    42

..........................................................


THE YAKIMA WA CLIMATE NORMALS FOR TOMORROW
                         NORMAL    RECORD    YEAR
 MAXIMUM TEMPERATURE (F)   87       103      1977
 MINIMUM TEMPERATURE (F)   52        38      1995


SUNRISE AND SUNSET
AUGUST 17 2017........SUNRISE   603 AM PDT   SUNSET   808 PM PDT
AUGUST 18 2017........SUNRISE   605 AM PDT   SUNSET   806 PM PDT


-  INDICATES NEGATIVE NUMBERS.
R  INDICATES RECORD WAS SET OR TIED.
MM INDICATES DATA IS MISSING.
T  INDICATES TRACE AMOUNT.




$$
