000
CDUS41 KCLE 040545
CLIYNG


CLIMATE REPORT
NATIONAL WEATHER SERVICE CLEVELAND OH
145 AM EDT SAT JUL 4 2015


...................................

...THE YOUNGSTOWN OH CLIMATE SUMMARY FOR JULY 3 2015...

CLIMATE NORMAL PERIOD 1981 TO 2010
CLIMATE RECORD PERIOD 1897 TO 2015


WEATHER ITEM   OBSERVED TIME   RECORD YEAR NORMAL DEPARTURE LAST
                VALUE   (LST)  VALUE       VALUE  FROM      YEAR
                                                  NORMAL
..................................................................
TEMPERATURE (F)
 YESTERDAY
  MAXIMUM         77    407 PM  98    1898  81     -4       77
  MINIMUM         48    515 AM  43    1995  59    -11       58
  AVERAGE         63                        70     -7       68

PRECIPITATION (IN)
  YESTERDAY        T                         0.14  -0.14     0.11
  MONTH TO DATE    0.20                      0.41  -0.21     0.68
  SINCE JUN 1      9.22                      4.29   4.93     5.48
  SINCE JAN 1     24.20                     19.08   5.12    20.57

SNOWFALL (IN)
  YESTERDAY       MM                         0.0   MM        0.0
  MONTH TO DATE    0.0                       0.0    0.0      0.0
  SINCE JUN 1      0.0                       0.0    0.0      0.0
  SINCE JUL 1      0.0                       0.0    0.0      0.0
  SNOW DEPTH       0

DEGREE DAYS
 HEATING
  YESTERDAY        2                         1      1        0
  MONTH TO DATE    2                         3     -1        0
  SINCE JUN 1     44                        72    -28       28
  SINCE JUL 1      2                         3     -1        0

 COOLING
  YESTERDAY        0                         6     -6        3
  MONTH TO DATE    3                        18    -15       29
  SINCE JUN 1    113                       128    -15      182
  SINCE JAN 1    225                       167     58      237
..................................................................


WIND (MPH)
  HIGHEST WIND SPEED    10   HIGHEST WIND DIRECTION    SE (140)
  HIGHEST GUST SPEED    13   HIGHEST GUST DIRECTION    SE (150)
  AVERAGE WIND SPEED     4.3


SKY COVER
  POSSIBLE SUNSHINE  MM
  AVERAGE SKY COVER 0.7


WEATHER CONDITIONS
 THE FOLLOWING WEATHER WAS RECORDED YESTERDAY.
  LIGHT RAIN


RELATIVE HUMIDITY (PERCENT)
 HIGHEST    96           300 AM
 LOWEST     46           400 PM
 AVERAGE    71

..........................................................


THE YOUNGSTOWN OH CLIMATE NORMALS FOR TODAY
                         NORMAL    RECORD    YEAR
 MAXIMUM TEMPERATURE (F)   81        99      1897
 MINIMUM TEMPERATURE (F)   59        42      1968


SUNRISE AND SUNSET
JULY  4 2015..........SUNRISE   555 AM EDT   SUNSET   859 PM EDT
JULY  5 2015..........SUNRISE   555 AM EDT   SUNSET   859 PM EDT


-  INDICATES NEGATIVE NUMBERS.
R  INDICATES RECORD WAS SET OR TIED.
MM INDICATES DATA IS MISSING.
T  INDICATES TRACE AMOUNT.




$$
