049
CDUS41 KCLE 300526
CLIYNG


CLIMATE REPORT
NATIONAL WEATHER SERVICE CLEVELAND OH
125 AM EDT FRI SEP 30 2016


...................................

...THE YOUNGSTOWN OH CLIMATE SUMMARY FOR SEPTEMBER 29 2016...

CLIMATE NORMAL PERIOD 1981 TO 2010
CLIMATE RECORD PERIOD 1897 TO 2016


WEATHER ITEM   OBSERVED TIME   RECORD YEAR NORMAL DEPARTURE LAST
                VALUE   (LST)  VALUE       VALUE  FROM      YEAR
                                                  NORMAL
..................................................................
TEMPERATURE (F)
 YESTERDAY
  MAXIMUM         65    426 PM  90    1953  67     -2       70
  MINIMUM         58   1159 PM  27    1942  47     11       59
  AVERAGE         62                        57      5       65

PRECIPITATION (IN)
  YESTERDAY        1.08                      0.11   0.97     0.77
  MONTH TO DATE    3.68                      3.63   0.05     3.01
  SINCE SEP 1      3.68                      3.63   0.05     3.01
  SINCE JAN 1     32.18                     29.85   2.33    33.91

SNOWFALL (IN)
  YESTERDAY        0.0                       0.0    0.0      0.0
  MONTH TO DATE    0.0                       0.0    0.0      0.0
  SINCE SEP 1      0.0                       0.0    0.0      0.0
  SINCE JUL 1      0.0                       0.0    0.0      0.0
  SNOW DEPTH       0

DEGREE DAYS
 HEATING
  YESTERDAY        3                         9     -6        0
  MONTH TO DATE   35                       137   -102       42
  SINCE SEP 1     35                       137   -102       42
  SINCE JUL 1     41                       175   -134       71

 COOLING
  YESTERDAY        0                         1     -1        0
  MONTH TO DATE  116                        51     65      119
  SINCE SEP 1    116                        51     65      119
  SINCE JAN 1    859                       537    322      679
..................................................................


WIND (MPH)
  HIGHEST WIND SPEED    21   HIGHEST WIND DIRECTION    SE (120)
  HIGHEST GUST SPEED    28   HIGHEST GUST DIRECTION    SE (120)
  AVERAGE WIND SPEED    10.6


SKY COVER
  POSSIBLE SUNSHINE  MM
  AVERAGE SKY COVER 1.0


WEATHER CONDITIONS
 THE FOLLOWING WEATHER WAS RECORDED YESTERDAY.
  THUNDERSTORM
  RAIN
  LIGHT RAIN
  FOG


RELATIVE HUMIDITY (PERCENT)
 HIGHEST    93          1000 PM
 LOWEST     78          1200 AM
 AVERAGE    86

..........................................................


THE YOUNGSTOWN OH CLIMATE NORMALS FOR TODAY
                         NORMAL    RECORD    YEAR
 MAXIMUM TEMPERATURE (F)   66        86      1953
                                             1939
                                             1898
 MINIMUM TEMPERATURE (F)   46        32      1942


SUNRISE AND SUNSET
SEPTEMBER 30 2016.....SUNRISE   719 AM EDT   SUNSET   705 PM EDT
OCTOBER  1 2016.......SUNRISE   720 AM EDT   SUNSET   704 PM EDT


-  INDICATES NEGATIVE NUMBERS.
R  INDICATES RECORD WAS SET OR TIED.
MM INDICATES DATA IS MISSING.
T  INDICATES TRACE AMOUNT.




$$
