000
CDUS41 KCLE 202222
CLIYNG


CLIMATE REPORT
NATIONAL WEATHER SERVICE CLEVELAND OH
521 PM EST MON FEB 20 2017


...................................

...THE YOUNGSTOWN OH CLIMATE SUMMARY FOR FEBRUARY 20 2017...
VALID TODAY AS OF 0500 PM LOCAL TIME.

CLIMATE NORMAL PERIOD 1981 TO 2010
CLIMATE RECORD PERIOD 1897 TO 2017


WEATHER ITEM   OBSERVED TIME   RECORD YEAR NORMAL DEPARTURE LAST
                VALUE   (LST)  VALUE       VALUE  FROM      YEAR
                                                  NORMAL
..................................................................
TEMPERATURE (F)
 TODAY
  MAXIMUM         59    329 PM  65    2016  37     22       65
                                      1939
  MINIMUM         29    522 AM -16    2015  21      8       42
  AVERAGE         44                        29     15       54

PRECIPITATION (IN)
  TODAY            0.00                      0.07  -0.07     0.00
  MONTH TO DATE    1.65                      1.49   0.16     2.28
  SINCE DEC 1     10.57                      7.03   3.54     7.88
  SINCE JAN 1      7.00                      4.04   2.96     3.69

SNOWFALL (IN)
  TODAY            0.0                       0.4   -0.4      0.0
  MONTH TO DATE    6.0                       9.0   -3.0     17.3
  SINCE DEC 1     42.9                      40.6    2.3     29.9
  SINCE JUL 1     47.3                      45.0    2.3     30.3
  SNOW DEPTH       0

DEGREE DAYS
 HEATING
  TODAY           21                        36    -15       11
  MONTH TO DATE  612                       749   -137      723
  SINCE DEC 1   2693                      3043   -350     2612
  SINCE JUL 1   3665                      4372   -707     3614

 COOLING
  TODAY            0                         0      0        0
  MONTH TO DATE    0                         0      0        0
  SINCE DEC 1      0                         0      0        0
  SINCE JAN 1      0                         0      0        0
..................................................................


WIND (MPH)
  HIGHEST WIND SPEED     8   HIGHEST WIND DIRECTION     E (70)
  HIGHEST GUST SPEED    11   HIGHEST GUST DIRECTION     E (90)


SKY COVER
  POSSIBLE SUNSHINE  MM
  AVERAGE SKY COVER 0.6


WEATHER CONDITIONS
 THE FOLLOWING WEATHER WAS RECORDED TODAY.
  NO SIGNIFICANT WEATHER WAS OBSERVED.


RELATIVE HUMIDITY (PERCENT)
 HIGHEST    92           700 AM
 LOWEST     33           300 PM
 AVERAGE    63

..........................................................


THE YOUNGSTOWN OH CLIMATE NORMALS FOR TOMORROW
                         NORMAL    RECORD    YEAR
 MAXIMUM TEMPERATURE (F)   38        71      1997
 MINIMUM TEMPERATURE (F)   22        -9      1968


SUNRISE AND SUNSET
FEBRUARY 20 2017......SUNRISE   710 AM EST   SUNSET   603 PM EST
FEBRUARY 21 2017......SUNRISE   709 AM EST   SUNSET   604 PM EST


-  INDICATES NEGATIVE NUMBERS.
R  INDICATES RECORD WAS SET OR TIED.
MM INDICATES DATA IS MISSING.
T  INDICATES TRACE AMOUNT.




$$
