000
CDUS41 KPBZ 230703
CLIZZV


CLIMATE REPORT
NATIONAL WEATHER SERVICE PITTSBURGH PA
302 AM EDT TUE MAY 23 2017


...................................

...THE ZANESVILLE OH CLIMATE SUMMARY FOR MAY 22 2017...

CLIMATE NORMAL PERIOD 1981 TO 2010
CLIMATE RECORD PERIOD 1946 TO 2017


WEATHER ITEM   OBSERVED TIME   RECORD YEAR NORMAL DEPARTURE LAST
                VALUE   (LST)  VALUE       VALUE  FROM      YEAR
                                                  NORMAL
..................................................................
TEMPERATURE (F)
 YESTERDAY
  MAXIMUM         68   1259 AM  95    1941  74     -6       75
  MINIMUM         51   1159 PM  30    2002  51      0       49
  AVERAGE         60                        62     -2       62

PRECIPITATION (IN)
  YESTERDAY        0.00          1.36 1983   0.14  -0.14     0.00
  MONTH TO DATE    3.02                      2.91   0.11     2.44
  SINCE JUN 1     35.17                     36.58  -1.41    37.31
  SINCE JAN 1     16.55                     14.18   2.37    14.98

DEGREE DAYS
 HEATING
  YESTERDAY        5                         5      0        3
  MONTH TO DATE  136                       149    -13      152
  SINCE MAR 1   1069                      1315   -246      968
  SINCE JUL 1   4421                      5506  -1085     4314

 COOLING
  YESTERDAY        0                         2     -2        0
  MONTH TO DATE   32                        24      8       13
  SINCE MAR 1     63                        33     30       21
  SINCE JAN 1     64                        33     31       21
..................................................................


WIND (MPH)
  HIGHEST WIND SPEED    16   HIGHEST WIND DIRECTION     W (290)
  HIGHEST GUST SPEED    21   HIGHEST GUST DIRECTION     W (260)
  AVERAGE WIND SPEED     6.8


SKY COVER
  POSSIBLE SUNSHINE  MM
  AVERAGE SKY COVER 0.3


WEATHER CONDITIONS
 THE FOLLOWING WEATHER WAS RECORDED YESTERDAY.
  NO SIGNIFICANT WEATHER WAS OBSERVED.


RELATIVE HUMIDITY (PERCENT)
 HIGHEST    93           100 AM
 LOWEST     44           500 PM
 AVERAGE    69

..........................................................


THE ZANESVILLE OH CLIMATE NORMALS FOR TODAY
                         NORMAL    RECORD    YEAR
 MAXIMUM TEMPERATURE (F)   74        92      1941
                                             1939
 MINIMUM TEMPERATURE (F)   51        32      1963


SUNRISE AND SUNSET
MAY 23 2017...........SUNRISE   606 AM EDT   SUNSET   843 PM EDT
MAY 24 2017...........SUNRISE   605 AM EDT   SUNSET   844 PM EDT


-  INDICATES NEGATIVE NUMBERS.
R  INDICATES RECORD WAS SET OR TIED.
MM INDICATES DATA IS MISSING.
T  INDICATES TRACE AMOUNT.




$$
