000
CDUS41 KPBZ 202112
CLIZZV


CLIMATE REPORT
NATIONAL WEATHER SERVICE PITTSBURGH PA
511 PM EDT WED SEP 20 2017


...................................

...THE ZANESVILLE OH CLIMATE SUMMARY FOR SEPTEMBER 20 2017...
VALID TODAY AS OF 0500 PM LOCAL TIME.

CLIMATE NORMAL PERIOD 1981 TO 2010
CLIMATE RECORD PERIOD 1895 TO 2017


WEATHER ITEM   OBSERVED TIME   RECORD YEAR NORMAL DEPARTURE LAST
                VALUE   (LST)  VALUE       VALUE  FROM      YEAR
                                                  NORMAL
..................................................................
TEMPERATURE (F)
 TODAY
  MAXIMUM         82    359 PM  97    2002  74      8       88
  MINIMUM         63    340 AM  34    1962  51     12       55
                                      1956
  AVERAGE         73                        63     10       72

PRECIPITATION (IN)
  TODAY            0.07          1.12 1906   0.10  -0.03     0.00
  MONTH TO DATE    1.55                      2.00  -0.45     1.16
  SINCE JUN 1     13.44                     13.06   0.38     9.25
  SINCE JAN 1     31.56                     28.52   3.04    24.23

DEGREE DAYS
 HEATING
  TODAY            0                         4     -4        0
  MONTH TO DATE   48                        40      8        0
  SINCE SEP 1     48                        40      8        0
  SINCE JUL 1     52                        51      1        0

 COOLING
  TODAY            8                         2      6        7
  MONTH TO DATE   40                        67    -27      146
  SINCE SEP 1     40                        67    -27      146
  SINCE JAN 1    768                       744     24     1297
..................................................................


WIND (MPH)
  HIGHEST WIND SPEED     7   HIGHEST WIND DIRECTION     W (270)
  HIGHEST GUST SPEED     8   HIGHEST GUST DIRECTION    NW (300)
  AVERAGE WIND SPEED     0.3


SKY COVER
  POSSIBLE SUNSHINE  MM
  AVERAGE SKY COVER 0.7


WEATHER CONDITIONS
 THE FOLLOWING WEATHER WAS RECORDED TODAY.
  RAIN
  LIGHT RAIN
  FOG
  FOG W/VISIBILITY <= 1/4 MILE


RELATIVE HUMIDITY (PERCENT)
 HIGHEST   100           100 AM
 LOWEST     58           400 PM
 AVERAGE    79

..........................................................


THE ZANESVILLE OH CLIMATE NORMALS FOR TOMORROW
                         NORMAL    RECORD    YEAR
 MAXIMUM TEMPERATURE (F)   74        95      1895
 MINIMUM TEMPERATURE (F)   51        29      1962


SUNRISE AND SUNSET
SEPTEMBER 20 2017.....SUNRISE   713 AM EDT   SUNSET   728 PM EDT
SEPTEMBER 21 2017.....SUNRISE   714 AM EDT   SUNSET   726 PM EDT


-  INDICATES NEGATIVE NUMBERS.
R  INDICATES RECORD WAS SET OR TIED.
MM INDICATES DATA IS MISSING.
T  INDICATES TRACE AMOUNT.




$$
