000
CDUS41 KPBZ 092242
CLIZZV


CLIMATE REPORT
NATIONAL WEATHER SERVICE PITTSBURGH PA
540 PM EST TUE FEB 9 2016


...................................

...THE ZANESVILLE OH CLIMATE SUMMARY FOR FEBRUARY 9 2016...
VALID TODAY AS OF 0500 PM LOCAL TIME.

CLIMATE NORMAL PERIOD 1981 TO 2010
CLIMATE RECORD PERIOD 1946 TO 2016


WEATHER ITEM   OBSERVED TIME   RECORD YEAR NORMAL DEPARTURE LAST
                VALUE   (LST)  VALUE       VALUE  FROM      YEAR
                                                  NORMAL
..................................................................
TEMPERATURE (F)
 TODAY
  MAXIMUM         35   1247 AM  66    2001  40     -5       48
  MINIMUM         24    925 AM -13    1948  22      2       21
  AVERAGE         30                        31     -1       35

PRECIPITATION (IN)
  TODAY            0.10         MM      MM   0.07   0.03     0.03
  MONTH TO DATE    1.00                      0.70   0.30     0.61
  SINCE JUN 1     24.25                     25.76  -1.51    25.47
  SINCE JAN 1      1.92                      3.36  -1.44     3.06

DEGREE DAYS
 HEATING
  TODAY           35                        34      1       30
  MONTH TO DATE  233                       313    -80      317
  SINCE DEC 1   1913                      2439   -526     2424
  SINCE JUL 1   2755                      3580   -825     3731

 COOLING
  TODAY            0                         0      0        0
  MONTH TO DATE    0                         0      0        0
  SINCE DEC 1      0                         0      0        0
  SINCE JAN 1      0                         0      0        0
..................................................................


WIND (MPH)
  HIGHEST WIND SPEED    15   HIGHEST WIND DIRECTION     W (250)
  HIGHEST GUST SPEED    22   HIGHEST GUST DIRECTION    SW (240)
  AVERAGE WIND SPEED    10.4


SKY COVER
  POSSIBLE SUNSHINE  MM
  AVERAGE SKY COVER 1.0


WEATHER CONDITIONS
 THE FOLLOWING WEATHER WAS RECORDED TODAY.
  SNOW
  LIGHT SNOW
  FOG
  HAZE


RELATIVE HUMIDITY (PERCENT)
 HIGHEST    96          1200 AM
 LOWEST     75          1200 PM
 AVERAGE    86

..........................................................


THE ZANESVILLE OH CLIMATE NORMALS FOR TOMORROW
                         NORMAL    RECORD    YEAR
 MAXIMUM TEMPERATURE (F)   40        65      1965
 MINIMUM TEMPERATURE (F)   22        -9      1979


SUNRISE AND SUNSET
FEBRUARY  9 2016......SUNRISE   728 AM EST   SUNSET   556 PM EST
FEBRUARY 10 2016......SUNRISE   727 AM EST   SUNSET   557 PM EST


-  INDICATES NEGATIVE NUMBERS.
R  INDICATES RECORD WAS SET OR TIED.
MM INDICATES DATA IS MISSING.
T  INDICATES TRACE AMOUNT.




$$
