000
CDUS41 KPBZ 230705
CLIZZV


CLIMATE REPORT
NATIONAL WEATHER SERVICE PITTSBURGH PA
304 AM EDT SAT JUL 23 2016


...................................

...THE ZANESVILLE OH CLIMATE SUMMARY FOR JULY 22 2016...

CLIMATE NORMAL PERIOD 1981 TO 2010
CLIMATE RECORD PERIOD 1946 TO 2016


WEATHER ITEM   OBSERVED TIME   RECORD YEAR NORMAL DEPARTURE LAST
                VALUE   (LST)  VALUE       VALUE  FROM      YEAR
                                                  NORMAL
..................................................................
TEMPERATURE (F)
 YESTERDAY
  MAXIMUM         87    603 PM  96    2011  84      3       79
                                      1991
  MINIMUM         72    559 AM  49    1966  62     10       57
  AVERAGE         80                        73      7       68

PRECIPITATION (IN)
  YESTERDAY        T            MM      MM   0.12  -0.12     0.00
  MONTH TO DATE    1.59                      2.82  -1.23     2.28
  SINCE JUN 1      4.03                      6.86  -2.83     9.62
  SINCE JAN 1     19.01                     22.32  -3.31    25.52

DEGREE DAYS
 HEATING
  YESTERDAY        0                         0      0        0
  MONTH TO DATE    0                         0      0        0
  SINCE JUN 1      4                        32    -28       24
  SINCE JUL 1      0                         0      0        0

 COOLING
  YESTERDAY       15                         8      7        3
  MONTH TO DATE  252                       176     76      142
  SINCE JUN 1    532                       334    198      329
  SINCE JAN 1    626                       388    238      446
..................................................................


WIND (MPH)
  HIGHEST WIND SPEED    15   HIGHEST WIND DIRECTION    SW (210)
  HIGHEST GUST SPEED    19   HIGHEST GUST DIRECTION    SW (210)
  AVERAGE WIND SPEED     4.1


SKY COVER
  POSSIBLE SUNSHINE  MM
  AVERAGE SKY COVER 0.1


WEATHER CONDITIONS
 THE FOLLOWING WEATHER WAS RECORDED YESTERDAY.
  LIGHT RAIN


RELATIVE HUMIDITY (PERCENT)
 HIGHEST    84           300 AM
 LOWEST     50           500 PM
 AVERAGE    67

..........................................................


THE ZANESVILLE OH CLIMATE NORMALS FOR TODAY
                         NORMAL    RECORD    YEAR
 MAXIMUM TEMPERATURE (F)   84        96      1991
 MINIMUM TEMPERATURE (F)   62        41      1947


SUNRISE AND SUNSET
JULY 23 2016..........SUNRISE   618 AM EDT   SUNSET   849 PM EDT
JULY 24 2016..........SUNRISE   619 AM EDT   SUNSET   848 PM EDT


-  INDICATES NEGATIVE NUMBERS.
R  INDICATES RECORD WAS SET OR TIED.
MM INDICATES DATA IS MISSING.
T  INDICATES TRACE AMOUNT.




$$
