000
CDUS41 KPBZ 241228
CLIZZV


CLIMATE REPORT
NATIONAL WEATHER SERVICE PITTSBURGH PA
828 AM EDT SUN MAY 24 2015


...................................

...THE ZANESVILLE OH CLIMATE SUMMARY FOR MAY 24 2015...
VALID AS OF 0800 AM LOCAL TIME.

CLIMATE NORMAL PERIOD 1981 TO 2010
CLIMATE RECORD PERIOD 1946 TO 2015


WEATHER ITEM   OBSERVED TIME   RECORD YEAR NORMAL DEPARTURE LAST
                VALUE   (LST)  VALUE       VALUE  FROM      YEAR
                                                  NORMAL
..................................................................
TEMPERATURE (F)
 TODAY
  MAXIMUM         54    659 AM  88    1965
  MINIMUM         46    537 AM  32    1956  51     -5       44

PRECIPITATION (IN)
  TODAY            0.00         MM      MM   0.14  -0.14     0.00
  MONTH TO DATE    1.93                      3.19  -1.26     3.32
  SINCE JUN 1     37.73                     36.86   0.87    42.43
  SINCE JAN 1     15.32                     14.46   0.86    14.12

DEGREE DAYS
 HEATING
  TODAY           15

 COOLING
  TODAY            0
..................................................................







THE ZANESVILLE OH CLIMATE NORMALS FOR TOMORROW
                         NORMAL    RECORD    YEAR
 MAXIMUM TEMPERATURE (F)   75        89      1991
 MINIMUM TEMPERATURE (F)   52        31      2013


SUNRISE AND SUNSET
MAY 24 2015...........SUNRISE   605 AM EDT   SUNSET   844 PM EDT
MAY 25 2015...........SUNRISE   605 AM EDT   SUNSET   845 PM EDT


-  INDICATES NEGATIVE NUMBERS.
R  INDICATES RECORD WAS SET OR TIED.
MM INDICATES DATA IS MISSING.
T  INDICATES TRACE AMOUNT.




$$
