000
CDUS41 KPBZ 111339
CLIZZV


CLIMATE REPORT
NATIONAL WEATHER SERVICE PITTSBURGH PA
838 AM EST SUN DEC 11 2016


...................................

...THE ZANESVILLE OH CLIMATE SUMMARY FOR DECEMBER 11 2016...
VALID AS OF 0800 AM LOCAL TIME.

CLIMATE NORMAL PERIOD 1981 TO 2010
CLIMATE RECORD PERIOD 1946 TO 2016


WEATHER ITEM   OBSERVED TIME   RECORD YEAR NORMAL DEPARTURE LAST
                VALUE   (LST)  VALUE       VALUE  FROM      YEAR
                                                  NORMAL
..................................................................
TEMPERATURE (F)
 TODAY
  MAXIMUM         25    209 AM  65    2015
                                      2007
  MINIMUM         24    659 AM  -7    1958  26     -2       49

PRECIPITATION (IN)
  TODAY            0.09         MM      MM   0.09   0.00     0.00
  MONTH TO DATE    0.83                      0.98  -0.15     0.41
  SINCE JUN 1     15.19                     20.80  -5.61    19.41
  SINCE JAN 1     30.17                     36.26  -6.09    35.31

DEGREE DAYS
 HEATING
  TODAY           40

 COOLING
  TODAY            0
..................................................................







THE ZANESVILLE OH CLIMATE NORMALS FOR TOMORROW
                         NORMAL    RECORD    YEAR
 MAXIMUM TEMPERATURE (F)   41        71      2015
 MINIMUM TEMPERATURE (F)   25        -6      1962


SUNRISE AND SUNSET
DECEMBER 11 2016......SUNRISE   739 AM EST   SUNSET   503 PM EST
DECEMBER 12 2016......SUNRISE   740 AM EST   SUNSET   503 PM EST


-  INDICATES NEGATIVE NUMBERS.
R  INDICATES RECORD WAS SET OR TIED.
MM INDICATES DATA IS MISSING.
T  INDICATES TRACE AMOUNT.




$$
