000
CDUS41 KPBZ 040706
CLIZZV


CLIMATE REPORT
NATIONAL WEATHER SERVICE PITTSBURGH PA
305 AM EDT FRI SEP 4 2015


...................................

...THE ZANESVILLE OH CLIMATE SUMMARY FOR SEPTEMBER 3 2015...

CLIMATE NORMAL PERIOD 1981 TO 2010
CLIMATE RECORD PERIOD 1946 TO 2015


WEATHER ITEM   OBSERVED TIME   RECORD YEAR NORMAL DEPARTURE LAST
                VALUE   (LST)  VALUE       VALUE  FROM      YEAR
                                                  NORMAL
..................................................................
TEMPERATURE (F)
 YESTERDAY
  MAXIMUM         90   1255 PM 102    1953  81      9       83
  MINIMUM         67   1159 PM  38    1946  57     10       61
  AVERAGE         79                        69     10       72

PRECIPITATION (IN)
  YESTERDAY        0.28         MM      MM   0.10   0.18     0.00
  MONTH TO DATE    0.28                      0.30  -0.02     0.44
  SINCE JUN 1     10.95                     11.36  -0.41    14.29
  SINCE JAN 1     26.85                     26.82   0.03    28.62

DEGREE DAYS
 HEATING
  YESTERDAY        0                         1     -1        0
  MONTH TO DATE    0                         3     -3        0
  SINCE SEP 1      0                         3     -3        0
  SINCE JUL 1      8                        14     -6       21

 COOLING
  YESTERDAY       14                         5      9        7
  MONTH TO DATE   38                        15     23       27
  SINCE SEP 1     38                        15     23       27
  SINCE JAN 1    756                       692     64      668
..................................................................


WIND (MPH)
  HIGHEST WIND SPEED    15   HIGHEST WIND DIRECTION     N (20)
  HIGHEST GUST SPEED    24   HIGHEST GUST DIRECTION    NE (30)
  AVERAGE WIND SPEED     2.4


SKY COVER
  POSSIBLE SUNSHINE  MM
  AVERAGE SKY COVER 0.3


WEATHER CONDITIONS
 THE FOLLOWING WEATHER WAS RECORDED YESTERDAY.
  HEAVY RAIN
  RAIN
  LIGHT RAIN
  FOG
  HAZE


RELATIVE HUMIDITY (PERCENT)
 HIGHEST    93           500 AM
 LOWEST     44           100 PM
 AVERAGE    69

..........................................................


THE ZANESVILLE OH CLIMATE NORMALS FOR TODAY
                         NORMAL    RECORD    YEAR
 MAXIMUM TEMPERATURE (F)   80        98      1953
 MINIMUM TEMPERATURE (F)   57        40      1997


SUNRISE AND SUNSET
SEPTEMBER  4 2015.....SUNRISE   658 AM EDT   SUNSET   755 PM EDT
SEPTEMBER  5 2015.....SUNRISE   659 AM EDT   SUNSET   753 PM EDT


-  INDICATES NEGATIVE NUMBERS.
R  INDICATES RECORD WAS SET OR TIED.
MM INDICATES DATA IS MISSING.
T  INDICATES TRACE AMOUNT.




$$
