000
CXUS55 KABQ 012115 CCB
CLMABQ

ABQCLMABQ 000...CORRECTED...
TTAA00 KABQ 011452

CLIMATE REPORT
NATIONAL WEATHER SERVICE ALBUQUERQUE NM
851 AM MDT SUN OCT 1 2017

...................................

...THE ALBUQUERQUE  NM CLIMATE SUMMARY FOR THE MONTH OF SEPTEMBER
2017...

CLIMATE NORMAL PERIOD 1981 TO 2010
CLIMATE RECORD PERIOD 1891 TO 2017

WEATHER         OBSERVED          NORMAL  DEPART  LAST YEAR`S
                 VALUE   DATE(S)  VALUE   FROM    VALUE  DATE(S)
                                          NORMAL
................................................................
TEMPERATURE (F)
RECORD
 HIGH             100   09/05/1979
 LOW               35   09/29/1936
                        09/28/1936
                        09/27/1936
HIGHEST            94   09/04        92       2       92  09/09
                                                          09/05
LOWEST             49   09/27        44       5       42  09/24
                        09/9999
                        09/9999
AVG. MAXIMUM     83.6              80.7     2.9     83.2
AVG. MINIMUM     59.3              57.9     1.4     58.4
MEAN             71.5              69.3     2.2     70.8
DAYS MAX >= 90      5               1.2     3.8        2
DAYS MAX <= 32      0               0.0     0.0        0
DAYS MIN <= 32      0               0.0     0.0        0
DAYS MIN <= 0       0               0.0     0.0        0

PRECIPITATION (INCHES)
RECORD
 MAXIMUM         3.97   2013
 MINIMUM            T   1957
TOTALS           2.20              1.08    1.12     1.04
DAILY AVG.       0.07              0.04    0.03     0.03
DAYS >= .01         8               5.9     2.1        9
DAYS >= .10         3               2.6     0.4        2
DAYS >= .50         2               0.7     1.3        1
DAYS >= 1.00        0               0.1    -0.1        0
GREATEST
 24 HR. TOTAL    0.80   09/27 TO 09/27              0.58

SNOWFALL (INCHES)
RECORDS
 TOTAL              T   2006
TOTALS            0.0               0.0     0.0      0.0
SINCE 7/1         0.0               0.0     0.0      0.0
SNOWDEPTH AVG.      0                MM      MM        0
DAYS >= 1.0         0               0.0     0.0        0
GREATEST
 SNOW DEPTH         0   MM                             0  MM
 24 HR TOTAL      0.0   09/30 TO 09/30               0.0

DEGREE_DAYS
HEATING TOTAL      21                26      -5       14
 SINCE 7/1         21                26      -5       14
COOLING TOTAL     220               155      65      195
 SINCE 1/1       1530              1312     218     1507
.................................................................

WIND (MPH)
AVERAGE WIND SPEED              8.4
HIGHEST WIND SPEED/DIRECTION    41/260    DATE  09/28
HIGHEST GUST SPEED/DIRECTION    54/260    DATE  09/28

SKY COVER
POSSIBLE SUNSHINE (PERCENT)   MM
AVERAGE SKY COVER           0.40
NUMBER OF DAYS FAIR           15
NUMBER OF DAYS PC             12
NUMBER OF DAYS CLOUDY          3

AVERAGE RH (PERCENT)     41

WEATHER CONDITIONS. NUMBER OF DAYS WITH
THUNDERSTORM              0     MIXED PRECIP               0
HEAVY RAIN                3     RAIN                       4
LIGHT RAIN               12     FREEZING RAIN              0
LT FREEZING RAIN          0     HAIL                       1
HEAVY SNOW                0     SNOW                       0
LIGHT SNOW                0     SLEET                      0
FOG                       4     FOG W/VIS <= 1/4 MILE      0
HAZE                      0

-  INDICATES NEGATIVE NUMBERS.
R  INDICATES RECORD WAS SET OR TIED.
MM INDICATES DATA IS MISSING.
T  INDICATES TRACE AMOUNT.
____________________________________________________________

THE AVERAGE MAXIMUM TEMPERATURE AT THE ALBUQUERQUE SUNPORT IN
SEPTEMBER 2017 WAS 83.6 DEGREES. THE AVERAGE MINIMUM TEMPERATURE FOR
THE MONTH WAS 59.3 DEGREES.

THE HIGHEST TEMPERATURE FOR THE MONTH WAS 94 DEGREES WHICH OCCURRED
ON THE 4TH. THE LOWEST TEMPERATURE FOR THE MONTH WAS 49 DEGREES
WHICH OCCURRED ON THE 27TH.

TOTAL PRECIPITATION FOR THE MONTH OF SEPTEMBER 2017 WAS 2.20 INCHES
WHICH IS 1.12 INCHES ABOVE NORMAL.

THE AVERAGE WIND SPEED FOR THE MONTH WAS 8.4 MILES AN HOUR. THE PEAK
WIND SPEED FOR THE MONTH WAS 41 MILES AN HOUR, FROM THE WEST
SOUTHWEST, WHICH OCCURRED ON THE 28TH.

$$
