000
CXUS53 KABR 011738
CLMABR


CLIMATE REPORT
NATIONAL WEATHER SERVICE ABERDEEN SD
1129 AM CST SUN FEB 1 2015

...................................

...THE ABERDEEN SD CLIMATE SUMMARY FOR THE MONTH OF JANUARY 2015...

CLIMATE NORMAL PERIOD 1981 TO 2010
CLIMATE RECORD PERIOD 1893 TO 2015

WEATHER         OBSERVED          NORMAL  DEPART  LAST YEAR`S
                 VALUE   DATE(S)  VALUE   FROM    VALUE  DATE(S)
                                          NORMAL
................................................................
TEMPERATURE (F)
RECORD
 HIGH              63   01/05/2012
 LOW              -46   01/12/1912
HIGHEST            48   01/26        MM      MM       42  01/12
                        01/18
LOWEST            -19   01/12        MM      MM      -27  01/02
AVG. MAXIMUM     28.6              22.5     6.1     22.5
AVG. MINIMUM      7.8               1.5     6.3     -4.9
MEAN             18.2              12.0     6.2      8.8
DAYS MAX >= 90      0               0.0     0.0        0
DAYS MAX <= 32     16              22.6    -6.6       16
DAYS MIN <= 32     31              30.9     0.1       31
DAYS MIN <= 0      10              13.8    -3.8       21

PRECIPITATION (INCHES)
RECORD
 MAXIMUM         5.45   1897
 MINIMUM            T   1901
                        1900
                        1898
TOTALS           0.68              0.47    0.21     0.28
DAYS >= .01         8               5.8     2.2        9
DAYS >= .10         4               1.5     2.5        1
DAYS >= .50         0               0.0     0.0        0
DAYS >= 1.00        0               0.0     0.0        0

SNOWFALL (INCHES)
RECORDS
 TOTAL           26.2   MM
 SNOW DEPTH        30   MM
TOTALS            4.6               6.4    -1.8      7.4
SINCE 7/1        13.4              21.0    -7.6     22.9
SNOWDEPTH AVG.      1                 5      -4        3
DAYS >= TRACE       9               6.7     2.3       17
DAYS >= 1.0         2               1.8     0.2        3
GREATEST
 SNOW DEPTH         3   01/10                          5  01/03
                        01/09                             01/02
                        01/08                             01/01

DEGREE_DAYS
HEATING TOTAL    1441              1643    -202     1735
 SINCE 7/1       4800              5134    -334     5531
COOLING TOTAL       0                 0       0        0
 SINCE 1/1          0                 0       0        0

FREEZE DATES
RECORD
 EARLIEST     MM
 LATEST       MM
EARLIEST                        MM
LATEST                          MM
.................................................................

WIND (MPH)
AVERAGE WIND SPEED              10.9
RESULTANT WIND SPEED/DIRECTION   4/302
HIGHEST WIND SPEED/DIRECTION    45/320    DATE  01/08
HIGHEST GUST SPEED/DIRECTION    58/330    DATE  01/08

SKY COVER
POSSIBLE SUNSHINE (PERCENT)   MM
AVERAGE SKY COVER           0.40
NUMBER OF DAYS FAIR           15
NUMBER OF DAYS PC             10
NUMBER OF DAYS CLOUDY          6

AVERAGE RH (PERCENT)     75

WEATHER CONDITIONS. NUMBER OF DAYS WITH
THUNDERSTORM              0     MIXED PRECIP               0
HEAVY RAIN                0     RAIN                       0
LIGHT RAIN                2     FREEZING RAIN              0
LT FREEZING RAIN          1     HAIL                       0
HEAVY SNOW                1     SNOW                       2
LIGHT SNOW                9     SLEET                      0
FOG                      11     FOG W/VIS <= 1/4 MILE      1
HAZE                      5

-  INDICATES NEGATIVE NUMBERS.
R  INDICATES RECORD WAS SET OR TIED.
MM INDICATES DATA IS MISSING.
T  INDICATES TRACE AMOUNT.

$$
