000
CXUS51 KPHI 031237 CCA
CLMACY

CLIMATE REPORT
NATIONAL WEATHER SERVICE MOUNT HOLLY NJ
723 AM EST TUE MAR 3 2015

...................................

...THE ATLANTIC CITY CLIMATE SUMMARY FOR THE MONTH OF FEBRUARY 2015...

CLIMATE NORMAL PERIOD 1981 TO 2010
CLIMATE RECORD PERIOD 1874 TO 2015

WEATHER         OBSERVED          NORMAL  DEPART  LAST YEAR`S
                 VALUE   DATE(S)  VALUE   FROM    VALUE  DATE(S)
                                          NORMAL
................................................................
TEMPERATURE (F)
RECORD
 HIGH              75   02/24/1985
 LOW              -11   02/12/1979
HIGHEST            59   02/08        63      -4       64  02/23
LOWEST             -6   02/21         7     -13        7  02/28
AVG. MAXIMUM     34.9              44.3    -9.4     41.6
AVG. MINIMUM     13.9              26.4   -12.5     22.6
MEAN             24.4              35.3   -10.9     32.1
DAYS MAX >= 90      0               0.0     0.0        0
DAYS MAX <= 32     10               2.7     7.3        6
DAYS MIN <= 32     27              20.5     6.5       25
DAYS MIN <= 0       2               0.1     1.9        0

PRECIPITATION (INCHES)
RECORD
 MAXIMUM         6.86   1958
 MINIMUM         0.68   2009
TOTALS           2.78              2.87   -0.09     5.30
DAILY AVG.       0.10              0.10    0.00     0.19
DAYS >= .01         8               9.5    -1.5       15
DAYS >= .10         6               5.8     0.2        7
DAYS >= .50         2               2.0     0.0        3
DAYS >= 1.00        1               0.7     0.3        3
GREATEST
 24 HR. TOTAL    1.10   02/02 TO 02/02              1.95

SNOWFALL (INCHES)
RECORDS
 TOTAL             MM   5
 24 HR TOTAL       MM
TOTALS            9.8               6.7     3.1      6.1
SINCE 7/1        15.0              15.1    -0.1     28.2
SNOWDEPTH AVG.      1                 2      -1        0
DAYS >= 1.0         4               1.6     2.4        3
GREATEST
 SNOW DEPTH         4   02/17                          1  02/14
                                                          02/11
                                                          02/10
 24 HR TOTAL      3.7   MM                           1.5

DEGREE_DAYS
HEATING TOTAL    1128               830     298      915
 SINCE 7/1       3875              3591     284     3863
COOLING TOTAL       0                 0       0        0
 SINCE 1/1          0                 0       0        0
.................................................................

WIND (MPH)
AVERAGE WIND SPEED              10.2
HIGHEST WIND SPEED/DIRECTION    43/310    DATE  02/15
HIGHEST GUST SPEED/DIRECTION    52/300    DATE  02/15

SKY COVER
POSSIBLE SUNSHINE (PERCENT)   MM
AVERAGE SKY COVER           0.40
NUMBER OF DAYS FAIR           16
NUMBER OF DAYS PC              9
NUMBER OF DAYS CLOUDY          3

AVERAGE RH (PERCENT)     63

WEATHER CONDITIONS. NUMBER OF DAYS WITH
THUNDERSTORM              0     MIXED PRECIP               0
HEAVY RAIN                0     RAIN                       4
LIGHT RAIN                3     FREEZING RAIN              0
LT FREEZING RAIN          2     HEAVY SNOW                 3
SNOW                      4     LIGHT SNOW                 9
SLEET                     0     FOG                       13
FOG W/VIS <= 1/4 MILE     3     HAZE                       3

-  INDICATES NEGATIVE NUMBERS.
R  INDICATES RECORD WAS SET OR TIED.
MM INDICATES DATA IS MISSING.
T  INDICATES TRACE AMOUNT.

$$
