000
CXUS52 KCAE 011522
CLMAGS


CLIMATE REPORT
NATIONAL WEATHER SERVICE COLUMBIA SC
1120 AM EDT WED JUL 1 2015

...................................

...THE AUGUSTA BUSH FIELD GA CLIMATE SUMMARY FOR THE MONTH OF JUNE 2015...

CLIMATE NORMAL PERIOD 1981 TO 2010
CLIMATE RECORD PERIOD 1873 TO 2015

WEATHER         OBSERVED          NORMAL  DEPART
                 VALUE   DATE(S)  VALUE   FROM
                                          NORMAL
................................................
TEMPERATURE (F)
RECORD
 HIGH             106   06/30/2012
                        06/29/2012
                        06/29/2012
 LOW               46   06/01/1889
HIGHEST           101   06/22        MM      MM
LOWEST             59   06/29        MM      MM
AVG. MAXIMUM     93.1              91.0     2.1
AVG. MINIMUM     68.1              66.2     1.9
MEAN             80.6              78.6     2.0
DAYS MAX >= 90     23              17.9     5.1
DAYS MAX <= 32      0               0.0     0.0
DAYS MIN <= 32      0               0.0     0.0
DAYS MIN <= 0       0               0.0     0.0

PRECIPITATION (INCHES)
RECORD
 MAXIMUM        10.83   2013
 MINIMUM         0.68   1984
TOTALS           3.50              4.72   -1.22
DAILY AVG.       0.12              0.16   -0.04
DAYS >= .01        11              11.0     0.0
DAYS >= .10         9               7.1     1.9
DAYS >= .50         2               3.3    -1.3
DAYS >= 1.00        0               1.5    -1.5
GREATEST
 24 HR. TOTAL    1.10   06/03 TO 06/04
 STORM TOTAL       MM
 (MM/DD(HH))            MM

SNOWFALL (INCHES)
RECORDS
 TOTAL             MM   MM
TOTALS            0.0               0.0     0.0
SINCE 7/1           T               0.9    -0.9
DAYS >= TRACE       0               0.0     0.0
DAYS >= 1.0         0               0.0     0.0
GREATEST
 SNOW DEPTH         0   MM

DEGREE_DAYS
HEATING TOTAL       0                 0       0
 SINCE 7/1       2563              2471      92
COOLING TOTAL     479               408      71
 SINCE 1/1        840               691     149

FREEZE DATES
RECORD
 EARLIEST     MM
 LATEST       MM
EARLIEST      03/04             MM
LATEST        03/29             MM
.................................................

WIND (MPH)
AVERAGE WIND SPEED              4.8
RESULTANT WIND SPEED/DIRECTION   2/222
HIGHEST WIND SPEED/DIRECTION    35/250    DATE  06/30
HIGHEST GUST SPEED/DIRECTION    48/230    DATE  06/30

SKY COVER
POSSIBLE SUNSHINE (PERCENT)   MM
AVERAGE SKY COVER           0.20
NUMBER OF DAYS FAIR           23
NUMBER OF DAYS PC              7
NUMBER OF DAYS CLOUDY          0

AVERAGE RH (PERCENT)     70

WEATHER CONDITIONS. NUMBER OF DAYS WITH
THUNDERSTORM             16     MIXED PRECIP               0
HEAVY RAIN                6     RAIN                       9
LIGHT RAIN               18     FREEZING RAIN              0
LT FREEZING RAIN          0     HAIL                       0
HEAVY SNOW                0     SNOW                       0
LIGHT SNOW                0     SLEET                      0
FOG                      23     FOG W/VIS <= 1/4 MILE      2
HAZE                      2

-  INDICATES NEGATIVE NUMBERS.
R  INDICATES RECORD WAS SET OR TIED.
MM INDICATES DATA IS MISSING.
T  INDICATES TRACE AMOUNT.

$$
