000
CXUS55 KPUB 012208 CCA
CLMALS

CLIMATE REPORT...CORRECTION
NATIONAL WEATHER SERVICE PUEBLO
1043 AM MST FRI DEC 1 2017

...................................

...THE ALAMOSA CO CLIMATE SUMMARY FOR THE MONTH OF NOVEMBER 2017...

CLIMATE NORMAL PERIOD 1981 TO 2010
CLIMATE RECORD PERIOD 1932 TO 2017

WEATHER         OBSERVED          NORMAL  DEPART  LAST YEAR`S
                 VALUE   DATE(S)  VALUE   FROM    VALUE  DATE(S)
                                          NORMAL
................................................................
TEMPERATURE (F)
RECORD
 HIGH              71   11/10/1980
                        11/09/1980
 LOW              -30   11/27/1952
HIGHEST            67   11/14        53      14       67  11/16
                        11/24
LOWEST              4   11/19         5      -1       -5  11/30
AVG. MAXIMUM     57.7              46.9    10.8     52.9
AVG. MINIMUM     19.0              12.1     6.9     13.9
MEAN             38.4              29.5     8.9     33.4
DAYS MAX >= 90      0               0.0     0.0
DAYS MAX <= 32      0               2.8    -2.8
DAYS MIN <= 32     27              29.5    -2.5
DAYS MIN <= 0       0               3.1    -3.1

PRECIPITATION (INCHES)
RECORD
 MAXIMUM         1.63   2013
 MINIMUM         0.00   1936
                        1907
TOTALS           0.05              0.42   -0.37     0.44
DAILY AVG.       0.00              0.01   -0.01
DAYS >= .01         2               3.9    -1.9
DAYS >= .10         0               1.3    -1.3
DAYS >= .50         0               0.1    -0.1
DAYS >= 1.00        0               0.0     0.0
GREATEST
 24 HR. TOTAL    0.04   11/17 TO 11/18

SNOWFALL (INCHES)
RECORDS
 TOTAL           20.0   1940
TOTALS            0.4               3.7    -3.3      1.0
SINCE 7/1         0.4               5.8    -5.4      1.0
SNOWDEPTH AVG.      0
DAYS >= 1.0         0               1.2    -1.2
GREATEST
 SNOW DEPTH         T   11/08                         -1
 24 HR TOTAL      0.2   11/08                        1.0

DEGREE_DAYS
HEATING TOTAL     791              1065    -274      941
 SINCE 7/1       1766              2175    -409     1864
COOLING TOTAL       0                 0       0        0
 SINCE 1/1         76                51      25      115
.................................................................

WIND (MPH)
AVERAGE WIND SPEED              7.2
HIGHEST WIND SPEED/DIRECTION    35/250    DATE  11/17
HIGHEST GUST SPEED/DIRECTION    45/320    DATE  11/18

SKY COVER
POSSIBLE SUNSHINE (PERCENT)   MM
AVERAGE SKY COVER           0.10
NUMBER OF DAYS FAIR           28
NUMBER OF DAYS PC              2
NUMBER OF DAYS CLOUDY          0

AVERAGE RH (PERCENT)     53

WEATHER CONDITIONS. NUMBER OF DAYS WITH
THUNDERSTORM              0     MIXED PRECIP               0
HEAVY RAIN                0     RAIN                       0
LIGHT RAIN                3     FREEZING RAIN              0
LT FREEZING RAIN          0     HAIL                       0
HEAVY SNOW                0     SNOW                       0
LIGHT SNOW                3     SLEET                      0
FOG                       4     FOG W/VIS <= 1/4 MILE      0
HAZE                      3

-  INDICATES NEGATIVE NUMBERS.
R  INDICATES RECORD WAS SET OR TIED.
MM INDICATES DATA IS MISSING.
T  INDICATES TRACE AMOUNT.

$$
