000
CXUS54 KAMA 011440
CLMAMA
CLIMATE REPORT
NATIONAL WEATHER SERVICE AMARILLO
940 AM CDT MON APR 01 2024
...................................
...THE AMARILLO CLIMATE SUMMARY FOR THE MONTH OF MARCH 2024...
CLIMATE NORMAL PERIOD: 1991 TO 2020
CLIMATE RECORD PERIOD: 1892 TO 2024
WEATHER OBSERVED NORMAL DEPART LAST YEAR`S
VALUE DATE(S) VALUE FROM VALUE DATE(S)
NORMAL
................................................................
TEMPERATURE (F)
RECORD
HIGH 96 03/20/1907
03/19/1907
LOW -3 03/11/1948
HIGHEST 79 03/29 82 03/30
03/30
03/31
LOWEST 24 03/26 20 03/19
AVG. MAXIMUM 65.9 64.8 1.1 63.5
AVG. MINIMUM 35.9 34.8 1.1 34.7
MEAN 50.9 49.8 1.1 49.1
DAYS MAX >= 90 0 0.1 -0.1 0
DAYS MAX <= 32 0 0.5 -0.5 0
DAYS MIN <= 32 11 12.6 -1.6 11
DAYS MIN <= 0 0 0.0 0.0 0
PRECIPITATION (INCHES)
RECORD
MAXIMUM 4.14 2000
MINIMUM T 1950
TOTALS 0.24 1.27 -1.03 0.43
DAILY AVG. 0.01 0.04 -0.03 0.01
DAYS >= .01 5 5.5 -0.5 4
DAYS >= .10 1 3.0 -2.0 1
DAYS >= .50 0 0.7 -0.7 0
DAYS >= 1.00 0 0.2 -0.2 0
GREATEST
24 HR. TOTAL 0.16 03/16 TO 03/16
SNOWFALL (INCHES)
RECORDS
TOTAL 21.5 1934
TOTALS 0.1 1.9 -1.8 0.4
SINCE 7/1 8.4 16.5 -8.1 MM
DAYS >= TRACE 2 1.5 0.5 2
DAYS >= 1.0 0 0.6 -0.6 0
GREATEST
SNOW DEPTH 0
24 HR TOTAL MM
DEGREE DAYS
HEATING TOTAL 430 476 -46 484
SINCE 7/1 3234 3540 -306 MM
COOLING TOTAL 0 5 -5 0
SINCE 1/1 2 5 -3 MM
................................................................
WIND (MPH)
AVERAGE WIND SPEED 13.9
HIGHEST WIND SPEED/DIRECTION 46/230 DATE 03/24
HIGHEST GUST SPEED/DIRECTION 64/230 DATE 03/24
SKY COVER
POSSIBLE SUNSHINE (PERCENT) MM
NUMBER OF DAYS FAIR 24
NUMBER OF DAYS PC 2
NUMBER OF DAYS CLOUDY 5
AVERAGE RH (PERCENT) 53
WEATHER CONDITIONS. NUMBER OF DAYS WITH
THUNDERSTORM 1 MIXED PRECIP 0
HEAVY RAIN 0 RAIN 1
LIGHT RAIN 5 FREEZING RAIN 0
LT FREEZING RAIN 0 HAIL 0
HEAVY SNOW 0 SNOW 1
LIGHT SNOW 2 SLEET 0
FOG 7 FOG W/VIS <= 1/4 MILE 1
HAZE 1
- INDICATES NEGATIVE NUMBERS.
R INDICATES RECORD WAS SET OR TIED.
MM INDICATES DATA IS MISSING.
T INDICATES TRACE AMOUNT.
$$