203
CXUS54 KAMA 011609
CLMAMA


CLIMATE REPORT
NATIONAL WEATHER SERVICE AMARILLO TX
1108 AM CDT TUE AUG 1 2017

...................................

...THE AMARILLO CLIMATE SUMMARY FOR THE MONTH OF JULY 2017...

CLIMATE NORMAL PERIOD 1981 TO 2010
CLIMATE RECORD PERIOD 1892 TO 2017

WEATHER         OBSERVED          NORMAL  DEPART  LAST YEAR`S
                 VALUE   DATE(S)  VALUE   FROM    VALUE  DATE(S)
                                          NORMAL
................................................................
TEMPERATURE (F)
RECORD
 HIGH             108   07/11/2016
 LOW               51   07/14/1990
                        07/09/1905
HIGHEST           100   07/26                        108  07/11
LOWEST             57   07/04                         60  07/28
AVG. MAXIMUM     94.3              91.4     2.9     97.6
AVG. MINIMUM     65.8              65.2     0.6     67.9
MEAN             80.1              78.3     1.8     82.8
DAYS MAX >= 90     28              19.8     8.2       31
DAYS MAX <= 32      0               0.0     0.0        0
DAYS MIN <= 32      0               0.0     0.0        0
DAYS MIN <= 0       0               0.0     0.0        0

PRECIPITATION (INCHES)
RECORD
 MAXIMUM         8.02   2010
 MINIMUM         0.04   2001
TOTALS           3.83              2.84    0.99     3.51
DAILY AVG.       0.12              0.09    0.03     0.11
DAYS >= .01         9               7.2     1.8        5
DAYS >= .10         4               4.0     0.0        4
DAYS >= .50         3               1.7     1.3        2
DAYS >= 1.00        2               0.9     1.1        2
GREATEST
 24 HR. TOTAL    1.67   07/29 TO 07/29

SNOWFALL (INCHES)
RECORDS
 TOTAL              T   2017
                        2016
                        2009
TOTALS              TR              0.0     0.0        T
SINCE 7/1           T               0.0     0.0        T
DAYS >= TRACE       1               0.0     1.0        1
DAYS >= 1.0         0               0.0     0.0        0
GREATEST
 SNOW DEPTH         0   MM
 24 HR TOTAL        T   07/29 TO 07/29

DEGREE_DAYS
HEATING TOTAL       0                 0       0        0
 SINCE 7/1          0                 0       0        0
COOLING TOTAL     477               412      65      561
 SINCE 1/1        974               825     149     1025
.................................................................

WIND (MPH)
AVERAGE WIND SPEED              11.4
HIGHEST WIND SPEED/DIRECTION    40/140    DATE  07/16
HIGHEST GUST SPEED/DIRECTION    51/130    DATE  07/16

SKY COVER
POSSIBLE SUNSHINE (PERCENT)   MM
NUMBER OF DAYS FAIR           27
NUMBER OF DAYS PC              4
NUMBER OF DAYS CLOUDY          0

AVERAGE RH (PERCENT)     55

WEATHER CONDITIONS. NUMBER OF DAYS WITH
THUNDERSTORM              0     MIXED PRECIP               0
HEAVY RAIN                3     RAIN                       5
LIGHT RAIN               11     FREEZING RAIN              0
LT FREEZING RAIN          0     HAIL                       0
HEAVY SNOW                0     SNOW                       0
LIGHT SNOW                0     SLEET                      0
FOG                       5     FOG W/VIS <= 1/4 MILE      1
HAZE                      2

-  INDICATES NEGATIVE NUMBERS.
R  INDICATES RECORD WAS SET OR TIED.
MM INDICATES DATA IS MISSING.
T  INDICATES TRACE AMOUNT.

$$
