538
CXUS54 KBMX 011622
CLMANB


CLIMATE REPORT
NATIONAL WEATHER SERVICE BIRMINGHAM, AL
1022 AM CST SUN JAN 1 2017

...................................

...THE ANNISTON CLIMATE SUMMARY FOR THE MONTH OF DECEMBER 2016...

CLIMATE NORMAL PERIOD 1981 TO 2010
CLIMATE RECORD PERIOD 1903 TO 2016

WEATHER         OBSERVED          NORMAL  DEPART  LAST YEAR`S
                 VALUE   DATE(S)  VALUE   FROM    VALUE  DATE(S)
                                          NORMAL
................................................................
TEMPERATURE (F)
RECORD
 HIGH              80   12/07/1951
 LOW                1   12/13/1962
HIGHEST            77   12/25        MM      MM       78  12/26
                                                          12/25
LOWEST             21   12/10        MM      MM       25  12/19
AVG. MAXIMUM     59.3              55.8     3.5     66.6
AVG. MINIMUM     38.3              35.3     3.0     46.8
MEAN             48.8                               56.7
DAYS MAX >= 90      0               0.0     0.0        0
DAYS MAX <= 32      0               0.4    -0.4        0
DAYS MIN <= 32     12              12.9    -0.9        4
DAYS MIN <= 0       0               0.0     0.0        0

PRECIPITATION (INCHES)
RECORD
 MAXIMUM        10.32   1983
 MINIMUM         0.71   1980
TOTALS           2.64              4.12   -1.48     9.29
DAILY AVG.       0.09              0.13   -0.04
DAYS >= .01         9               9.7    -0.7
DAYS >= .10         7               6.8     0.2
DAYS >= .50         0               3.0    -3.0
DAYS >= 1.00        0               1.1    -1.1

DEGREE_DAYS
HEATING TOTAL     494               605    -111      282
 SINCE 7/1        767              1102    -335      573
.................................................................

WIND (MPH)
AVERAGE WIND SPEED              5.8
HIGHEST WIND SPEED/DIRECTION    23/250    DATE  12/18
HIGHEST GUST SPEED/DIRECTION    34/290    DATE  12/29

AVERAGE RH (PERCENT)     69

WEATHER CONDITIONS. NUMBER OF DAYS WITH
THUNDERSTORM              0     MIXED PRECIP               0
HEAVY RAIN                1     RAIN                       5
LIGHT RAIN               10     FREEZING RAIN              0
LT FREEZING RAIN          0     HAIL                       0
HEAVY SNOW                0     SNOW                       0
LIGHT SNOW                0     SLEET                      0
FOG                      16     FOG W/VIS <= 1/4 MILE      1
HAZE                      2

-  INDICATES NEGATIVE NUMBERS.
R  INDICATES RECORD WAS SET OR TIED.
MM INDICATES DATA IS MISSING.
T  INDICATES TRACE AMOUNT.

$$
