000
CXUS53 KAPX 010603
CLMANJ


CLIMATE REPORT
NATIONAL WEATHER SERVICE GAYLORD MI
102 AM EST SUN FEB 1 2015

...................................

...THE SAULT STE MARIE MI CLIMATE SUMMARY FOR THE MONTH OF JANUARY 2015...

CLIMATE NORMAL PERIOD 1981 TO 2010
CLIMATE RECORD PERIOD 1888 TO 2015

WEATHER         OBSERVED          NORMAL  DEPART  LAST YEAR`S
                 VALUE   DATE(S)  VALUE   FROM    VALUE  DATE(S)
                                          NORMAL
................................................................
TEMPERATURE (F)
RECORD
 HIGH              54   01/07/1932
 LOW              -36   01/10/1982
HIGHEST            35   01/24        MM      MM       37  01/13
LOWEST            -14   01/07        MM      MM      -18  01/21
AVG. MAXIMUM     20.7              23.0    -2.3     16.7
AVG. MINIMUM      1.9               7.6    -5.7      2.1
MEAN             11.3              15.3    -4.0      9.4
DAYS MAX >= 90      0               0.0     0.0        0
DAYS MAX <= 32     29              23.9     5.1       28
DAYS MIN <= 32     31              30.3     0.7       31
DAYS MIN <= 0      16               9.0     7.0       15

PRECIPITATION (INCHES)
RECORD
 MAXIMUM           MM   MM
 MINIMUM           MM   MM
TOTALS           2.00              2.19   -0.19     2.59
DAILY AVG.       0.06              0.07   -0.01     0.08
DAYS >= .01        20              18.4     1.6       22
DAYS >= .10         9               7.0     2.0       12
DAYS >= .50         1               0.7     0.3        0
DAYS >= 1.00        0               0.1    -0.1        0
GREATEST
 24 HR. TOTAL    0.51   01/23 TO 01/23
                        01/22 TO 01/23
                        01/23 TO 01/23
 STORM TOTAL       MM
 (MM/DD(HH))            MM

SNOWFALL (INCHES)
RECORDS
 TOTAL             MM   MM
TOTALS           27.8              31.4    -3.6     35.5
SINCE 7/1       129.0              81.6    47.4     90.2
SNOWDEPTH AVG.     18                15       3       19
DAYS >= TRACE      27              19.6     7.4       29
DAYS >= 1.0        12               9.6     2.4       13
GREATEST
 SNOW DEPTH        22   01/31                         27  01/31
                        01/30
                        01/24
 24 HR TOTAL      3.9   MM                           5.2

DEGREE_DAYS
HEATING TOTAL    1658              1541     117
 SINCE 7/1       5049              4800     249

FREEZE DATES
RECORD
 EARLIEST     MM
 LATEST       MM
EARLIEST                        MM
LATEST                          MM
.................................................................

WIND (MPH)
AVERAGE WIND SPEED              7.3
HIGHEST WIND SPEED/DIRECTION    28/240    DATE  01/23
HIGHEST GUST SPEED/DIRECTION    39/240    DATE  01/23

SKY COVER
POSSIBLE SUNSHINE (PERCENT)   MM
AVERAGE SKY COVER           0.70
NUMBER OF DAYS FAIR            5
NUMBER OF DAYS PC             10
NUMBER OF DAYS CLOUDY         16

AVERAGE RH (PERCENT)     72

WEATHER CONDITIONS. NUMBER OF DAYS WITH
THUNDERSTORM              0     MIXED PRECIP               0
HEAVY RAIN                0     RAIN                       0
LIGHT RAIN                0     FREEZING RAIN              0
LT FREEZING RAIN          2     HAIL                       0
HEAVY SNOW                6     SNOW                       9
LIGHT SNOW               26     SLEET                      0
FOG                      16     FOG W/VIS <= 1/4 MILE      2
HAZE                     18

-  INDICATES NEGATIVE NUMBERS.
R  INDICATES RECORD WAS SET OR TIED.
MM INDICATES DATA IS MISSING.
T  INDICATES TRACE AMOUNT.

$$
