000
CXAK57 PANT 021443
CLMANN

CLIMATE REPORT
NATIONAL WEATHER SERVICE ANNETTE, AK
643 AM AKDT TUE SEP 2 2014

...................................

...THE ANNETTE WSO AP CLIMATE SUMMARY FOR THE MONTH OF AUGUST 2014...

CLIMATE NORMAL PERIOD 1981 TO 2010
CLIMATE RECORD PERIOD 1948 TO 2014

WEATHER         OBSERVED          NORMAL  DEPART  LAST YEAR`S
                 VALUE   DATE(S)  VALUE   FROM    VALUE  DATE(S)
                                          NORMAL
................................................................
TEMPERATURE (F)
RECORD
 HIGH              90   8/08/1960
 LOW               40   8/31/1973
HIGHEST            78   8/22         78       0      77  8/10
LOWEST             48                46       2      49  8/28
AVG. MAXIMUM       67.5              64.7     2.8    66.1
AVG. MINIMUM       53.8              53.1     0.7    54.0
MEAN               60.7              58.9     1.8    60.0
DAYS MAX >= 90      0                 0.0     0.0     0
DAYS MAX <= 32      0                 0.0     0.0     0
DAYS MAX >= 80      0                 0.9    -0.9     0
DAYS MAX >= 70     12                 6.1     5.9     8
DAYS MIN <= 32      0                 0.0     0.0     0
DAYS MIN <= 0       0                 0.0     0.0     0

PRECIPITATION (INCHES)
RECORD
 MAXIMUM           20.72   1958
 MINIMUM            0.71   1954
TOTALS              5.93              6.96   -1.03    4.71
DAILY AVG.          0.19              0.23   -0.04    0.15
DAYS >= .01        14                15.9    -1.9    18
DAYS >= .10        11                10.8     0.2    12
DAYS >= .50         5                 4.7     0.3     4
DAYS >= 1.0         2                 2.3    -0.3     0
GREATEST
 24 HR TOTAL        1.09   8/09                       0.84  8/30

SNOWFALL (INCHES)
RECORDS
 TOTAL              0.0   1948
 24 HR TOTAL        0.0   8-31-2014
 SNOW DEPTH         0     8-31-2014
TOTALS              0.0               0.0     0.0     0.0
SINCE 7/1           0.0               0.3    -0.3     0.0
SNOWDEPTH AVG.      0                 0       0       0
DAYS >= TRACE       0                 0.0     0.0     0
DAYS >= 1.0         0                 0.0     0.0     0
DAYS >= 6.0         0                 0.0     0.0     0
GREATEST
 SNOW DEPTH         0   MM                            0  MM
 24 HR TOTAL      0.0   MM                          0.0  MM

DEGREE_DAYS
HEATING TOTAL     195               195       0     151
 SINCE 7/1        569               401     168     302
COOLING TOTAL       6                 0       6       2
 SINCE 1/1         14                 0      14      22
................................................................

WIND (MPH)
AVERAGE WIND SPEED                5.1
HIGHEST WIND SPEED/DIRECTION     26/140    DATE    08/9
HIGHEST GUST SPEED/DIRECTION     36/140    DATE   08/10

SKY COVER
POSSIBLE SUNSHINE (PERCENT)   MM
AVERAGE SKY COVER             MM
NUMBER OF DAYS FAIR           MM
NUMBER OF DAYS PC             MM
NUMBER OF DAYS CLOUDY         MM

AVERAGE RH (PERCENT)     MM

WEATHER CONDITIONS. NUMBER OF DAYS WITH
THUNDERSTORM              0     ICE PELLETS                 0
RAIN                     16     GLAZE                       0
DRIZZLE                   0     HAIL                        0
SNOW                      0     HAZE                        0
FOG                      15     FOG W/VIS <= 1/4 MILE       4
BLOWING SNOW              0


-  INDICATES NEGATIVE NUMBERS.
R  INDICATES RECORD WAS SET OR TIED.
MM INDICATES DATA IS MISSING.
T  INDICATES TRACE AMOUNT.

THE MONTH OF AUGUST WAS A NORMAL AVERAGE AUGUST WITH THE EXCEPTION OF A
RECORD EVENT RECORDED ON THE 22ND WITH THE HIGH FOR THE DAY 78 F BREAKING
THE OLD RECORD OF 77 F SET IN 1945.  RAINFALLS WERE SLIGHTLY LOWER BY 1.9
INCHES FOR THE NORMAL AUGUST RAINFALL.  NO SNOW OR FROZEN PRECIPITATION WAS
RECORDED FOR THE WHOLE MONTH WHICH IS ALSO NORMAL FOR PREVIOUS AUGUSTS.


$$
JH SEP 14
