000
CXUS52 KMFL 011230
CLMAPF


CLIMATE REPORT
NATIONAL WEATHER SERVICE MIAMI, FL
827 AM EDT FRI JUL 1 2016

...................................

...THE NAPLES CLIMATE SUMMARY FOR THE MONTH OF JUNE 2016...

CLIMATE NORMAL PERIOD 1981 TO 2010
CLIMATE RECORD PERIOD 1942 TO 2016

WEATHER         OBSERVED          NORMAL  DEPART  LAST YEAR`S
                 VALUE   DATE(S)  VALUE   FROM    VALUE  DATE(S)
                                          NORMAL
................................................................
TEMPERATURE (F)
RECORD
 HIGH              98   06/06/1985
                        06/05/1985
                        06/12/1981
 LOW               61   06/04/1955
HIGHEST            93   06/19                         93  06/30
                        06/03                             06/12
LOWEST             71   06/26                         69  06/03
AVG. MAXIMUM     89.8              89.9    -0.1     90.0
AVG. MINIMUM     75.6              73.9     1.7     73.6
MEAN             82.7              81.9     0.8     81.8
DAYS MAX >= 90     20                                 21
DAYS MAX <= 32      0                                  0
DAYS MIN <= 32      0                                  0
DAYS MIN <= 0       0                                  0

PRECIPITATION (INCHES)
RECORD
 MAXIMUM        21.28   2005
 MINIMUM         0.91   1980
TOTALS           4.91              8.82   -3.91     6.32
DAILY AVG.       0.16              0.29   -0.13     0.21
DAYS >= .01        15                                 15
DAYS >= .10        10                                 11
DAYS >= .50         5                                  6
DAYS >= 1.00        0                                  0
GREATEST
 24 HR. TOTAL    1.12   06/26 TO 06/27              0.96

DEGREE_DAYS
HEATING TOTAL       0                 0       0        0
 SINCE 7/1        142               260    -118      198
COOLING TOTAL     539               507      32      510
 SINCE 1/1       1723              1535     188     1865
.................................................................

WIND (MPH)
AVERAGE WIND SPEED              7.5
HIGHEST WIND SPEED/DIRECTION    35/060    DATE  06/26
HIGHEST GUST SPEED/DIRECTION    47/200    DATE  06/06

SKY COVER
POSSIBLE SUNSHINE (PERCENT)   MM
AVERAGE SKY COVER           0.30
NUMBER OF DAYS FAIR           22
NUMBER OF DAYS PC              7
NUMBER OF DAYS CLOUDY          1

AVERAGE RH (PERCENT)     78

WEATHER CONDITIONS. NUMBER OF DAYS WITH
THUNDERSTORM             20     MIXED PRECIP               0
HEAVY RAIN               10     RAIN                       9
LIGHT RAIN               17     FREEZING RAIN              0
LT FREEZING RAIN          0     HAIL                       0
HEAVY SNOW                0     SNOW                       0
LIGHT SNOW                0     SLEET                      0
FOG                      14     FOG W/VIS <= 1/4 MILE      0
HAZE                     13

-  INDICATES NEGATIVE NUMBERS.
R  INDICATES RECORD WAS SET OR TIED.
MM INDICATES DATA IS MISSING.
T  INDICATES TRACE AMOUNT.

$$
