000
CXUS53 KAPX 011223
CLMAPN


CLIMATE REPORT
NATIONAL WEATHER SERVICE GAYLORD MI
823 AM EDT TUE APR 1 2014

...................................

...THE ALPENA MI CLIMATE SUMMARY FOR THE MONTH OF MARCH 2014...

CLIMATE NORMAL PERIOD 1981 TO 2010
CLIMATE RECORD PERIOD 1916 TO 2014

WEATHER         OBSERVED          NORMAL  DEPART  LAST YEAR`S
                 VALUE   DATE(S)  VALUE   FROM    VALUE  DATE(S)
                                          NORMAL
................................................................
TEMPERATURE (F)
RECORD
 HIGH              87   03/21/2012
 LOW              -27   03/04/1962
                        03/02/1962
HIGHEST            54   03/10        MM      MM       55  03/31
LOWEST            -19   03/06        MM      MM       -1  03/05
AVG. MAXIMUM     31.2              38.3    -7.1     35.8
AVG. MINIMUM      8.2              19.2   -11.0     20.2
MEAN             19.7              28.7    -9.0     28.0
DAYS MAX >= 90      0               0.0     0.0        0
DAYS MAX <= 32     17               8.6     8.4       12
DAYS MIN <= 32     31              27.9     3.1       29
DAYS MIN <= 0      10               2.2     7.8        1

PRECIPITATION (INCHES)
RECORD
 MAXIMUM           MM   MM
 MINIMUM           MM   MM
TOTALS           1.17              1.86   -0.69     1.38
DAILY AVG.       0.04              0.06   -0.02     0.04
DAYS >= .01        12              11.2     0.8       15
DAYS >= .10         4               4.6    -0.6        4
DAYS >= .50         0               1.0    -1.0        0
DAYS >= 1.00        0               0.1    -0.1        0
GREATEST
 24 HR. TOTAL    0.28   03/27 TO 03/27
 STORM TOTAL       MM
 (MM/DD(HH))            MM

SNOWFALL (INCHES)
RECORDS
 TOTAL             MM   MM
 SNOW DEPTH        MM   MM
TOTALS            7.3              12.2    -4.9      7.2
SINCE 7/1        62.8              78.3   -15.5     45.5
SNOWDEPTH AVG.     13                 7       6        5
DAYS >= TRACE      18               8.0    10.0       19
DAYS >= 1.0         3               3.6    -0.6        3
GREATEST
 SNOW DEPTH        18   03/06                          9  03/01
                        03/05
                        03/02
 24 HR TOTAL      3.0   03/21 TO 03/21               2.0

DEGREE_DAYS
HEATING TOTAL    1398              1124     274     1141
 SINCE 7/1       7887              6856    1031     6451
COOLING TOTAL       0                 0       0        0
 SINCE 1/1          0                 0       0        0

FREEZE DATES
RECORD
 EARLIEST     MM
 LATEST       MM
EARLIEST                        MM
LATEST                          MM
.................................................................

WIND (MPH)
AVERAGE WIND SPEED              7.9
HIGHEST WIND SPEED/DIRECTION    26/010    DATE  03/12
HIGHEST GUST SPEED/DIRECTION    34/330    DATE  03/15

SKY COVER
POSSIBLE SUNSHINE (PERCENT)   MM
AVERAGE SKY COVER           0.40
NUMBER OF DAYS FAIR           14
NUMBER OF DAYS PC             12
NUMBER OF DAYS CLOUDY          5

AVERAGE RH (PERCENT)     68

WEATHER CONDITIONS. NUMBER OF DAYS WITH
THUNDERSTORM              0     MIXED PRECIP               0
HEAVY RAIN                0     RAIN                       2
LIGHT RAIN                4     FREEZING RAIN              0
LT FREEZING RAIN          1     HAIL                       0
HEAVY SNOW                0     SNOW                       3
LIGHT SNOW               15     SLEET                      0
FOG                       9     FOG W/VIS <= 1/4 MILE      0
HAZE                      3

-  INDICATES NEGATIVE NUMBERS.
R  INDICATES RECORD WAS SET OR TIED.
MM INDICATES DATA IS MISSING.
T  INDICATES TRACE AMOUNT.

$$
