000
CXUS53 KAPX 010530
CLMAPN


CLIMATE REPORT
NATIONAL WEATHER SERVICE GAYLORD MI
1228 AM EST THU DEC 1 2016

...................................

...THE ALPENA MI CLIMATE SUMMARY FOR THE MONTH OF NOVEMBER 2016...

CLIMATE NORMAL PERIOD 1981 TO 2010
CLIMATE RECORD PERIOD 1916 TO 2016

WEATHER         OBSERVED          NORMAL  DEPART  LAST YEAR`S
                 VALUE   DATE(S)  VALUE   FROM    VALUE  DATE(S)
                                          NORMAL
................................................................
TEMPERATURE (F)
RECORD
 HIGH              77   11/01/1950
 LOW               -6   11/29/1995
                        11/15/1933
HIGHEST            71   11/10        MM      MM       76  11/04
                        11/01
LOWEST             17   11/23        MM      MM       15  11/29
AVG. MAXIMUM     53.7              43.1    10.6     51.2
AVG. MINIMUM     32.4              28.3     4.1     32.3
MEAN             43.1              35.7     7.4     41.8
DAYS MAX >= 90      0               0.0     0.0        0
DAYS MAX <= 32      1               3.9    -2.9        1
DAYS MIN <= 32     14              20.6    -6.6       16
DAYS MIN <= 0       0               0.1    -0.1        0

PRECIPITATION (INCHES)
RECORD
 MAXIMUM           MM   MM
 MINIMUM           MM   MM
TOTALS           1.84              2.10   -0.26     2.12
DAILY AVG.       0.06              0.07   -0.01     0.07
DAYS >= .01        13              13.8    -0.8       13
DAYS >= .10         6               6.1    -0.1        7
DAYS >= .50         1               0.8     0.2        1
DAYS >= 1.00        0               0.2    -0.2        0
GREATEST
 24 HR. TOTAL    0.89   11/23 TO 11/24
 STORM TOTAL       MM
 (MM/DD(HH))            MM

SNOWFALL (INCHES)
RECORDS
 TOTAL             MM   MM
 SNOW DEPTH        MM   MM
TOTALS            1.8               7.7    -5.9      1.7
SINCE 7/1         1.8               8.1    -6.3      1.7
SNOWDEPTH AVG.      0                MM      MM        0
DAYS >= TRACE       5               6.3    -1.3        8
DAYS >= 1.0         1               2.3    -1.3        1
GREATEST
 SNOW DEPTH         1   11/20                          2  11/23
                                                          11/22
 24 HR TOTAL      1.4   MM                           1.2

DEGREE_DAYS
HEATING TOTAL     649               879    -230      690
 SINCE 7/1       1209              1823    -614     1373
COOLING TOTAL       0                 0       0        0
 SINCE 1/1        549               291     258      384

FREEZE DATES
RECORD
 EARLIEST     MM
 LATEST       MM
EARLIEST                        MM
LATEST                          MM
.................................................................

WIND (MPH)
AVERAGE WIND SPEED              7.7
HIGHEST WIND SPEED/DIRECTION    30/330    DATE  11/21
HIGHEST GUST SPEED/DIRECTION    40/160    DATE  11/29

SKY COVER
POSSIBLE SUNSHINE (PERCENT)   MM
AVERAGE SKY COVER           0.40
NUMBER OF DAYS FAIR           12
NUMBER OF DAYS PC             11
NUMBER OF DAYS CLOUDY          7

AVERAGE RH (PERCENT)     73

WEATHER CONDITIONS. NUMBER OF DAYS WITH
THUNDERSTORM              0     MIXED PRECIP               0
HEAVY RAIN                0     RAIN                       2
LIGHT RAIN               13     FREEZING RAIN              0
LT FREEZING RAIN          0     HAIL                       0
HEAVY SNOW                0     SNOW                       0
LIGHT SNOW                5     SLEET                      0
FOG                      17     FOG W/VIS <= 1/4 MILE      4
HAZE                      3

-  INDICATES NEGATIVE NUMBERS.
R  INDICATES RECORD WAS SET OR TIED.
MM INDICATES DATA IS MISSING.
T  INDICATES TRACE AMOUNT.

$$
