000
CXUS56 KPQR 011534
CLMAST


CLIMATE REPORT
NATIONAL WEATHER SERVICE PORTLAND OREGON
834 AM PDT WED OCT 1 2014

...................................

...THE ASTORIA OR CLIMATE SUMMARY FOR THE MONTH OF SEPTEMBER 2014...

CLIMATE NORMAL PERIOD 1981 TO 2010
CLIMATE RECORD PERIOD 1892 TO 2014

WEATHER         OBSERVED          NORMAL  DEPART  LAST YEAR`S
                 VALUE   DATE(S)  VALUE   FROM    VALUE  DATE(S)
                                          NORMAL
................................................................
TEMPERATURE (F)
HIGHEST            87                                 81  09/10
LOWEST             45                                 44  09/26
AVG. MAXIMUM     71.9              67.6     4.3     66.6
AVG. MINIMUM     52.8              49.4     3.4     53.3
MEAN             62.3              58.5     3.8     59.9
DAYS MAX >= 90      0               0.0     0.0        0
DAYS MAX <= 32      0               0.0     0.0        0
DAYS MIN <= 32      0               0.0     0.0        0
DAYS MIN <= 0       0               0.0     0.0        0

PRECIPITATION (INCHES)
RECORD
 MAXIMUM        10.69   2013
 MINIMUM         0.01   1918
TOTALS           4.94              2.14    2.80    10.70
DAYS >= .01        10               9.4     0.6       18
DAYS >= .10         6               5.0     1.0       12
DAYS >= .50         2               1.1     0.9        5
DAYS >= 1.00        2               0.3     1.7        3
GREATEST
 24 HR. TOTAL    2.15   09/25 TO 09/26

DEGREE_DAYS
HEATING TOTAL      92               200    -108      146
 SINCE 7/1        250               481    -231      393
COOLING TOTAL      20                 5      15        3
 SINCE 1/1         45                12      33        9
.................................................................

WIND (MPH)
AVERAGE WIND SPEED              6.9
RESULTANT WIND SPEED/DIRECTION   1/268
HIGHEST WIND SPEED/DIRECTION    26/080    DATE  09/11
HIGHEST GUST SPEED/DIRECTION    33/200    DATE  09/23

SKY COVER
POSSIBLE SUNSHINE (PERCENT)   MM
AVERAGE SKY COVER           0.50
NUMBER OF DAYS FAIR            0
NUMBER OF DAYS PC              0
NUMBER OF DAYS CLOUDY          0

AVERAGE RH (PERCENT)     73

WEATHER CONDITIONS. NUMBER OF DAYS WITH
THUNDERSTORM              0     MIXED PRECIP               0
HEAVY RAIN                4     RAIN                       3
LIGHT RAIN               10     FREEZING RAIN              0
LT FREEZING RAIN          0     HAIL                       0
HEAVY SNOW                0     SNOW                       0
LIGHT SNOW                0     SLEET                      0
FOG                      18     FOG W/VIS <= 1/4 MILE      4
HAZE                      3

-  INDICATES NEGATIVE NUMBERS.
R  INDICATES RECORD WAS SET OR TIED.
MM INDICATES DATA IS MISSING.
T  INDICATES TRACE AMOUNT.

$$
