000
CXUS42 KFFC 011529
CLMATL


CLIMATE REPORT
NATIONAL WEATHER SERVICE PEACHTREE CITY GA
1128 AM EDT FRI SEP 1 2017

...................................

...THE ATLANTA CLIMATE SUMMARY FOR THE MONTH OF AUGUST 2017...

CLIMATE NORMAL PERIOD 1981 TO 2010
CLIMATE RECORD PERIOD 1878 TO 2017

WEATHER         OBSERVED          NORMAL  DEPART  LAST YEAR`S
                 VALUE   DATE(S)  VALUE   FROM    VALUE  DATE(S)
                                          NORMAL
................................................................
TEMPERATURE (F)
RECORD
 HIGH             104   08/22/2007
 LOW               55   08/29/1992
                        08/30/1986
                        08/24/1891
HIGHEST            93   08/22        MM      MM       97  08/18
LOWEST             67   08/24        MM      MM       71  08/22
                                                          08/19
AVG. MAXIMUM     86.7              88.1    -1.4     91.5
AVG. MINIMUM     71.6              70.7     0.9     73.9
MEAN             79.2              79.4    -0.2     82.7
DAYS MAX >= 90     12              10.6     1.4       24
DAYS MAX <= 32      0               0.0     0.0        0
DAYS MIN <= 32      0               0.0     0.0        0
DAYS MIN <= 0       0               0.0     0.0        0

PRECIPITATION (INCHES)
RECORD
 MAXIMUM        10.02   1920
 MINIMUM         0.02   1925
TOTALS           5.47              3.90    1.57     3.06
DAILY AVG.       0.18              0.13    0.05     0.10
DAYS >= .01        11               9.7     1.3       12
DAYS >= .10         7               6.4     0.6        7
DAYS >= .50         5               2.6     2.4        2
DAYS >= 1.00        2               1.3     0.7        0
GREATEST
 24 HR. TOTAL    1.98   08/10 TO 08/10           08/19 TO 08/19
                                                          08/31 TO 08/31
                                                          08/31 TO 08/31

DEGREE_DAYS
HEATING TOTAL       0                 0       0        0
 SINCE 7/1          0                 0       0        0
COOLING TOTAL     450               447       3      555
 SINCE 1/1       1724              1539     185     1950
..................................................

WIND (MPH)
AVERAGE WIND SPEED              6.7
HIGHEST WIND SPEED/DIRECTION    29/070    DATE  08/10
HIGHEST GUST SPEED/DIRECTION    35/260    DATE  08/07

SKY COVER
POSSIBLE SUNSHINE (PERCENT)   MM
AVERAGE SKY COVER           0.60
NUMBER OF DAYS FAIR            8
NUMBER OF DAYS PC              9
NUMBER OF DAYS CLOUDY         14

AVERAGE RH (PERCENT)     72

WEATHER CONDITIONS. NUMBER OF DAYS WITH
THUNDERSTORM              0     MIXED PRECIP               0
HEAVY RAIN                3     RAIN                       5
LIGHT RAIN               11     FREEZING RAIN              0
LT FREEZING RAIN          0     HAIL                       0
HEAVY SNOW                0     SNOW                       0
LIGHT SNOW                0     SLEET                      0
FOG                      10     FOG W/VIS <= 1/4 MILE      0
HAZE                      2

-  INDICATES NEGATIVE NUMBERS.
R  INDICATES RECORD WAS SET OR TIED.
MM INDICATES DATA IS MISSING.
T  INDICATES TRACE AMOUNT.

$$
