000
CXUS51 KGYX 061606 CCA
CLMAUG

PWMCLMAUG 000
TTAA00 KGYX 031518


CLIMATE REPORT
NATIONAL WEATHER SERVICE GRAY ME
1012 AM EST SAT JAN 6 2018

...................................

...THE AUGUSTA CLIMATE SUMMARY FOR THE MONTH OF DECEMBER 2017...

CLIMATE NORMAL PERIOD 1981 TO 2010
CLIMATE RECORD PERIOD 1948 TO 2018

WEATHER         OBSERVED          NORMAL  DEPART  LAST YEAR`S
                 VALUE   DATE(S)  VALUE   FROM    VALUE  DATE(S)
                                          NORMAL
................................................................
TEMPERATURE (F)
RECORD
 HIGH              67   12/06/2001
 LOW              -15   12/29/2017
                        12/31/1962
                        12/28/2017
HIGHEST            53   12/06        53       0       49  12/27
LOWEST            -15R  12/29         0     -15       -9  12/16
AVG. MAXIMUM     28.2              33.5    -5.3     32.6
AVG. MINIMUM     13.4              18.6    -5.2     16.6
MEAN             20.8              26.1    -5.3     24.6
DAYS MAX >= 90      0               0.0     0.0        0
DAYS MAX <= 32     16              13.8     2.2       14
DAYS MIN <= 32     30              28.1     1.9       29
DAYS MIN <= 0       5               1.4     3.6        4

PRECIPITATION (INCHES)
RECORD
 MAXIMUM        12.58   1973
 MINIMUM         0.89   1980
TOTALS           2.92              3.24   -0.32     3.97
DAILY AVG.       0.07              0.10   -0.03     0.13
DAYS >= .01        10              11.4    -1.4       14
DAYS >= .10         7               6.8     0.2        7
DAYS >= .50         1               1.9    -0.9        3
DAYS >= 1.00        0               0.8    -0.8        1
GREATEST
 24 HR. TOTAL    0.57   12/05

DEGREE_DAYS
HEATING TOTAL    1362              1207     155     1243
 SINCE 7/1       2598              2755    -157     2561
COOLING TOTAL       0                 0       0        0
 SINCE 1/1        446               388      58      530
.................................................................

WIND (MPH)
AVERAGE WIND SPEED              6.3
HIGHEST WIND SPEED/DIRECTION    25/350    DATE  12/25
HIGHEST GUST SPEED/DIRECTION    44/210    DATE  12/06

SKY COVER
AVERAGE SKY COVER           0.40

AVERAGE RH (PERCENT)     71

WEATHER CONDITIONS. NUMBER OF DAYS WITH
THUNDERSTORM              0     HEAVY RAIN                 0
RAIN                      2     LIGHT RAIN                 4
FREEZING RAIN             2     LT FREEZING RAIN           2
HEAVY SNOW                4     SNOW                       4
LIGHT SNOW               12     FOG                       16
FOG W/VIS <= 1/4 MILE     3     HAZE                      12

-  INDICATES NEGATIVE NUMBERS.
R  INDICATES RECORD WAS SET OR TIED.
MM INDICATES DATA IS MISSING.
T  INDICATES TRACE AMOUNT.

&&

THE COLD WEATHER THAT HAD LASTED MUCH OF NOVEMBER BEGAN TO EASE UP
IN EARLY DECEMBER. FOR THE FIRST WEEK OF THE MONTH, AUGUSTA SAW THE
TEMPERATURE WARM INTO THE 40S AND EVEN THE 50S. THAT WAS SOON TO
CHANGE. A SNOWSTORM ON THE 9TH BROUGHT A SHIFT TOWARD COLDER
WEATHER. AUGUSTA SAW 7 STRAIGHT DAYS THAT DID NOT WARM ABOVE
FREEZING FROM THE 12TH THROUGH THE 18TH. ANOTHER SIGNIFICANT
SNOWSTORM ARRIVED ON CHRISTMAS MORNING, WITH ARCTIC AIR POURING IN
BEHIND THIS STORM. THE TEMPERATURE DID NOT RISE ABOVE FREEZING FOR
THE REST OF THE MONTH, WITH THE LAST 4 DAYS OF THE MONTH NOT RISING
ABOVE 10 DEGREES WHILE LOWS FELL BELOW ZERO. THE LOW TEMPERATURE OF
15 BELOW ZERO ON THE 29TH TIED AS THE COLDEST TEMPERATURE EVER
RECORDED IN THE MONTH OF DECEMBER.

THE AVERAGE TEMPERATURE FOR THE MONTH WAS 20.8 DEGREES WHICH WAS 5.3
DEGREES BELOW NORMAL AND THE 8TH COLDEST DECEMBER ON RECORD. THE
COLDEST DECEMBER WAS IN 1989 WHEN THE AVERAGE TEMPERATURE WAS 11.0
DEGREES. THE WARMEST WAS IN 2015 WHEN IT WAS 34.8 DEGREES. THE
FOLLOWING TABLE LISTS THE COLDEST DECEMBERS ON RECORD AT AUGUSTA.

COLDEST AVERAGE TEMPERATURE FOR DECEMBER (SINCE 1948)...
RANK  TEMP  YEAR
1     11.0  1989
2     15.8  1963
3     15.9  1958
4     16.5  1955
5     17.8  1970
6     18.5  1976
7     19.3  1980
8     20.8  2017 <===
      20.8  2013
10    21.2  1985

TWO OF THE COLDEST TEMPERATURES EVER RECORDED IN THE MONTH OF
DECEMBER WERE RECORDED IN DECEMBER 2017. THE FOLLOWING TABLE LISTS
THE TOP 5 COLDEST TEMPERATURES RECORDED IN DECEMBER AT AUGUSTA.

COLDEST TEMPERATURES IN DECEMBER (SINCE 1948)...
RANK  TEMP  DATE
1     -15   DEC 29, 2017 <===
      -15   DEC 31, 1962
3     -14   DEC 30, 2017 <===
      -14   DEC 30, 1962
5     -13   DEC 26, 1968

A TOTAL OF 2.92 INCHES OF PRECIPITATION FELL WHICH WAS 0.32 INCHES
BELOW NORMAL AND THE DRIEST DECEMBER SINCE 2001. THE HEAVIEST
PRECIPITATION FELL ON THE 5TH AND 6TH WHEN 0.98 INCHES OF RAIN WAS
RECORDED. THE DRIEST DECEMBER ON RECORD WAS IN 1980 WHEN ONLY 0.89
INCHES FELL. THE WETTEST WAS IN 1973 WHEN 12.58 INCHES WAS MEASURED.

THE FOLLOWING DAILY RECORDS WERE SET OR TIED IN DECEMBER 2017...
DATE  RECORD                                PREVIOUS
28    3   - COLDEST HIGH TEMPERATURE        9 IN 1951
29    2   - COLDEST HIGH TEMPERATURE        7 IN 1993
29    -15 - COLDEST LOW TEMPERATURE         -7 IN 1993
30    9   - COLDEST HIGH TEMPERATURE        11 IN 1987 AND OTHERS
30    -14 - COLDEST LOW TEMPERATURE         -14 IN 1962 /TIED/

$$

KIMBLE
