000
CXUS53 KGRB 011524
CLMAUW


CLIMATE REPORT
NATIONAL WEATHER SERVICE GREEN BAY
1021 AM CDT WED NOV 1 2017

...................................

...THE WAUSAU WI CLIMATE SUMMARY FOR THE MONTH OF OCTOBER 2017...

CLIMATE NORMAL PERIOD 1981 TO 2010
CLIMATE RECORD PERIOD 1896 TO 2017

WEATHER         OBSERVED          NORMAL  DEPART  LAST YEAR`S
                 VALUE   DATE(S)  VALUE   FROM    VALUE  DATE(S)
                                          NORMAL
................................................................
TEMPERATURE (F)
RECORD
 HIGH              87   10/06/1963
 LOW                8   10/30/1925
HIGHEST            77   10/02        75       2       76  10/17
LOWEST             23   10/29        24      -1       29  10/25
AVG. MAXIMUM     58.5              55.4     3.1     59.5
AVG. MINIMUM     41.4              36.6     4.8     40.8
MEAN             50.0              46.0     4.0     50.2
DAYS MAX >= 90      0               0.0     0.0        0
DAYS MAX <= 32      1               0.2     0.8        0
DAYS MIN <= 32      6              10.0    -4.0        4
DAYS MIN <= 0       0               0.0     0.0        0

PRECIPITATION (INCHES)
RECORD
 MAXIMUM        10.89   1900
 MINIMUM         0.02   1952
TOTALS           3.55              2.94    0.61     2.31
DAILY AVG.       0.12              0.09    0.03     0.07
DAYS >= .01        13              11.1     1.9       10
DAYS >= .10         7               6.3     0.7        6
DAYS >= .50         2               2.0     0.0
DAYS >= 1.00        1               0.5     0.5        0
GREATEST
 STORM TOTAL       MM
 (MM/DD(HH))            MM

SNOWFALL (INCHES)
RECORDS
 TOTAL           10.8   1990
 24 HR TOTAL      7.8   10/21/2002 TO 10/21/2002
TOTALS              T               1.4    -1.4      0.0
SINCE 7/1           T               1.4    -1.4      0.0
DAYS >= TRACE       3               0.9     2.1
DAYS >= 1.0         0               0.3    -0.3        0
GREATEST
 SNOW DEPTH         0   MM                             0  MM
 24 HR TOTAL        T   10/29 TO 10/29

DEGREE_DAYS
HEATING TOTAL     459               591    -132      452
 SINCE 7/1        673               884    -211      571
COOLING TOTAL       1                 2      -1        1
 SINCE 1/1        339               407     -68      512
.................................................................

WIND (MPH)
AVERAGE WIND SPEED              8.6
HIGHEST WIND SPEED/DIRECTION    26/310    DATE  10/24
HIGHEST GUST SPEED/DIRECTION    37/320    DATE  10/24

SKY COVER
POSSIBLE SUNSHINE (PERCENT)   MM
AVERAGE SKY COVER           0.50
NUMBER OF DAYS FAIR           10
NUMBER OF DAYS PC             11
NUMBER OF DAYS CLOUDY         10

AVERAGE RH (PERCENT)     74

WEATHER CONDITIONS. NUMBER OF DAYS WITH
THUNDERSTORM              2     MIXED PRECIP               0
HEAVY RAIN                4     RAIN                       5
LIGHT RAIN               17     FREEZING RAIN              0
LT FREEZING RAIN          0     HAIL                       0
HEAVY SNOW                0     SNOW                       0
LIGHT SNOW                5     SLEET                      0
FOG                      16     FOG W/VIS <= 1/4 MILE      3
HAZE                      3

-  INDICATES NEGATIVE NUMBERS.
R  INDICATES RECORD WAS SET OR TIED.
MM INDICATES DATA IS MISSING.
T  INDICATES TRACE AMOUNT.

$$
