390
CXUS51 KBOX 011235
CLMBDL


CLIMATE REPORT
NATIONAL WEATHER SERVICE TAUNTON MA
826 AM EDT FRI SEP 1 2017

...................................

...THE HARTFORD CT CLIMATE SUMMARY FOR THE MONTH OF AUGUST 2017...

CLIMATE NORMAL PERIOD 1981 TO 2010
CLIMATE RECORD PERIOD 1904 TO 2017

WEATHER         OBSERVED          NORMAL  DEPART
                 VALUE   DATE(S)  VALUE   FROM
                                          NORMAL
................................................
TEMPERATURE (F)
RECORD
 HIGH             102   08/09/2001
 LOW               36   08/31/1965
HIGHEST            91   08/22
LOWEST             50   08/26
AVG. MAXIMUM     82.0              82.7    -0.7
AVG. MINIMUM     60.1              61.1    -1.0
MEAN             71.1              71.9    -0.8
DAYS MAX >= 90      2               4.0    -2.0
DAYS MAX <= 32      0               0.0     0.0
DAYS MIN <= 32      0               0.0     0.0
DAYS MIN <= 0       0               0.0     0.0

PRECIPITATION (INCHES)
RECORD
 MAXIMUM        21.87   1955
 MINIMUM         0.54   1981
TOTALS           2.66              3.93   -1.27
DAYS >= .01        12              10.0     2.0
DAYS >= .10         6               5.8     0.2
DAYS >= .50         1               2.4    -1.4
DAYS >= 1.00        1               1.2    -0.2
GREATEST
 24 HR. TOTAL    1.52   08/05 TO 08/05

SNOWFALL (INCHES)
RECORDS
 TOTAL             MM   MM
 SNOW DEPTH        MM   MM
TOTALS            0.0               0.0     0.0
SINCE 7/1         0.0               0.0     0.0
SNOWDEPTH AVG.      0
GREATEST
 SNOW DEPTH         0   MM
 24 HR TOTAL      0.0   08/31 TO 08/31

DEGREE_DAYS
HEATING TOTAL       8                 9      -1
 SINCE 7/1         16                12       4
COOLING TOTAL     203               223     -20
 SINCE 1/1        687               675      12
.................................................

WIND (MPH)
AVERAGE WIND SPEED              6.0
RESULTANT WIND SPEED/DIRECTION   2/251
HIGHEST WIND SPEED/DIRECTION    24/290    DATE  08/04
HIGHEST GUST SPEED/DIRECTION    31/290    DATE  08/04

SKY COVER
POSSIBLE SUNSHINE (PERCENT)   MM
AVERAGE SKY COVER           0.50
NUMBER OF DAYS FAIR            7
NUMBER OF DAYS PC             18
NUMBER OF DAYS CLOUDY          6

AVERAGE RH (PERCENT)     70

WEATHER CONDITIONS. NUMBER OF DAYS WITH
THUNDERSTORM              4     MIXED PRECIP               0
HEAVY RAIN                1     RAIN                       6
LIGHT RAIN               11     FREEZING RAIN              0
LT FREEZING RAIN          0     HAIL                       0
HEAVY SNOW                0     SNOW                       0
LIGHT SNOW                0     SLEET                      0
FOG                      13     FOG W/VIS <= 1/4 MILE      3
HAZE                      0

-  INDICATES NEGATIVE NUMBERS.
R  INDICATES RECORD WAS SET OR TIED.
MM INDICATES DATA IS MISSING.
T  INDICATES TRACE AMOUNT.

$$

SIPPRELL
