000
CXUS51 KOKX 011727 RRA
CLMBDR

CLIMATE REPORT
NATIONAL WEATHER SERVICE NEW YORK NY
127 PM EDT MON JUN 1 2015

...................................

...THE BRIDGEPORT CT CLIMATE SUMMARY FOR THE MONTH OF MAY 2015...

CLIMATE NORMAL PERIOD 1981 TO 2010
CLIMATE RECORD PERIOD 1948 TO 2015

WEATHER         OBSERVED          NORMAL  DEPART  LAST YEAR`S
                 VALUE   DATE(S)  VALUE   FROM    VALUE  DATE(S)
                                          NORMAL
................................................................
TEMPERATURE (F)
RECORD
 HIGH              97   05/20/1996
 LOW               31   05/10/1966
HIGHEST            82   05/12        MM      MM       87  05/27
LOWEST             43   05/02        MM      MM       47  05/07
AVG. MAXIMUM     72.8              67.6     5.2     69.4
AVG. MINIMUM     53.4              50.6     2.8     53.0
MEAN             63.1              59.1     4.0     61.2
DAYS MAX >= 90      0               0.1    -0.1        0
DAYS MAX <= 32      0               0.0     0.0        0
DAYS MIN <= 32      0               0.0     0.0        0
DAYS MIN <= 0       0               0.0     0.0        0

PRECIPITATION (INCHES)
RECORD
 MAXIMUM         9.53   1989
 MINIMUM         0.41   1986
TOTALS           1.15              3.80   -2.65     4.00
DAILY AVG.       0.04              0.12   -0.08     0.13
DAYS >= .01         8              11.8    -3.8       13
DAYS >= .10         2               7.3    -5.3        7
DAYS >= .50         1               2.3    -1.3        3
DAYS >= 1.00        0               0.9    -0.9        1
GREATEST
 24 HR. TOTAL    0.60   05/31 TO 05/31           04/30 TO 05/01
                                                          05/31 TO 05/31
                                                          05/31 TO 05/31
 STORM TOTAL       MM                                 MM
 (MM/DD(HH))            MM                    05/01(00) TO 05/01(00)
                                                 05/31(00) TO 05/31(00)1
                                                 05/31(00) TO 05/31(00)1

SNOWFALL (INCHES)
TOTALS            0.0               0.0     0.0      0.0
 LIQUID EQUIV    0.00              0.00    0.00     0.00
SINCE 7/1        59.7              27.6    32.1     57.4
 LIQUID 7/1      5.97              2.80    3.17     5.74
SNOWDEPTH AVG.      0                MM      MM        0
DAYS >= TRACE       0               0.0     0.0        0
DAYS >= 1.0         0               0.0     0.0        0
GREATEST
 SNOW DEPTH         0   MM                             0  MM
 24 HR TOTAL      0.0   05/31 TO 05/31           05/31 TO 05/31
                                                          05/31 TO 05/31
                                                          05/31 TO 05/31
 STORM TOTAL       MM                                 MM
 (MM/DD(HH))            MM                    05/31(00) TO 05/31(00)
                                                 05/31(00) TO 05/31(00)1
                                                 05/31(00) TO 05/31(00)1

DEGREE_DAYS
HEATING TOTAL     104               205    -101      134
 SINCE 7/1       5621              5360     261     5614
COOLING TOTAL      54                22      32       23
 SINCE 1/1         54                24      30       23
..................................................

WIND (MPH)
AVERAGE WIND SPEED              8.2
HIGHEST WIND SPEED/DIRECTION    25/300    DATE  05/22
HIGHEST GUST SPEED/DIRECTION    37/280    DATE  05/22


WEATHER CONDITIONS. NUMBER OF DAYS WITH
THUNDERSTORM              0     MIXED PRECIP               0
HEAVY RAIN                2     RAIN                       2
LIGHT RAIN                8     FREEZING RAIN              0
LT FREEZING RAIN          0     HAIL                       0
HEAVY SNOW                0     SNOW                       0
LIGHT SNOW                0     SLEET                      0
FOG                      11     FOG W/VIS <= 1/4 MILE      6
HAZE                      4

-  INDICATES NEGATIVE NUMBERS.
R  INDICATES RECORD WAS SET OR TIED.
MM INDICATES DATA IS MISSING.
T  INDICATES TRACE AMOUNT.

$$
