000
CXUS51 KCTP 011133
CLMBFD

CLIMATE REPORT
NATIONAL WEATHER SERVICE STATE COLLEGE PA
607 AM EDT SUN OCT 1 2017

...................................

...THE BRADFORD CLIMATE SUMMARY FOR THE MONTH OF SEPTEMBER 2017...

CLIMATE NORMAL PERIOD 1981 TO 2010
CLIMATE RECORD PERIOD 1957 TO 2017

WEATHER         OBSERVED          NORMAL  DEPART  LAST YEAR`S
                 VALUE   DATE(S)  VALUE   FROM    VALUE  DATE(S)
                                          NORMAL
................................................................
TEMPERATURE (F)
RECORD
 HIGH              90   09/03/2011
 LOW               19   09/27/1957
HIGHEST            86   09/26                         85  09/07
                        09/24
LOWEST             32   09/30                         32  09/25

AVG. MAXIMUM     72.0              68.2     3.8     73.9
AVG. MINIMUM     47.9              45.2     2.7     49.1
MEAN             60.0              56.7     3.3     61.5
DAYS MAX >= 90      0                MM      MM        0
DAYS MAX <= 32      0                MM      MM        0
DAYS MIN <= 32      1                MM      MM        1
DAYS MIN <= 0       0                MM      MM        0

PRECIPITATION (INCHES)
RECORD
 MAXIMUM         7.72   1967
 MINIMUM         0.85   1964

TOTALS           2.39              3.92   -1.53     2.55
DAILY AVG.       0.08              0.13   -0.05     0.09
DAYS >= .01        11                MM      MM       11
DAYS >= .10         7                MM      MM        6
DAYS >= .50         1                MM      MM        2
DAYS >= 1.00        0                MM      MM        0
GREATEST
 24 HR. TOTAL    0.56   09/14 TO 09/14

DEGREE_DAYS
HEATING TOTAL     176               264     -88      140
 SINCE 7/1        285               417    -132      183
COOLING TOTAL      33                15      18       42
 SINCE 1/1        257               192      65      367
..........................................................

WIND (MPH)
AVERAGE WIND SPEED              4.0
HIGHEST WIND SPEED/DIRECTION    25/280    DATE  09/29
HIGHEST GUST SPEED/DIRECTION    36/290    DATE  09/29

SKY COVER
POSSIBLE SUNSHINE (PERCENT)   MM
AVERAGE SKY COVER           0.40
NUMBER OF DAYS FAIR           14
NUMBER OF DAYS PC             10
NUMBER OF DAYS CLOUDY          6

AVERAGE RH (PERCENT)     77

WEATHER CONDITIONS. NUMBER OF DAYS WITH
THUNDERSTORM              4     MIXED PRECIP               0
HEAVY RAIN                4     RAIN                       7
LIGHT RAIN               11     FREEZING RAIN              0
LT FREEZING RAIN          0     HAIL                       0
HEAVY SNOW                0     SNOW                       0
LIGHT SNOW                0     SLEET                      0
FOG                      27     FOG W/VIS <= 1/4 MILE     10
HAZE                      0

-  INDICATES NEGATIVE NUMBERS.
R  INDICATES RECORD WAS SET OR TIED.
MM INDICATES DATA IS MISSING.
T  INDICATES TRACE AMOUNT.

$$

LA CORTE
