000
CXUS46 KHNX 011447
CLMBFL


CLIMATE REPORT
NATIONAL WEATHER SERVICE SAN JOAQUIN VALLEY, CA
740 AM PDT SUN MAY 1 2016

...................................

...THE BAKERSFIELD CLIMATE SUMMARY FOR THE MONTH OF APRIL 2016...

CLIMATE NORMAL PERIOD 1981 TO 2010
CLIMATE RECORD PERIOD 1889 TO 2016

WEATHER         OBSERVED          NORMAL  DEPART  LAST YEAR`S
                 VALUE   DATE(S)  VALUE   FROM    VALUE  DATE(S)
                                          NORMAL
................................................................
TEMPERATURE (F)
RECORD
 HIGH             101   04/30/1981
 LOW               28   04/08/1893
HIGHEST            92   04/18        MM      MM       94  04/28
LOWEST             46   04/23        MM      MM       43  04/15
AVG. MAXIMUM     79.3              75.0     4.3     79.2
AVG. MINIMUM     54.6              50.2     4.4     51.7
MEAN             66.9              62.6     4.3     65.5
DAYS MAX >= 90      4               1.9     2.1        5
DAYS MIN <= 32      0               0.0     0.0        0

PRECIPITATION (INCHES)
RECORD
 MAXIMUM         2.99   1915
TOTALS           0.97              0.52    0.45     0.08
DAYS >= .01         6               3.7     2.3        2
DAYS >= .10         3               1.7     1.3        0
DAYS >= .50         0               0.1    -0.1        0
DAYS >= 1.00        0               0.0     0.0        0
GREATEST
 24 HR. TOTAL    0.45   04/08 TO 04/09

SNOWFALL (INCHES)
RECORDS
 TOTAL              T   1994
TOTALS            0.0               0.0

DEGREE_DAYS
HEATING TOTAL      28               129    -101       69
 SINCE 7/1       1686              2142    -456     1288
COOLING TOTAL      96                57      39       91
 SINCE 1/1        102                66      36      166
.................................................................

WIND (MPH)
AVERAGE WIND SPEED              6.5
HIGHEST WIND SPEED/DIRECTION    40/290    DATE  04/22
HIGHEST GUST SPEED/DIRECTION    40/290    DATE  04/22

AVERAGE RH (PERCENT)     46

WEATHER CONDITIONS. NUMBER OF DAYS WITH
THUNDERSTORM              0     RAIN                       2
HAIL                      0     FOG                        4
FOG W/VIS <= 1/4 MILE     0     HAZE                       5

-  INDICATES NEGATIVE NUMBERS.
R  INDICATES RECORD WAS SET OR TIED.
MM INDICATES DATA IS MISSING.
T  INDICATES TRACE AMOUNT.

$$
