000
CXUS51 KCAR 112051
CLMBGR

CLIMATE REPORT...PRELIMINARY
NATIONAL WEATHER SERVICE CARIBOU, ME
450 PM EDT SUN SEP 11 2016

...................................

...THE BANGOR ME CLIMATE SUMMARY FOR THE SEASON, FROM
6/1/2016 TO 8/31/2016...

CLIMATE NORMAL PERIOD 1981 TO 2010
CLIMATE RECORD PERIOD 1925 TO 2016

WEATHER         OBSERVED          NORMAL  DEPART  LAST YEAR`S
                 VALUE   DATE(S)  VALUE   FROM    VALUE  DATE(S)
                                          NORMAL
................................................................
TEMPERATURE (F)
RECORD
 HIGH             104   08/19/1935
 LOW               29   06/03/1939
HIGHEST            91   08/11        MM      MM       90  08/18
LOWEST             43   06/17        MM      MM       36  06/07
AVG. MAXIMUM     78.3              77.3     1.0     76.0
AVG. MINIMUM     56.6              55.3     1.3     55.1
MEAN             67.4              66.3     1.1     65.6
DAYS MAX >= 90      1               3.6    -2.6        1
DAYS MAX <= 32      0               0.0     0.0        0
DAYS MIN <= 32      0               0.0     0.0        0
DAYS MIN <= 0       0               0.0     0.0        0

PRECIPITATION (INCHES)
RECORD
 MAXIMUM        17.07   2006
 MINIMUM         8.13   2007
TOTALS           7.78R                    -2.42
DAILY AVG.       0.08              0.11   -0.03     0.09
DAYS >= .01        35              33.7     1.3       38
DAYS >= .10        19              20.6    -1.6       20
DAYS >= .50         8               7.0     1.0        7
DAYS >= 1.00        0               2.1    -2.1        1
GREATEST
 24 HR. TOTAL    0.91   MM                       08/31 TO 08/31
                                                          08/31 TO 08/31
                                                          08/31 TO 08/31

SNOWFALL (INCHES)
RECORDS
 TOTAL             MM   MM
TOTALS            0.0               0.0     0.0      0.0
SINCE 7/1         0.0               0.0     0.0      0.0
SNOWDEPTH AVG.      0                MM      MM        0
DAYS >= 1.0         0               0.0     0.0        0
GREATEST
 SNOW DEPTH         0   MM                             0  MM
 24 HR TOTAL      0.0   MM                       08/31 TO 08/31
                                                          08/31 TO 08/31
                                                          08/31 TO 08/31

DEGREE_DAYS
HEATING TOTAL     130               170     -40      208
 SINCE 7/1         27                63     -36       29
COOLING TOTAL     379               288      91      286
 SINCE 1/1        389               294      95      309
..................................................

WIND (MPH)
AVERAGE WIND SPEED              7.4
HIGHEST WIND SPEED/DIRECTION    29/330    DATE  06/09
HIGHEST GUST SPEED/DIRECTION    37/330    DATE  06/09

SKY COVER
POSSIBLE SUNSHINE (PERCENT)   MM
AVERAGE SKY COVER           0.60
NUMBER OF DAYS FAIR           19
NUMBER OF DAYS PC             49
NUMBER OF DAYS CLOUDY         24

AVERAGE RH (PERCENT)     66

WEATHER CONDITIONS. NUMBER OF DAYS WITH
THUNDERSTORM              0     MIXED PRECIP               0
HEAVY RAIN                9     RAIN                      17
LIGHT RAIN               38     FREEZING RAIN              0
LT FREEZING RAIN          0     HAIL                       1
HEAVY SNOW                0     SNOW                       0
LIGHT SNOW                0     SLEET                      0
FOG                      49     FOG W/VIS <= 1/4 MILE      8
HAZE                     25

-  INDICATES NEGATIVE NUMBERS.
R  INDICATES RECORD WAS SET OR TIED.
MM INDICATES DATA IS MISSING.
T  INDICATES TRACE AMOUNT.

&&

...SUMMER 2016 NORTHERN AND EASTERN MAINE SEASONAL CLIMATE
NARRATIVE...

OVERALL...NORTHERN AND EASTERN MAINE FOR SUMMER (JUNE 1ST -AUGUST
31ST) 2016 EXPERIENCED ABOVE NORMAL TEMPERATURES...WITH DECIDELY
ABOVE NORMAL RAINFALL ACROSS THE NORTH AND SIGNIFICANTLY BELOW
AVERAGE RAINFALL OVER DOWNEAST PORTIONS OF THE REGION.

MOST LOCATIONS AVERAGED 1 TO 2 DEGREES F ABOVE NORMAL...WITH
CONSISTENCY OF WARMTH RATHER THAN EPISODES OF EXTREME HEAT BEING THE
RULE THIS SUMMER. AT CARIBOU...35 DAYS OF 80+ DEGREE HIGH
TEMPERATURES WERE RECORDED DURING THIS PERIOD...WITH 3 BEING
RECORDED IN MAY AND AN ADDITIONAL 3 DAYS CURRENTLY IN SEPTEMBER
GIVING A CURRENT WARM SEASON TOTAL OF 41...WELL ABOVE THE WARM
SEASON AVERAGE OF 26. THERE WERE NO 90 DEGREE DAYS THIS WARM SEASON
AT CARIBOU. BANGOR`S WARM SEASON TOTAL OF 59 DAYS OF 80+ DEGREES SO
FOR FOR THE ENTIRE WARM SEASON IS ALSO WELL ABOVE AVERAGE. THERE
WERE 2 90 DEGREE DAYS AT BANGOR THIS WARM SEASON... WHICH WAS 2
BELOW THE LONG TERM AVERAGE OF 4.

IT WAS THE TALE OF TWO RAINFALL REGIMES FOR THE REGION THIS
SUMMER...WITH THE DIVIDING LINE ROUGHLY RUNNING THROUGH CENTRAL
PORTIONS OF THE REGION. ACROSS THE NORTH...RAINFALL WAS MUCH MORE
PLENTIFUL...WITH MORE FREQUENT SHOWER/THUNDERSTORM DAYS DUE TO MORE
FREQUENT COLD FRONTAL PASSAGES. FURTHER SOUTH...IT WAS MUCH DRIER
WITH DOWNEAST AREAS FORMING THE NORTHERN EDGE OF A SIGNIFICANT
DROUGHT REGIME THAT AFFECTED MUCH OF THE REST OF NEW ENGLAND.
OVERALL...RAINFALL DEPARTURES RANGE FROM AS LOW AS 65 PERCENT OF
NORMAL FOR PORTIONS OF THE LOWER PENOBSCOT VALLEY TO AS HIGH AS 135
PERCENT OF NORMAL FOR SOME LOCATIONS ACROSS FAR NORTHERN MAINE. THE
SEASONAL RAINFALL TOTAL OF 15.18 INCHES FOR CARIBOU WAS ACTUALLY THE
11TH WETTEST JUNE THROUGH AUGUST PERIOD OF RECORD SINCE RECORDS
BEGAN IN 1939. MEANWHILE...THE RELATIVELY MEAGER TOTAL OF 7.78
INCHES FOR THE SEASON AT BANGOR WAS THE 21ST LOWEST SINCE RECORDS
BEGAN THERE IN 1925.

$$

VJN/CB
