568
CXUS54 KBMX 011624
CLMBHM


CLIMATE REPORT
NATIONAL WEATHER SERVICE BIRMINGHAM, AL
1024 AM CST SUN JAN 1 2017

...................................

...THE BIRMINGHAM CLIMATE SUMMARY FOR THE YEAR OF 2016...

CLIMATE NORMAL PERIOD 1981 TO 2010
CLIMATE RECORD PERIOD 1895 TO 2016

WEATHER         OBSERVED          NORMAL  DEPART
                 VALUE   DATE(S)  VALUE   FROM
                                          NORMAL
................................................
TEMPERATURE (F)
RECORD
 HIGH             107   07/29/1930
 LOW              -10   02/13/1899
HIGHEST           100   06/26
LOWEST             19   01/19
AVG. MAXIMUM     75.4              73.9     1.5
AVG. MINIMUM     53.9              52.7     1.2
MEAN             64.6              63.3     1.3
DAYS MAX >= 90     72              54.6    17.4
DAYS MAX <= 32      0               1.4    -1.4
DAYS MAX >= 95     24
DAYS MAX >= 100     1
DAYS MIN <= 32     38              46.6    -8.6
DAYS MIN <= 0       0               0.1    -0.1
DAYS MIN <= 20      3

PRECIPITATION (INCHES)
TOTALS          33.23
DAILY AVG.       0.01              0.15   -0.14
DAYS >= .01        90             116.8   -26.8
DAYS >= .10        53              79.1   -26.1
DAYS >= .50        24              37.4   -13.4
DAYS >= 1.00       10              16.2    -6.2
GREATEST
 24 HR. TOTAL    3.05   MM

SNOWFALL (INCHES)
TOTALS              T               1.6    -1.6
 LIQUID EQUIV      MM              0.20      MM
SINCE 7/1         0.0               0.1    -0.1
 LIQUID 7/1      0.00              0.00    0.00
SNOWDEPTH AVG.      0                MM      MM
DAYS >= TRACE       2               0.8     1.2
DAYS >= 1.0         0               0.4    -0.4
GREATEST
 SNOW DEPTH         0   MM
 24 HR TOTAL      0.0

DEGREE_DAYS
HEATING TOTAL    2119              2678    -559
 SINCE 7/1        716              1047    -331
.................................................

WIND (MPH)
AVERAGE WIND SPEED              6.0
RESULTANT WIND SPEED/DIRECTION   0/231
HIGHEST WIND SPEED/DIRECTION    39/190    DATE  08/13
HIGHEST GUST SPEED/DIRECTION    53/330    DATE  05/12

AVERAGE RH (PERCENT)     64

WEATHER CONDITIONS. NUMBER OF DAYS WITH
THUNDERSTORM              0     MIXED PRECIP               0
HEAVY RAIN               44     RAIN                      49
LIGHT RAIN               92     FREEZING RAIN              0
LT FREEZING RAIN          0     HAIL                       1
HEAVY SNOW                0     SNOW                       0
LIGHT SNOW                2     SLEET                      0
FOG                      91     FOG W/VIS <= 1/4 MILE      4
HAZE                     33

-  INDICATES NEGATIVE NUMBERS.
R  INDICATES RECORD WAS SET OR TIED.
MM INDICATES DATA IS MISSING.
T  INDICATES TRACE AMOUNT.

$$
