000
CXUS53 KBIS 011342
CLMBIS

CLIMATE REPORT
NATIONAL WEATHER SERVICE BISMARCK ND
808 AM CDT FRI AUG 1 2014

...................................

...THE BISMARCK ND CLIMATE SUMMARY FOR THE MONTH OF JULY 2014...

CLIMATE NORMAL PERIOD 1981 TO 2010
CLIMATE RECORD PERIOD 1875 TO 2014

WEATHER         OBSERVED          NORMAL  DEPART  LAST YEAR`S
                 VALUE   DATE(S)  VALUE   FROM    VALUE  DATE(S)
                                          NORMAL
................................................................
TEMPERATURE (F)
RECORD
 HIGH             114   07/06/1936
 LOW               32   07/06/1884
HIGHEST            96   07/05                         93  07/17
LOWEST             44   07/28                         39  07/27
AVG. MAXIMUM     81.4              84.7    -3.3     82.9
AVG. MINIMUM     55.7              57.4    -1.7     57.0
MEAN             68.5              71.1    -2.6     70.0
DAYS MAX >= 90      3               8.0    -5.0        6
DAYS MAX <= 32      0               0.0     0.0        0
DAYS MIN <= 32      0               0.0     0.0        0
DAYS MIN <= 0       0               0.0     0.0        0

PRECIPITATION (INCHES)
RECORD
 MAXIMUM        13.75   1993
 MINIMUM         0.10   1936
TOTALS           0.73              2.89   -2.16     1.63
DAILY AVG.       0.02              0.09   -0.07     0.05
DAYS >= .01         6               9.7    -3.7        8
DAYS >= .10         3               5.6    -2.6        7
DAYS >= .50         0               1.7    -1.7        1
DAYS >= 1.00        0               0.5    -0.5        0
GREATEST
 24 HR. TOTAL    0.30   07/21 TO 07/21              0.67
                        07/20 TO 07/21
                        07/21 TO 07/21

DEGREE_DAYS
COOLING TOTAL     148               204     -56
 SINCE 1/1        252               304     -52
.................................................................

WIND (MPH)
HIGHEST WIND SPEED/DIRECTION    44/290    DATE  07/21
HIGHEST GUST SPEED/DIRECTION    54/310    DATE  07/21

SKY COVER
POSSIBLE SUNSHINE (PERCENT)   MM
NUMBER OF DAYS FAIR           24
NUMBER OF DAYS PC              7
NUMBER OF DAYS CLOUDY          0


WEATHER CONDITIONS. NUMBER OF DAYS WITH
THUNDERSTORM              0     MIXED PRECIP               0
HEAVY RAIN                2     RAIN                       1
LIGHT RAIN                8     FREEZING RAIN              0
LT FREEZING RAIN          0     HAIL                       0
HEAVY SNOW                0     SNOW                       0
LIGHT SNOW                0     SLEET                      0
FOG                      12     FOG W/VIS <= 1/4 MILE      3
HAZE                      8

-  INDICATES NEGATIVE NUMBERS.
R  INDICATES RECORD WAS SET OR TIED.
MM INDICATES DATA IS MISSING.
T  INDICATES TRACE AMOUNT.

$$

JULY 2014 WAS COOLER AND DRIER THAN NORMAL. THE AVERAGE MONTHLY
TEMPERATURE FOR JULY WAS 68.5 DEGREES FAHRENHEIT...WHICH WAS 2.6
DEGREES COOLER THAN THE NORMAL AVERAGE OF 71.1. TOTAL PRECIPITATION
WAS 0.73 INCHES...WHICH WAS 2.16 INCHES BELOW THE NORMAL 2.89. THE
MAXIMUM WIND WAS 44 MILES PER HOUR FROM 290 DEGREES WITH A PEAK GUST
OF 54 MILES PER HOUR FROM 310 DEGREES.

AUGUST HIGH TEMPERATURES USUALLY START OUT IN THE MID 80S BEFORE
FALLING TO THE UPPER 70S BY MONTH`S END. LOWS BEGIN AROUND THE UPPER
50S AND FALL TO THE LOWER 50S BY THE END OF AUGUST. FOR THIS
AUGUST...EXPECT BELOW NORMAL TEMPERATURES ON AVERAGE...AND NORMAL
PRECIPITATION CHANCES.

ZH
