214
CXUS53 KGRR 011819
CLMBIV


CLIMATE REPORT
NATIONAL WEATHER SERVICE GRAND RAPIDS, MI
206 PM EDT SAT JUL 1 2017

...................................

...THE HOLLAND/TULIP CITY MI CLIMATE SUMMARY FOR THE MONTH OF JUNE 2017...

CLIMATE NORMAL PERIOD 1981 TO 2010
CLIMATE RECORD PERIOD 1996 TO 2017

WEATHER         OBSERVED          NORMAL  DEPART  LAST YEAR`S
                 VALUE   DATE(S)  VALUE   FROM    VALUE  DATE(S)
                                          NORMAL
................................................................
TEMPERATURE (F)
HIGHEST            94   06/14        MM      MM       89  06/25
LOWEST             47   06/27        MM      MM       43  06/09
AVG. MAXIMUM     79.1              78.6     0.5     78.4
AVG. MINIMUM     59.2              58.0     1.2     57.5
MEAN             69.1              68.3     0.8     68.0
DAYS MAX >= 90      3               1.9     1.1        0
DAYS MAX <= 32      0               0.0     0.0        0
DAYS MIN <= 32      0               0.0     0.0        0
DAYS MIN <= 0       0               0.0     0.0        0

PRECIPITATION (INCHES)
TOTALS           3.31              4.22   -0.91     2.28
DAILY AVG.       0.11              0.14   -0.03     0.08
DAYS >= .01         9                MM      MM       10
DAYS >= .10         7                MM      MM        7
DAYS >= .50         3                MM      MM        1
DAYS >= 1.00        1                MM      MM        0
GREATEST
 24 HR. TOTAL    1.11   06/14 TO 06/14

DEGREE_DAYS
HEATING TOTAL      20                48     -28       36
 SINCE 7/1       5450              6160    -710     5538
COOLING TOTAL     153               146       7      132
 SINCE 1/1        184               188      -4      191
.................................................................

WIND (MPH)
AVERAGE WIND SPEED              8.9
RESULTANT WIND SPEED/DIRECTION   6/242
HIGHEST WIND SPEED/DIRECTION    32/240    DATE  06/14
HIGHEST GUST SPEED/DIRECTION    41/250    DATE  06/14

SKY COVER
POSSIBLE SUNSHINE (PERCENT)   MM
AVERAGE SKY COVER           0.20
NUMBER OF DAYS FAIR           23
NUMBER OF DAYS PC              7
NUMBER OF DAYS CLOUDY          0

AVERAGE RH (PERCENT)     65

WEATHER CONDITIONS. NUMBER OF DAYS WITH
THUNDERSTORM              6     MIXED PRECIP               0
HEAVY RAIN                5     RAIN                       6
LIGHT RAIN               12     FREEZING RAIN              0
LT FREEZING RAIN          0     HAIL                       0
HEAVY SNOW                0     SNOW                       0
LIGHT SNOW                0     SLEET                      0
FOG                      10     FOG W/VIS <= 1/4 MILE      0
HAZE                      1

-  INDICATES NEGATIVE NUMBERS.
R  INDICATES RECORD WAS SET OR TIED.
MM INDICATES DATA IS MISSING.
T  INDICATES TRACE AMOUNT.

$$

63
