000
CXUS51 KRLX 050202
CLMBKW


CLIMATE REPORT
NATIONAL WEATHER SERVICE CHARLESTON WV
1000 PM EDT TUE AUG 4 2015

...................................

...THE BECKLEY CLIMATE SUMMARY FOR THE MONTH OF JULY 2015...

CLIMATE NORMAL PERIOD 1981 TO 2010
CLIMATE RECORD PERIOD 1963 TO 2015

WEATHER         OBSERVED          NORMAL  DEPART  LAST YEAR`S
                 VALUE   DATE(S)  VALUE   FROM    VALUE  DATE(S)
                                          NORMAL
................................................................
TEMPERATURE (F)
RECORD
 HIGH              94   07/16/1988
                        07/08/1988
 LOW               41   07/01/1988
                        07/07/1972
                        07/10/1963
HIGHEST            86   07/19                         86
                        07/18
LOWEST             57   07/01                         48
AVG. MAXIMUM     79.7              79.8    -0.1     78.3
AVG. MINIMUM     63.4              61.4     2.0     59.6
MEAN             71.5              70.6     0.9     69.0
DAYS MAX >= 90      0               0.4    -0.4        0
DAYS MAX <= 32      0               0.0     0.0        0
DAYS MIN <= 32      0               0.0     0.0        0
DAYS MIN <= 0       0               0.0     0.0        0

PRECIPITATION (INCHES)
RECORD
 MAXIMUM        10.44   1910
 MINIMUM         0.17   2013
TOTALS           9.11              5.03    4.08     2.41
DAILY AVG.       0.29              0.16    0.13     0.08
DAYS >= .01        18              13.1     4.9       12
DAYS >= .10        14               8.6     5.4        7
DAYS >= .50         7               3.4     3.6        1
DAYS >= 1.00        4               1.2     2.8        0
GREATEST
 24 HR. TOTAL    1.29   07/02 TO 07/03           07/14 TO 07/15
                                                          07/31 TO 07/31
                                                          07/31 TO 07/31

SNOWFALL (INCHES)
RECORDS
 TOTAL             MM   MM
TOTALS            0.0               0.0     0.0      0.0
SINCE 7/1         0.0               0.0     0.0      0.0
SNOWDEPTH AVG.      0                MM      MM        0
DAYS >= 1.0         0               0.0     0.0        0
GREATEST
 SNOW DEPTH         0   MM                             0
 24 HR TOTAL      0.0   07/31 TO 07/31               0.0

DEGREE_DAYS
HEATING TOTAL       0                 8      -8       22
 SINCE 7/1          0                 8      -8       22
COOLING TOTAL     209               181      28      151
 SINCE 1/1        503               333     170      397
..................................................

WIND (MPH)
AVERAGE WIND SPEED              5.4
HIGHEST WIND SPEED/DIRECTION    31/280    DATE  07/13
HIGHEST GUST SPEED/DIRECTION    42/280    DATE  07/13

SKY COVER
POSSIBLE SUNSHINE (PERCENT)   MM
AVERAGE SKY COVER           0.50
NUMBER OF DAYS FAIR            9
NUMBER OF DAYS PC             18
NUMBER OF DAYS CLOUDY          4

AVERAGE RH (PERCENT)     76

WEATHER CONDITIONS. NUMBER OF DAYS WITH
THUNDERSTORM              0     MIXED PRECIP               0
HEAVY RAIN               14     RAIN                      13
LIGHT RAIN               21     FREEZING RAIN              0
LT FREEZING RAIN          0     HAIL                       0
HEAVY SNOW                0     SNOW                       0
LIGHT SNOW                0     SLEET                      0
FOG                      25     FOG W/VIS <= 1/4 MILE      1
HAZE                      9

-  INDICATES NEGATIVE NUMBERS.
R  INDICATES RECORD WAS SET OR TIED.
MM INDICATES DATA IS MISSING.
T  INDICATES TRACE AMOUNT.

$$
