000
CXUS56 KSEW 011112
CLMBLI


CLIMATE REPORT
NATIONAL WEATHER SERVICE SEATTLE WA
312 AM PST MON FEB 1 2016

...................................

...THE BELLINGHAM WA AIRPORT CLIMATE SUMMARY FOR THE MONTH OF JANUARY 2016...

CLIMATE NORMAL PERIOD 1981 TO 2010
CLIMATE RECORD PERIOD 1949 TO 2016

WEATHER         OBSERVED          NORMAL  DEPART  LAST YEAR`S
                 VALUE   DATE(S)  VALUE   FROM    VALUE  DATE(S)
                                          NORMAL
................................................................
TEMPERATURE (F)
RECORD
 HIGH              65   01/11/2010
                        01/22/1981
 LOW               -2   01/29/1950
                        01/25/1950
HIGHEST            61   01/27        MM      MM       60  01/26
LOWEST             19   01/03        MM      MM       21  01/01
AVG. MAXIMUM     47.8              45.6     2.2     50.0
AVG. MINIMUM     34.5              32.8     1.7     34.9
MEAN             41.2              39.2     2.0     42.5
DAYS MAX >= 90      0               0.0     0.0        0
DAYS MAX <= 32      0               1.6    -1.6        0
DAYS MIN <= 32     12              13.3    -1.3       11
DAYS MIN <= 0       0               0.0     0.0        0

PRECIPITATION (INCHES)
RECORD
 MAXIMUM        10.58   1971
 MINIMUM         0.70   1949
TOTALS           3.11              4.67   -1.56     5.49
DAILY AVG.       0.10              0.15   -0.05     0.18
DAYS >= .01        20              18.8     1.2       18
DAYS >= .10        12              11.0     1.0        9
DAYS >= .50         0               2.5    -2.5        4
DAYS >= 1.00        0               0.6    -0.6        2
GREATEST
 24 HR. TOTAL    0.55   01/29 TO 01/30

DEGREE_DAYS
HEATING TOTAL     730               800     -70      692
COOLING TOTAL       0                 0       0        0
 SINCE 1/1          0                 0       0        0
.................................................................

WIND (MPH)
AVERAGE WIND SPEED              6.9
HIGHEST WIND SPEED/DIRECTION    43/150    DATE  01/28
HIGHEST GUST SPEED/DIRECTION    57/150    DATE  01/28

SKY COVER
POSSIBLE SUNSHINE (PERCENT)   MM
AVERAGE SKY COVER           0.70
NUMBER OF DAYS FAIR            6
NUMBER OF DAYS PC             10
NUMBER OF DAYS CLOUDY         15

AVERAGE RH (PERCENT)     80

WEATHER CONDITIONS. NUMBER OF DAYS WITH
THUNDERSTORM              0     MIXED PRECIP               0
HEAVY RAIN                0     RAIN                       1
LIGHT RAIN               22     FREEZING RAIN              0
LT FREEZING RAIN          0     HAIL                       0
HEAVY SNOW                0     SNOW                       0
LIGHT SNOW                1     SLEET                      0
FOG                      17     FOG W/VIS <= 1/4 MILE      2
HAZE                      0

-  INDICATES NEGATIVE NUMBERS.
R  INDICATES RECORD WAS SET OR TIED.
MM INDICATES DATA IS MISSING.
T  INDICATES TRACE AMOUNT.

$$
