000
CXUS54 KOHX 011521
CLMBNA


CLIMATE REPORT
NATIONAL WEATHER SERVICE NASHVILLE TN
1020 AM CDT SAT APR 1 2017

...................................

...THE NASHVILLE CLIMATE SUMMARY FOR THE MONTH OF MARCH 2017...

CLIMATE NORMAL PERIOD 1981 TO 2010
CLIMATE RECORD PERIOD 1871 TO 2017

WEATHER         OBSERVED          NORMAL  DEPART  LAST YEAR`S
                 VALUE   DATE(S)  VALUE   FROM    VALUE
                                          NORMAL
.............................................................
TEMPERATURE (F)
RECORD
 HIGH              89   03/21/1907
 LOW                2   03/03/1980
HIGHEST            84   03/20
LOWEST             21   03/16
AVG. MAXIMUM     65.1              61.0     4.1
AVG. MINIMUM     41.9              39.0     2.9
MEAN             53.5              50.0     3.5     55.9
DAYS MAX >= 90      0
DAYS MAX <= 32      0
DAYS MIN <= 32      8
DAYS MIN <= 0       0

PRECIPITATION (INCHES)
RECORD
 MAXIMUM        12.35   1975
 MINIMUM         0.85   1910
TOTALS           4.02              4.11   -0.09
DAYS >= .01        16
DAYS >= .10        11
DAYS >= .50         3
DAYS >= 1.00        0
GREATEST
 24 HR. TOTAL    0.84   03/09 TO 03/09

SNOWFALL (INCHES)
TOTALS            1.5               0.9     0.6
SINCE 7/1         2.2                      -4.1
DAYS >= TRACE       1
DAYS >= 1.0         1

DEGREE_DAYS
HEATING TOTAL     365               473    -108
 SINCE 7/1       2333              3411   -1078
COOLING TOTAL      14                 8       6
 SINCE 1/1         21                 8      13
..............................................................

WIND (MPH)
AVERAGE WIND SPEED              9.1
HIGHEST GUST SPEED/DIRECTION    45/320    DATE  03/21

SKY COVER
POSSIBLE SUNSHINE (PERCENT)   MM
AVERAGE SKY COVER           0.60
NUMBER OF DAYS FAIR            7
NUMBER OF DAYS PC             13
NUMBER OF DAYS CLOUDY         11

AVERAGE RH (PERCENT)     59

WEATHER CONDITIONS. NUMBER OF DAYS WITH
THUNDERSTORM              0     MIXED PRECIP               0
HEAVY RAIN                4     RAIN                       8
LIGHT RAIN               16     FREEZING RAIN              0
LT FREEZING RAIN          0     HAIL                       0
HEAVY SNOW                1     SNOW                       1
LIGHT SNOW                1     SLEET                      0
FOG                      16     FOG W/VIS <= 1/4 MILE      1
HAZE                      4

-  INDICATES NEGATIVE NUMBERS.
R  INDICATES RECORD WAS SET OR TIED.
MM INDICATES DATA IS MISSING.
T  INDICATES TRACE AMOUNT.

$$
