000
CXUS54 KOHX 041446
CLMBNA

CLIMATE REPORT
NATIONAL WEATHER SERVICE NASHVILLE TN
944 AM CDT THU JUN 4 2015

...................................

...THE NASHVILLE CLIMATE SUMMARY FOR THE MONTH OF MAY 2015...

CLIMATE NORMAL PERIOD 1981 TO 2010
CLIMATE RECORD PERIOD 1871 TO 2015

WEATHER         OBSERVED          NORMAL  DEPART  LAST YEAR`S
                 VALUE   DATE(S)  VALUE   FROM    VALUE
                                          NORMAL
.............................................................
TEMPERATURE (F)
RECORD
 HIGH              96   05/31/1937
                        05/28/1911
 LOW               34   05/04/1976
                        05/02/1963
                        05/01/1963
HIGHEST            92   05/10
LOWEST             44   05/22
                        05/01
AVG. MAXIMUM     82.4              78.2     4.2
AVG. MINIMUM     59.3              56.8     2.5
MEAN             70.9              67.5     3.4     70.4
DAYS MAX >= 90      2
DAYS MAX <= 32      0
DAYS MIN <= 32      0
DAYS MIN <= 0       0

PRECIPITATION (INCHES)
RECORD
 MAXIMUM        16.43   2010
 MINIMUM         0.83   1951
TOTALS           3.56              5.50   -1.94
DAYS >= .01        12
DAYS >= .10         8
DAYS >= .50         4
DAYS >= 1.00        0
GREATEST
 24 HR. TOTAL    0.72   05/26 TO 05/27

SNOWFALL (INCHES)
TOTALS            0.0               0.0     0.0
SINCE 7/1         6.1                      -0.2
DAYS >= TRACE       0
DAYS >= 1.0         0

DEGREE_DAYS
HEATING TOTAL      24                57     -33
 SINCE 7/1       3778              3685      93
COOLING TOTAL     214               134      80
 SINCE 1/1        256               179      77
..............................................................

WIND (MPH)
AVERAGE WIND SPEED              5.9
HIGHEST GUST SPEED/DIRECTION    36/180    DATE  05/17

SKY COVER
POSSIBLE SUNSHINE (PERCENT)   MM
AVERAGE SKY COVER           0.60
NUMBER OF DAYS FAIR            5
NUMBER OF DAYS PC             15
NUMBER OF DAYS CLOUDY         11

AVERAGE RH (PERCENT)     67

WEATHER CONDITIONS. NUMBER OF DAYS WITH
THUNDERSTORM              3     MIXED PRECIP               0
HEAVY RAIN                6     RAIN                       6
LIGHT RAIN               13     FREEZING RAIN              0
LT FREEZING RAIN          0     HAIL                       0
HEAVY SNOW                0     SNOW                       0
LIGHT SNOW                0     SLEET                      0
FOG                      13     FOG W/VIS <= 1/4 MILE      1
HAZE                      3

-  INDICATES NEGATIVE NUMBERS.
R  INDICATES RECORD WAS SET OR TIED.
MM INDICATES DATA IS MISSING.
T  INDICATES TRACE AMOUNT.

$$
BOYD
01
