000
CXAK59 PABR 031037
CLMBRW

CLIMATE REPORT
NATIONAL WEATHER SERVICE BARROW, AK
137 AM AKST SAT JAN 3 2015

...................................

...THE BARROW WSO AP CLIMATE SUMMARY FOR THE MONTH OF DECEMBER 2014...

CLIMATE NORMAL PERIOD 1981 TO 2010
CLIMATE RECORD PERIOD 1915 TO 2014

WEATHER         OBSERVED          NORMAL  DEPART  LAST YEAR`S
                 VALUE   DATE(S)  VALUE   FROM    VALUE  DATE(S)
                                          NORMAL
................................................................
TEMPERATURE (F)
RECORD
 HIGH              34   12/09/1932
 LOW              -55   12/10/1924
HIGHEST            26   12/29        20       6      30  12/07
LOWEST            -28               -33       5     -36  12/27
AVG. MAXIMUM       -1.4              -1.8     0.4     4.2
AVG. MINIMUM      -12.3             -13.8     1.5    -9.3
MEAN               -6.8              -7.8     1.0    -2.5
DAYS MAX >= 90      0                 0.0     0.0     0
DAYS MAX <= 32     31                31.0     0.0    31
DAYS MAX >= 80      0                 0.0     0.0     0
DAYS MAX >= 70      0                 0.0     0.0     0
DAYS MIN <= 32     31                31.0     0.0    31
DAYS MIN <= 0      31                27.6     3.4    24

PRECIPITATION (INCHES)
RECORD
 MAXIMUM            1.17   2013
 MINIMUM            0.00   1935
TOTALS              0.20              0.14    0.06    1.17
DAILY AVG.          0.01              0.01    0.00    0.04
DAYS >= .01         7                 5.7     1.3    15
DAYS >= .10         1                 0.2     0.8     3
DAYS >= .50         0                 0.0     0.0     0
DAYS >= 1.0         0                 0.0     0.0     0
GREATEST
 24 HR TOTAL        0.11   12/28                      0.36  12/09

SNOWFALL (INCHES)
RECORDS
 TOTAL             15.8   2011
 24 HR TOTAL        6.5   12-04-2011
 SNOW DEPTH        25     12-31-1928
TOTALS              3.0               3.5    -0.5    13.1
SINCE 7/1          34.1              24.0    10.1    37.0
SNOWDEPTH AVG.      4                 8      -4       7
DAYS >= TRACE      22                21.6     0.4    19
DAYS >= 1.0         1                 0.9     0.1     3
DAYS >= 6.0         0                 0.0     0.0     0
GREATEST
 SNOW DEPTH         6   12/31                         8  12/31
 24 HR TOTAL      1.0   12/28                       3.9  12/09

DEGREE_DAYS
HEATING TOTAL    2218              2257     -39    2085
 SINCE 7/1       7820              8207    -387    7455
COOLING TOTAL       0                 0       0       0
 SINCE 1/1          0                 0       0       0
................................................................

WIND (MPH)
AVERAGE WIND SPEED               13.4
HIGHEST WIND SPEED/DIRECTION     40/070    DATE   12/30
HIGHEST GUST SPEED/DIRECTION     49/110    DATE   12/28

SKY COVER
POSSIBLE SUNSHINE (PERCENT)   MM
AVERAGE SKY COVER             MM
NUMBER OF DAYS FAIR           MM
NUMBER OF DAYS PC             MM
NUMBER OF DAYS CLOUDY         MM

AVERAGE RH (PERCENT)     MM

WEATHER CONDITIONS. NUMBER OF DAYS WITH
THUNDERSTORM              0     ICE PELLETS                 0
RAIN                      2     GLAZE                       2
DRIZZLE                   0     HAIL                        0
SNOW                     20     HAZE                        5
FOG                      21     FOG W/VIS <= 1/4 MILE       2
BLOWING SNOW             13


-  INDICATES NEGATIVE NUMBERS.
R  INDICATES RECORD WAS SET OR TIED.
MM INDICATES DATA IS MISSING.
T  INDICATES TRACE AMOUNT.

&&


$$
RFL JAN 15
