000
CXUS53 KGRR 011849 CCA
CLMBTL

CLIMATE REPORT
NATIONAL WEATHER SERVICE GRAND RAPIDS, MI
1002 AM EDT SAT OCT 1 2016

...................................

...THE BATTLE CREEK MI CLIMATE SUMMARY FOR THE MONTH OF SEPTEMBER 2016...

CLIMATE NORMAL PERIOD 1981 TO 2010
CLIMATE RECORD PERIOD 1998 TO 2016

WEATHER         OBSERVED          NORMAL  DEPART  LAST YEAR`S
                 VALUE   DATE(S)  VALUE   FROM    VALUE  DATE(S)
                                          NORMAL
................................................................
TEMPERATURE (F)
HIGHEST            88   09/07        MM      MM       91  09/07
LOWEST             49   09/27        MM      MM       44  09/30
                        09/03                             09/13
AVG. MAXIMUM     75.8              73.4     2.4     77.9
AVG. MINIMUM     56.8              49.9     6.9     57.2
MEAN             66.3              61.6     4.7     67.5
DAYS MAX >= 90      0               0.2    -0.2        2
DAYS MAX <= 32      0               0.0     0.0        0
DAYS MIN <= 32      0               0.5    -0.5        0
DAYS MIN <= 0       0               0.0     0.0        0

PRECIPITATION (INCHES)
TOTALS             MM              3.65      MM     2.71
DAILY AVG.       0.07              0.12   -0.05     0.09
DAYS >= .01         8              10.1    -2.1        8
DAYS >= .10         4               6.1    -2.1        5
DAYS >= .50         1               2.3    -1.3        3
DAYS >= 1.00        1               1.0     0.0        0
GREATEST
 24 HR. TOTAL    1.44   09/29 TO 09/30

DEGREE_DAYS
HEATING TOTAL      43               156    -113       59
 SINCE 7/1         51               197    -146       81
COOLING TOTAL      92                55      37      142
 SINCE 1/1        708               573     135      720
.................................................................

WIND (MPH)
AVERAGE WIND SPEED              7.4
RESULTANT WIND SPEED/DIRECTION   2/178
HIGHEST WIND SPEED/DIRECTION    30/250    DATE  09/27
HIGHEST GUST SPEED/DIRECTION    38/250    DATE  09/27

SKY COVER
POSSIBLE SUNSHINE (PERCENT)   MM
AVERAGE SKY COVER           0.30
NUMBER OF DAYS FAIR           19
NUMBER OF DAYS PC              6
NUMBER OF DAYS CLOUDY          5

AVERAGE RH (PERCENT)     77

WEATHER CONDITIONS. NUMBER OF DAYS WITH
THUNDERSTORM              3     MIXED PRECIP               0
HEAVY RAIN                5     RAIN                       8
LIGHT RAIN               13     FREEZING RAIN              0
LT FREEZING RAIN          0     HAIL                       0
HEAVY SNOW                0     SNOW                       0
LIGHT SNOW                0     SLEET                      0
FOG                      13     FOG W/VIS <= 1/4 MILE      1
HAZE                      1

-  INDICATES NEGATIVE NUMBERS.
R  INDICATES RECORD WAS SET OR TIED.
MM INDICATES DATA IS MISSING.
T  INDICATES TRACE AMOUNT.

&&

SEPTEMBER 2016 WAS NOTABLY WARMER THAN NORMAL ACROSS SOUTHWEST LOWER
MICHIGAN. MUSKEGON RECORDED ITS WARMEST SEPTEMBER ON RECORD. RECORDS
BEGAN THERE IN 1896. AVERAGE TEMPERATURE IN GRAND RAPIDS AND LANSING
WAS IN THE TOP TEN ON RECORD.

TEMPERATURES WERE CONSISTENTLY WARMER THAN NORMAL THROUGH THE FIRST
THREE WEEKS OF SEPTEMBER... WITH DAILY HIGHS MAINLY IN THE 70S AND
80S. SOME LOCATIONS EVEN HIT 90 DEGREES ON SEPTEMBER 6TH.
TEMPERATURES DIPPED BACK TO REALITY DURING THE LAST WEEK OF THE
MONTH... WITH HIGHS IN THE 60S. ABOVE NORMAL LOW TEMPERATURES KEPT
THE DAILY AVERAGES CLOSER TO NORMAL DURING THE FINAL WEEK OF
SEPTEMBER.

PRECIPITATION WAS VARIABLE ACROSS THE AREA IN SEPTEMBER... BELOW
NORMAL FOR MANY AREAS WITH TWO SIGNIFICANT EXCEPTIONS. AREAS NORTH
OF GRAND RAPIDS AND WEST OF BIG RAPIDS SAW ABOVE NORMAL RAINFALL...
AS DID SOUTHEAST LOWER MICHIGAN EXTENDING TO LANSING. IN FACT...
MUSKEGON HAD WELL ABOVE NORMAL RAINFALL. MUSKEGON SET BACK-TO-BACK
DAILY RAINFALL RECORDS ON THE 6TH AND 7TH OF SEPTEMBER. 4.24 INCHES
FELL IN MUSKEGON OVER THOSE TWO DAYS.

$$

CAS/EBW
