000
CXUS54 KLIX 011547
CLMBTR


CLIMATE REPORT
NATIONAL WEATHER SERVICE NEW ORLEANS
1047 AM CDT SAT AUG 1 2015

...................................

...THE BATON ROUGE  ASOS CLIMATE SUMMARY FOR THE MONTH OF JULY 2015...

CLIMATE NORMAL PERIOD 1981 TO 2010
CLIMATE RECORD PERIOD 1894 TO 2015

WEATHER         OBSERVED          NORMAL  DEPART  LAST YEAR`S
                 VALUE   DATE(S)  VALUE   FROM    VALUE  DATE(S)
                                          NORMAL
................................................................
TEMPERATURE (F)
RECORD
 HIGH             103   07/13/1901
 LOW               58   07/15/1967
HIGHEST           100   07/30        MM      MM       95  07/26
LOWEST             69   07/05        MM      MM       62  07/17
AVG. MAXIMUM     95.3              92.2     3.1     90.8
AVG. MINIMUM     75.3              73.7     1.6     71.4
MEAN             85.3              83.0     2.3     81.1
DAYS MAX >= 90     31              24.1     6.9       22
DAYS MAX <= 32      0               0.0     0.0        0
DAYS MIN <= 32      0               0.0     0.0        0
DAYS MIN <= 0       0               0.0     0.0        0

PRECIPITATION (INCHES)
RECORD
 MAXIMUM           MM   MM
 MINIMUM           MM   MM
TOTALS           3.73              4.96   -1.23     5.78
DAILY AVG.       0.12              0.16   -0.04     0.19
DAYS >= .01         9              12.9    -3.9       14
DAYS >= .10         4               8.8    -4.8        6
DAYS >= .50         1               3.7    -2.7        2
DAYS >= 1.00        1               1.1    -0.1        1
GREATEST
 24 HR. TOTAL    2.96   07/05 TO 07/05           07/18 TO 07/18
                        07/04 TO 07/05                    07/17 TO 07/18
                        07/05 TO 07/05                    07/18 TO 07/18

SNOWFALL (INCHES)
RECORDS
 TOTAL             MM   MM
 24 HR TOTAL       MM
 SNOW DEPTH        MM   MM
TOTALS            0.0               0.0     0.0      0.0
SINCE 7/1         0.0               0.0     0.0      0.0
SNOWDEPTH AVG.      0                MM      MM        0
DAYS >= TRACE       0               0.0     0.0        0
DAYS >= 1.0         0               0.0     0.0        0
GREATEST
 SNOW DEPTH         0   MM                             0  MM
 24 HR TOTAL      0.0   07/31 TO 07/31           07/31 TO 07/31
                                                          07/18 TO 07/18
                                                          07/18 TO 07/18

DEGREE_DAYS
HEATING TOTAL       0                 0       0        0
 SINCE 7/1          0                 0       0        0
COOLING TOTAL     635               556      79      504
 SINCE 1/1       1802              1605     197     1479
.........................................................

WIND (MPH)
AVERAGE WIND SPEED              5.3
HIGHEST WIND SPEED/DIRECTION    35/230    DATE  07/04
HIGHEST GUST SPEED/DIRECTION    51/230    DATE  07/04

SKY COVER
POSSIBLE SUNSHINE (PERCENT)   MM
AVERAGE SKY COVER           0.20
NUMBER OF DAYS FAIR           30
NUMBER OF DAYS PC              1
NUMBER OF DAYS CLOUDY          0

AVERAGE RH (PERCENT)     71

WEATHER CONDITIONS. NUMBER OF DAYS WITH
THUNDERSTORM              0     MIXED PRECIP               0
HEAVY RAIN                3     RAIN                       4
LIGHT RAIN               10     FREEZING RAIN              0
LT FREEZING RAIN          0     HAIL                       0
HEAVY SNOW                0     SNOW                       0
LIGHT SNOW                0     SLEET                      0
FOG                       8     FOG W/VIS <= 1/4 MILE      0
HAZE                      6

-  INDICATES NEGATIVE NUMBERS.
R  INDICATES RECORD WAS SET OR TIED.
MM INDICATES DATA IS MISSING.
T  INDICATES TRACE AMOUNT.

$$
