646
CXUS55 KABQ 021148
CLMCAO

ABQCLMCAOALLTTAA00 KABQ 011543


CLIMATE REPORT
NATIONAL WEATHER SERVICE ALBUQUERQUE NM
928 AM MDT THU JUN 1 2017

...................................

...THE CLAYTON  NM CLIMATE SUMMARY FOR THE MONTH OF MAY 2017...

CLIMATE NORMAL PERIOD 1981 TO 2010
CLIMATE RECORD PERIOD 1896 TO 2017

WEATHER         OBSERVED          NORMAL  DEPART  LAST YEAR`S
                 VALUE   DATE(S)  VALUE   FROM    VALUE  DATE(S)
                                          NORMAL
................................................................
TEMPERATURE (F)
RECORD
 HIGH              99   05/27/1896
 LOW               20   05/07/1917
HIGHEST            86   05/25        MM      MM       86  05/24
                                                          05/22
                                                          05/21
LOWEST             29   05/01        MM      MM       30  05/02
AVG. MAXIMUM     73.4              75.6    -2.2     74.2
AVG. MINIMUM     43.2              47.3    -4.1     44.7
MEAN             58.3              61.5    -3.2     59.4
DAYS MAX >= 90      0               1.5    -1.5        0
DAYS MAX <= 32      0               0.0     0.0        0
DAYS MIN <= 32      2               0.2     1.8        1
DAYS MIN <= 0       0               0.0     0.0        0

PRECIPITATION (INCHES)
RECORD
 MAXIMUM           MM   MM
 MINIMUM           MM   MM
TOTALS           2.24              1.96    0.28     1.10
DAILY AVG.       0.07              0.06    0.01     0.04
DAYS >= .01         9               7.0     2.0        7
DAYS >= .10         6               3.8     2.2        4
DAYS >= .50         2               1.0     1.0        0
DAYS >= 1.00        0               0.4    -0.4        0
GREATEST
 24 HR. TOTAL    0.61   05/09 TO 05/09              0.30

SNOWFALL (INCHES)
RECORDS
 TOTAL             MM   MM
TOTALS            0.0               0.7    -0.7      0.5
SINCE 7/1        25.3              28.0    -2.7     25.5
SNOWDEPTH AVG.      0                MM      MM        0
DAYS >= 1.0         0               0.2    -0.2        0
GREATEST
 SNOW DEPTH         0   MM                             0  MM
 24 HR TOTAL      0.0   05/31 TO 05/31               0.5

DEGREE_DAYS
HEATING TOTAL     213               155      58      185
 SINCE 7/1       4012              4861    -849     4308
COOLING TOTAL      12                45     -33       19
 SINCE 1/1         32                51     -19       19
.................................................................

WIND (MPH)
AVERAGE WIND SPEED              13.0
HIGHEST WIND SPEED/DIRECTION    49/280    DATE  05/09
HIGHEST GUST SPEED/DIRECTION    59/290    DATE  05/09

SKY COVER
AVERAGE SKY COVER           0.20

AVERAGE RH (PERCENT)     59

WEATHER CONDITIONS. NUMBER OF DAYS WITH
THUNDERSTORM              0     MIXED PRECIP               0
HEAVY RAIN                4     RAIN                       5
LIGHT RAIN               14     FREEZING RAIN              0
LT FREEZING RAIN          0     HAIL                       0
HEAVY SNOW                0     SNOW                       0
LIGHT SNOW                0     SLEET                      0
FOG                       8     FOG W/VIS <= 1/4 MILE      0
HAZE                      0

-  INDICATES NEGATIVE NUMBERS.
R  INDICATES RECORD WAS SET OR TIED.
MM INDICATES DATA IS MISSING.
T  INDICATES TRACE AMOUNT.

$$
