000
CXUS55 KCYS 061359
CLMCHY


CLIMATE REPORT
NATIONAL WEATHER SERVICE CHEYENNE WY
658 AM MST TUE DEC 6 2016

...................................

...THE CHEYENNE WY CLIMATE SUMMARY FOR THE MONTH OF NOVEMBER 2016...

CLIMATE NORMAL PERIOD 1981 TO 2010
CLIMATE RECORD PERIOD 1871 TO 2016

WEATHER         OBSERVED          NORMAL  DEPART  LAST YEAR`S
                 VALUE   DATE(S)  VALUE   FROM    VALUE
                                          NORMAL
.............................................................
TEMPERATURE (F)
RECORD
 HIGH              75   11/16/2016
                        11/15/1999
                        11/05/1891
 LOW              -21   11/13/1916
HIGHEST            75R  11/16        47      28       70
LOWEST             13   11/19        24     -11        2
AVG. MAXIMUM     55.3              46.5     8.8     46.1
AVG. MINIMUM     28.8              24.2     4.6     22.4
MEAN             42.0              35.3     6.7     34.2
DAYS MAX >= 90      0               0.0     0.0        0
DAYS MAX <= 32      2               4.3    -2.3        5
DAYS MIN <= 32     18              23.1    -5.1       26
DAYS MIN <= 0       0               0.6    -0.6        0

PRECIPITATION (INCHES)
RECORD
 MAXIMUM         2.48   1979
 MINIMUM            T   1965
                        1901
                        1878
TOTALS           0.38              0.59   -0.21     1.11
DAYS >= .01         6               6.4    -0.4       10
DAYS >= .10         2               1.9     0.1        4
DAYS >= .50         0               0.2    -0.2        1
DAYS >= 1.00        0               0.0     0.0        0
GREATEST
 24 HR. TOTAL    0.17   11/22 TO 11/22

DEGREE_DAYS
HEATING TOTAL     681               889    -208      915
 SINCE 7/1       1264              1748    -484     1427
COOLING TOTAL       0                 0       0        0
 SINCE 1/1        452               348     104      362

FREEZE DATES
RECORD
 EARLIEST     08/24/1910
 LATEST       06/19/1876
EARLIEST      11/01             09/24
LATEST                          05/20
..............................................................

WIND (MPH)
AVERAGE WIND SPEED              11.7
HIGHEST WIND SPEED/DIRECTION    36/310    DATE  11/29
HIGHEST GUST SPEED/DIRECTION    53/330    DATE  11/29

SKY COVER
POSSIBLE SUNSHINE (PERCENT)   MM
AVERAGE SKY COVER           0.20
NUMBER OF DAYS FAIR           24
NUMBER OF DAYS PC              6
NUMBER OF DAYS CLOUDY          0

AVERAGE RH (PERCENT)     49

WEATHER CONDITIONS. NUMBER OF DAYS WITH
THUNDERSTORM              0     MIXED PRECIP               0
HEAVY RAIN                0     RAIN                       0
LIGHT RAIN                4     FREEZING RAIN              0
LT FREEZING RAIN          0     HAIL                       0
HEAVY SNOW                1     SNOW                       1
LIGHT SNOW                7     SLEET                      0
FOG                       3     FOG W/VIS <= 1/4 MILE      1
HAZE                      1

-  INDICATES NEGATIVE NUMBERS.
R  INDICATES RECORD WAS SET OR TIED.
MM INDICATES DATA IS MISSING.
T  INDICATES TRACE AMOUNT.
...................................

...THE DOUGLAS WY AIRPORT CLIMATE SUMMARY FOR THE MONTH OF NOVEMBER 2016...

CLIMATE NORMAL PERIOD 1981 TO 2010
CLIMATE RECORD PERIOD 1998 TO 2016

WEATHER         OBSERVED          NORMAL  DEPART  LAST YEAR`S
                 VALUE   DATE(S)  VALUE   FROM    VALUE
                                          NORMAL
.............................................................
TEMPERATURE (F)
RECORD
 HIGH              76   11/07/1999
 LOW              -25   11/13/2014
HIGHEST            74   11/09        MM      MM       74
LOWEST             11   11/19        MM      MM       -7
AVG. MAXIMUM     57.1              46.7    10.4     47.0
AVG. MINIMUM     24.4              19.6     4.8     18.3
MEAN             40.8              33.2     7.6     32.7
DAYS MAX >= 90      0               0.0     0.0        0
DAYS MAX <= 32      1               4.9    -3.9        6
DAYS MIN <= 32     25              27.0    -2.0       27
DAYS MIN <= 0       0               1.4    -1.4        4

PRECIPITATION (INCHES)
RECORD
 MAXIMUM           MM   MM
 MINIMUM           MM   MM
TOTALS           0.49              0.65   -0.16     0.42
DAYS >= .01         3                MM      MM        9
DAYS >= .10         2                MM      MM        1
DAYS >= .50         0                MM      MM        0
DAYS >= 1.00        0                MM      MM        0
GREATEST
 24 HR. TOTAL    0.31   11/22 TO 11/22

DEGREE_DAYS
HEATING TOTAL     719               955    -236      963
 SINCE 7/1       1364              1822    -458     1462
COOLING TOTAL       0                 0       0        0
 SINCE 1/1        209               486    -277      503

FREEZE DATES
RECORD
 EARLIEST     MM
 LATEST       MM
EARLIEST                        MM
LATEST                          MM
..............................................................

WIND (MPH)
AVERAGE WIND SPEED              8.6
HIGHEST WIND SPEED/DIRECTION    40/320    DATE  11/29
HIGHEST GUST SPEED/DIRECTION    51/330    DATE  11/29

SKY COVER
POSSIBLE SUNSHINE (PERCENT)   MM
AVERAGE SKY COVER           0.20
NUMBER OF DAYS FAIR           23
NUMBER OF DAYS PC              5
NUMBER OF DAYS CLOUDY          2

AVERAGE RH (PERCENT)     53

WEATHER CONDITIONS. NUMBER OF DAYS WITH
THUNDERSTORM              0     MIXED PRECIP               0
HEAVY RAIN                0     RAIN                       0
LIGHT RAIN                1     FREEZING RAIN              0
LT FREEZING RAIN          0     HAIL                       0
HEAVY SNOW                1     SNOW                       1
LIGHT SNOW                5     SLEET                      0
FOG                       4     FOG W/VIS <= 1/4 MILE      2
HAZE                      0

-  INDICATES NEGATIVE NUMBERS.
R  INDICATES RECORD WAS SET OR TIED.
MM INDICATES DATA IS MISSING.
T  INDICATES TRACE AMOUNT.
...................................

...THE LARAMIE WY AIRPORT CLIMATE SUMMARY FOR THE MONTH OF NOVEMBER 2016...

CLIMATE NORMAL PERIOD 1981 TO 2010
CLIMATE RECORD PERIOD 1948 TO 2016

WEATHER         OBSERVED          NORMAL  DEPART  LAST YEAR`S
                 VALUE   DATE(S)  VALUE   FROM    VALUE
                                          NORMAL
.............................................................
TEMPERATURE (F)
RECORD
 HIGH              70   11/15/1999
 LOW              -26   11/25/1993
HIGHEST            66   11/16        MM      MM       65
LOWEST              1   11/18        17     -16       -7
AVG. MAXIMUM     50.2              41.3     8.9     41.1
AVG. MINIMUM     21.5              17.4     4.1     17.1
MEAN             35.8              29.3     6.5     29.1
DAYS MAX >= 90      0               0.0     0.0        0
DAYS MAX <= 32      4               7.8    -3.8        7
DAYS MIN <= 32     28              27.6     0.4       29
DAYS MIN <= 0       0               2.6    -2.6        2

PRECIPITATION (INCHES)
RECORD
 MAXIMUM         2.62   1983
 MINIMUM         0.00   1949
TOTALS           0.73              0.54    0.19     0.42
DAYS >= .01         5               5.7    -0.7        8
DAYS >= .10         2               1.9     0.1        1
DAYS >= .50         0               0.1    -0.1        0
DAYS >= 1.00        0               0.0     0.0        0
GREATEST
 24 HR. TOTAL    0.37   11/21 TO 11/22

DEGREE_DAYS
HEATING TOTAL     869              1069    -200     1070
 SINCE 7/1       1848              2312    -464     1924
COOLING TOTAL       0                 0       0        0
 SINCE 1/1        119                67      52       65

FREEZE DATES
RECORD
 EARLIEST     MM
 LATEST       MM
EARLIEST                        MM
LATEST                          MM
..............................................................

WIND (MPH)
AVERAGE WIND SPEED              11.4
HIGHEST WIND SPEED/DIRECTION    45/230    DATE  11/16
HIGHEST GUST SPEED/DIRECTION    55/230    DATE  11/16

SKY COVER
POSSIBLE SUNSHINE (PERCENT)   MM
AVERAGE SKY COVER           0.20
NUMBER OF DAYS FAIR           22
NUMBER OF DAYS PC              6
NUMBER OF DAYS CLOUDY          2

AVERAGE RH (PERCENT)     55

WEATHER CONDITIONS. NUMBER OF DAYS WITH
THUNDERSTORM              0     MIXED PRECIP               0
HEAVY RAIN                1     RAIN                       3
LIGHT RAIN                3     FREEZING RAIN              0
LT FREEZING RAIN          0     HAIL                       0
HEAVY SNOW                1     SNOW                       2
LIGHT SNOW                6     SLEET                      0
FOG                       7     FOG W/VIS <= 1/4 MILE      2
HAZE                      0

-  INDICATES NEGATIVE NUMBERS.
R  INDICATES RECORD WAS SET OR TIED.
MM INDICATES DATA IS MISSING.
T  INDICATES TRACE AMOUNT.
...................................

...THE RAWLINS WY AIRPORT CLIMATE SUMMARY FOR THE MONTH OF NOVEMBER 2016...

CLIMATE NORMAL PERIOD 1981 TO 2010
CLIMATE RECORD PERIOD 1951 TO 2016

WEATHER         OBSERVED          NORMAL  DEPART  LAST YEAR`S
                 VALUE   DATE(S)  VALUE   FROM    VALUE
                                          NORMAL
.............................................................
TEMPERATURE (F)
RECORD
 HIGH              70   11/14/1999
                        11/06/1999
 LOW              -24   11/13/2014
HIGHEST            64   11/15        MM      MM       65
LOWEST              9   11/30        MM      MM       -3
AVG. MAXIMUM     49.6              40.6     9.0     40.2
AVG. MINIMUM     23.4              19.6     3.8     20.2
MEAN             36.5              30.1     6.4     30.2
DAYS MAX >= 90      0               0.0     0.0        0
DAYS MAX <= 32      5               7.5    -2.5        6
DAYS MIN <= 32     24              26.2    -2.2       27
DAYS MIN <= 0       0               1.6    -1.6        2

PRECIPITATION (INCHES)
RECORD
 MAXIMUM         2.04   1983
 MINIMUM         0.03   1976
TOTALS           0.50              0.55   -0.05     0.57
DAYS >= .01         5               6.9    -1.9       10
DAYS >= .10         3               2.1     0.9        2
DAYS >= .50         0               0.0     0.0        0
DAYS >= 1.00        0               0.0     0.0        0
GREATEST
 24 HR. TOTAL    0.33   11/21 TO 11/22

DEGREE_DAYS
HEATING TOTAL     850              1047    -197     1037
 SINCE 7/1       1743              2106    -363     1697
COOLING TOTAL       0                 0       0        0
 SINCE 1/1        235               186      49      214

FREEZE DATES
RECORD
 EARLIEST     MM
 LATEST       MM
EARLIEST                        MM
LATEST                          MM
..............................................................

WIND (MPH)
AVERAGE WIND SPEED              11.6
HIGHEST WIND SPEED/DIRECTION    36/260    DATE  11/27
HIGHEST GUST SPEED/DIRECTION    50/220    DATE  11/19

SKY COVER
POSSIBLE SUNSHINE (PERCENT)   MM
AVERAGE SKY COVER           0.20
NUMBER OF DAYS FAIR           20
NUMBER OF DAYS PC              8
NUMBER OF DAYS CLOUDY          2

AVERAGE RH (PERCENT)     55

WEATHER CONDITIONS. NUMBER OF DAYS WITH
THUNDERSTORM              0     MIXED PRECIP               0
HEAVY RAIN                0     RAIN                       0
LIGHT RAIN                3     FREEZING RAIN              0
LT FREEZING RAIN          0     HAIL                       0
HEAVY SNOW                0     SNOW                       3
LIGHT SNOW                9     SLEET                      0
FOG                       7     FOG W/VIS <= 1/4 MILE      0
HAZE                      3

-  INDICATES NEGATIVE NUMBERS.
R  INDICATES RECORD WAS SET OR TIED.
MM INDICATES DATA IS MISSING.
T  INDICATES TRACE AMOUNT.
...................................

...THE TORRINGTON WY AIRPORT CLIMATE SUMMARY FOR THE MONTH OF NOVEMBER 2016...

CLIMATE NORMAL PERIOD 1981 TO 2010
CLIMATE RECORD PERIOD 1998 TO 2016

WEATHER         OBSERVED          NORMAL  DEPART  LAST YEAR`S
                 VALUE   DATE(S)  VALUE   FROM    VALUE
                                          NORMAL
.............................................................
TEMPERATURE (F)
RECORD
 HIGH              80   11/02/2008
 LOW              -14   11/13/2014
HIGHEST            76   11/16        MM      MM       76
                        11/04
LOWEST             12   11/19        MM      MM        0
AVG. MAXIMUM     59.2              49.7     9.5     49.8
AVG. MINIMUM     25.8              22.1     3.7     21.3
MEAN             42.5              35.9     6.6     35.6
DAYS MAX >= 90      0               0.0     0.0        0
DAYS MAX <= 32      0               3.4    -3.4        5
DAYS MIN <= 32     26              26.0     0.0       26
DAYS MIN <= 0       0               0.8    -0.8        1

PRECIPITATION (INCHES)
RECORD
 MAXIMUM         1.01   2015
 MINIMUM         0.01   2006
TOTALS           0.21              0.44   -0.23     1.01
DAYS >= .01         6                MM      MM        7
DAYS >= .10         0                MM      MM        2
DAYS >= .50         0                MM      MM        1
DAYS >= 1.00        0                MM      MM        0
GREATEST
 24 HR. TOTAL    0.09   11/22 TO 11/22

DEGREE_DAYS
HEATING TOTAL     667               873    -206      875
 SINCE 7/1       1127              1583    -456     1291
COOLING TOTAL       0                 0       0        0
 SINCE 1/1        821               678     143      721

FREEZE DATES
RECORD
 EARLIEST     MM
 LATEST       MM
EARLIEST                        MM
LATEST                          MM
..............................................................

WIND (MPH)
AVERAGE WIND SPEED              8.8
HIGHEST WIND SPEED/DIRECTION    40/320    DATE  11/29
HIGHEST GUST SPEED/DIRECTION    52/310    DATE  11/29

SKY COVER
POSSIBLE SUNSHINE (PERCENT)   MM
AVERAGE SKY COVER           0.20
NUMBER OF DAYS FAIR           22
NUMBER OF DAYS PC              7
NUMBER OF DAYS CLOUDY          1

AVERAGE RH (PERCENT)     53

WEATHER CONDITIONS. NUMBER OF DAYS WITH
THUNDERSTORM              0     MIXED PRECIP               0
HEAVY RAIN                0     RAIN                       2
LIGHT RAIN                4     FREEZING RAIN              0
LT FREEZING RAIN          0     HAIL                       0
HEAVY SNOW                0     SNOW                       0
LIGHT SNOW                4     SLEET                      0
FOG                       6     FOG W/VIS <= 1/4 MILE      0
HAZE                      1

-  INDICATES NEGATIVE NUMBERS.
R  INDICATES RECORD WAS SET OR TIED.
MM INDICATES DATA IS MISSING.
T  INDICATES TRACE AMOUNT.

$$
