000
CXUS51 KILN 011156
CLMCMH


CLIMATE REPORT
NATIONAL WEATHER SERVICE WILMINGTON OH
750 AM EDT THU SEP 1 2016

...................................

...THE COLUMBUS CLIMATE SUMMARY FOR THE MONTH OF AUGUST 2016...

CLIMATE NORMAL PERIOD 1981 TO 2010
CLIMATE RECORD PERIOD 1869 TO 2016

WEATHER         OBSERVED          NORMAL  DEPART  LAST YEAR`S
                 VALUE   DATE(S)  VALUE   FROM    VALUE  DATE(S)
                                          NORMAL
................................................................
TEMPERATURE (F)
RECORD
 HIGH             103   08/05/1918
 LOW               39   08/29/1965
HIGHEST            94   08/12        83      11       88  08/17
                                                          08/16
                                                          08/02
LOWEST             56   08/23        62      -6       56  08/28
                                                          08/25
                                                          08/21
AVG. MAXIMUM     86.6              83.7     2.9     81.9
AVG. MINIMUM     68.5              64.1     4.4     61.7
MEAN             77.6              73.9     3.7     71.8
DAYS MAX >= 90      9               4.8     4.2        0
DAYS MAX <= 32      0               0.0     0.0        0
DAYS MIN <= 32      0               0.0     0.0        0
DAYS MIN <= 0       0               0.0     0.0        0

PRECIPITATION (INCHES)
TOTALS           5.82              3.32    2.50     3.59
DAILY AVG.       0.19              0.11    0.08     0.12
DAYS >= .01        12               9.2     2.8       10
DAYS >= .10        11               5.7     5.3        7
DAYS >= .50         6               2.3     3.7        3
DAYS >= 1.00        1               0.8     0.2        1
GREATEST
 24 HR. TOTAL    1.74   08/14 TO 08/15

SNOWFALL (INCHES)
TOTALS            0.0               0.0     0.0      0.0
SINCE 7/1         0.0               0.0     0.0      0.0
DAYS >= TRACE       0               0.0     0.0        0
DAYS >= 1.0         0               0.0     0.0        0
GREATEST
 24 HR TOTAL      0.0   08/31 TO 08/31

DEGREE_DAYS
HEATING TOTAL       0                 0       0        5
 SINCE 7/1          0                 0       0        5
COOLING TOTAL     400               281     119      223
 SINCE 1/1       1093               889     204      856
..................................................

WIND (MPH)
AVERAGE WIND SPEED              6.0
RESULTANT WIND SPEED/DIRECTION   2/180
HIGHEST WIND SPEED/DIRECTION    33/250    DATE  08/28
HIGHEST GUST SPEED/DIRECTION    47/260    DATE  08/28

SKY COVER
AVERAGE SKY COVER           0.60

AVERAGE RH (PERCENT)     72

WEATHER CONDITIONS. NUMBER OF DAYS WITH
THUNDERSTORM              9     MIXED PRECIP               0
HEAVY RAIN                7     RAIN                       7
LIGHT RAIN               16     FREEZING RAIN              0
LT FREEZING RAIN          0     HAIL                       0
HEAVY SNOW                0     SNOW                       0
LIGHT SNOW                0     SLEET                      0
FOG                      14     FOG W/VIS <= 1/4 MILE      0
HAZE                      6

-  INDICATES NEGATIVE NUMBERS.
R  INDICATES RECORD WAS SET OR TIED.
MM INDICATES DATA IS MISSING.
T  INDICATES TRACE AMOUNT.

$$
