000
CXUS55 KCYS 102019
CLMCNE


CLIMATE REPORT
NATIONAL WEATHER SERVICE CHEYENNE WY
218 PM MDT SUN JUL 10 2016

...................................

...THE ALLIANCE NE AIRPORT CLIMATE SUMMARY FOR THE MONTH OF JUNE 2016...

CLIMATE NORMAL PERIOD 1981 TO 2010
CLIMATE RECORD PERIOD 1896 TO 2016

WEATHER         OBSERVED          NORMAL  DEPART  LAST YEAR`S
                 VALUE   DATE(S)  VALUE   FROM    VALUE
                                          NORMAL
.............................................................
TEMPERATURE (F)
RECORD
 HIGH             108   06/26/2012
 LOW               27   06/02/1969
HIGHEST           101   06/21        MM      MM       94
LOWEST             34   06/01        MM      MM       48
AVG. MAXIMUM     88.1              80.0     8.1     80.3
AVG. MINIMUM     51.6              49.7     1.9     55.6
MEAN             69.8              64.8     5.0     67.9
DAYS MAX >= 90     13               4.9     8.1        2
DAYS MAX <= 32      0               0.0     0.0        0
DAYS MIN <= 32      0               0.1    -0.1        0
DAYS MIN <= 0       0               0.0     0.0        0

PRECIPITATION (INCHES)
RECORD
 MAXIMUM         7.68   2009
 MINIMUM         0.27   1933
TOTALS           2.26              2.88   -0.62     2.69
DAYS >= .01         6                MM      MM        9
DAYS >= .10         5                MM      MM        7
DAYS >= .50         1                MM      MM        1
DAYS >= 1.00        1                MM      MM        0
GREATEST
 24 HR. TOTAL    1.53   06/27 TO 06/28

DEGREE_DAYS
HEATING TOTAL      23                93     -70        9
 SINCE 7/1       6881              7308    -427     6908
COOLING TOTAL     174                88      86      104
 SINCE 1/1        174                98      76      104
..............................................................

WIND (MPH)
AVERAGE WIND SPEED              10.3
HIGHEST WIND SPEED/DIRECTION    41/030    DATE  06/28
HIGHEST GUST SPEED/DIRECTION    58/030    DATE  06/28

SKY COVER
POSSIBLE SUNSHINE (PERCENT)   MM
AVERAGE SKY COVER           0.10
NUMBER OF DAYS FAIR           28
NUMBER OF DAYS PC              2
NUMBER OF DAYS CLOUDY          0

AVERAGE RH (PERCENT)     58

WEATHER CONDITIONS. NUMBER OF DAYS WITH
THUNDERSTORM              0     MIXED PRECIP               0
HEAVY RAIN                4     RAIN                       5
LIGHT RAIN                8     FREEZING RAIN              0
LT FREEZING RAIN          0     HAIL                       0
HEAVY SNOW                0     SNOW                       0
LIGHT SNOW                0     SLEET                      0
FOG                       8     FOG W/VIS <= 1/4 MILE      1
HAZE                      1

-  INDICATES NEGATIVE NUMBERS.
R  INDICATES RECORD WAS SET OR TIED.
MM INDICATES DATA IS MISSING.
T  INDICATES TRACE AMOUNT.
...................................

...THE CHADRON NE AIRPORT CLIMATE SUMMARY FOR THE MONTH OF JUNE 2016...

CLIMATE NORMAL PERIOD 1981 TO 2010
CLIMATE RECORD PERIOD 1895 TO 2016

WEATHER         OBSERVED          NORMAL  DEPART  LAST YEAR`S
                 VALUE   DATE(S)  VALUE   FROM    VALUE
                                          NORMAL
.............................................................
TEMPERATURE (F)
RECORD
 HIGH             109   06/26/2012
 LOW               26   06/02/1969
HIGHEST           107   06/21        MM      MM       96
LOWEST             38   06/01        MM      MM       50
AVG. MAXIMUM     91.3              81.3    10.0     81.3
AVG. MINIMUM     54.0              50.5     3.5     56.5
MEAN             72.6              65.9     6.7     68.9
DAYS MAX >= 90     16               5.8    10.2        5
DAYS MAX <= 32      0               0.0     0.0        0
DAYS MIN <= 32      0               0.1    -0.1        0
DAYS MIN <= 0       0               0.0     0.0        0

PRECIPITATION (INCHES)
RECORD
 MAXIMUM         7.96   1967
 MINIMUM         0.14   2000
TOTALS           1.82              3.24   -1.42     3.68
DAYS >= .01         4               9.5    -5.5       12
DAYS >= .10         3               6.3    -3.3        8
DAYS >= .50         2               2.2    -0.2        3
DAYS >= 1.00        0               0.6    -0.6        0
GREATEST
 24 HR. TOTAL    1.50   06/27 TO 06/28

DEGREE_DAYS
HEATING TOTAL      13                81     -68        9
 SINCE 7/1       6293              7146    -853     6560
COOLING TOTAL     249               108     141      133
 SINCE 1/1        257               128     129      133
..............................................................

WIND (MPH)
AVERAGE WIND SPEED              9.1
HIGHEST WIND SPEED/DIRECTION    62/350    DATE  06/28
HIGHEST GUST SPEED/DIRECTION    83/360    DATE  06/28

SKY COVER
POSSIBLE SUNSHINE (PERCENT)   MM
AVERAGE SKY COVER           0.10
NUMBER OF DAYS FAIR           28
NUMBER OF DAYS PC              2
NUMBER OF DAYS CLOUDY          0

AVERAGE RH (PERCENT)     50

WEATHER CONDITIONS. NUMBER OF DAYS WITH
THUNDERSTORM              0     MIXED PRECIP               0
HEAVY RAIN                3     RAIN                       2
LIGHT RAIN                7     FREEZING RAIN              0
LT FREEZING RAIN          0     HAIL                       0
HEAVY SNOW                0     SNOW                       0
LIGHT SNOW                0     SLEET                      0
FOG                       3     FOG W/VIS <= 1/4 MILE      0
HAZE                      6

-  INDICATES NEGATIVE NUMBERS.
R  INDICATES RECORD WAS SET OR TIED.
MM INDICATES DATA IS MISSING.
T  INDICATES TRACE AMOUNT.
...................................

...THE SCOTTSBLUFF NE AIRPORT CLIMATE SUMMARY FOR THE MONTH OF JUNE 2016...

CLIMATE NORMAL PERIOD 1981 TO 2010
CLIMATE RECORD PERIOD 1871 TO 2016

WEATHER         OBSERVED          NORMAL  DEPART  LAST YEAR`S
                 VALUE   DATE(S)  VALUE   FROM    VALUE
                                          NORMAL
.............................................................
TEMPERATURE (F)
RECORD
 HIGH             106   06/26/2012
                        06/25/2012
                        06/27/1990
 LOW               30   06/14/1969
HIGHEST           102   06/21        83      19       99
LOWEST             42   06/01        53     -11       52
AVG. MAXIMUM     90.5              82.1     8.4     83.9
AVG. MINIMUM     56.6              52.3     4.3     57.7
MEAN             73.6              67.2     6.4     70.8
DAYS MAX >= 90     15               6.9     8.1        6
DAYS MAX <= 32      0               0.0     0.0        0
DAYS MIN <= 32      0               0.0     0.0        0
DAYS MIN <= 0       0               0.0     0.0        0

PRECIPITATION (INCHES)
RECORD
 MAXIMUM         8.33   1947
 MINIMUM         0.25   2007
TOTALS           1.08              2.85   -1.77     2.24
DAYS >= .01         6              10.8    -4.8       12
DAYS >= .10         2               5.7    -3.7        6
DAYS >= .50         1               1.8    -0.8        2
DAYS >= 1.00        0               0.6    -0.6        0
GREATEST
 24 HR. TOTAL    0.77   06/12 TO 06/12

DEGREE_DAYS
HEATING TOTAL       6                60     -54        3
 SINCE 7/1       5924              6615    -691     6159
COOLING TOTAL     270               126     144      186
 SINCE 1/1        274               149     125      186
..............................................................

WIND (MPH)
AVERAGE WIND SPEED              8.8
HIGHEST WIND SPEED/DIRECTION    53/340    DATE  06/28
HIGHEST GUST SPEED/DIRECTION    64/340    DATE  06/28

SKY COVER
POSSIBLE SUNSHINE (PERCENT)   MM
AVERAGE SKY COVER           0.10
NUMBER OF DAYS FAIR           30
NUMBER OF DAYS PC              0
NUMBER OF DAYS CLOUDY          0

AVERAGE RH (PERCENT)     51

WEATHER CONDITIONS. NUMBER OF DAYS WITH
THUNDERSTORM              0     MIXED PRECIP               0
HEAVY RAIN                2     RAIN                       1
LIGHT RAIN                7     FREEZING RAIN              0
LT FREEZING RAIN          0     HAIL                       0
HEAVY SNOW                0     SNOW                       0
LIGHT SNOW                0     SLEET                      0
FOG                       1     FOG W/VIS <= 1/4 MILE      0
HAZE                      3

-  INDICATES NEGATIVE NUMBERS.
R  INDICATES RECORD WAS SET OR TIED.
MM INDICATES DATA IS MISSING.
T  INDICATES TRACE AMOUNT.
...................................

...THE SIDNEY NE AIRPORT CLIMATE SUMMARY FOR THE MONTH OF JUNE 2016...

CLIMATE NORMAL PERIOD 1981 TO 2010
CLIMATE RECORD PERIOD 1948 TO 2016

WEATHER         OBSERVED          NORMAL  DEPART  LAST YEAR`S
                 VALUE   DATE(S)  VALUE   FROM    VALUE
                                          NORMAL
.............................................................
TEMPERATURE (F)
RECORD
 HIGH             111   06/26/2012
 LOW               28   06/14/1969
                        06/02/1969
                        06/03/1954
HIGHEST           101   06/21        MM      MM       94
                        06/19
LOWEST             42   06/05        MM      MM       48
                        06/01
AVG. MAXIMUM     88.3              82.2     6.1     83.5
AVG. MINIMUM     54.5              53.0     1.5     56.0
MEAN             71.4              67.6     3.8     69.8
DAYS MAX >= 90     13               7.0     6.0        3
DAYS MAX <= 32      0               0.0     0.0        0
DAYS MIN <= 32      0               0.0     0.0        0
DAYS MIN <= 0       0               0.0     0.0        0

PRECIPITATION (INCHES)
RECORD
 MAXIMUM        10.07   1965
 MINIMUM         0.25   2013
TOTALS           1.10              3.18   -2.08     2.57
DAYS >= .01         5              12.8    -7.8        8
DAYS >= .10         3               7.6    -4.6        7
DAYS >= .50         1               2.7    -1.7        2
DAYS >= 1.00        0               1.0    -1.0        0
GREATEST
 24 HR. TOTAL    0.63   06/28 TO 06/28

DEGREE_DAYS
HEATING TOTAL      10                59     -49        0
 SINCE 7/1       6220              6221      -1     6299
COOLING TOTAL     210               137      73      109
 SINCE 1/1        214               159      55      109
..............................................................

WIND (MPH)
AVERAGE WIND SPEED              10.4
HIGHEST WIND SPEED/DIRECTION    46/010    DATE  06/28
HIGHEST GUST SPEED/DIRECTION    60/010    DATE  06/28

SKY COVER
POSSIBLE SUNSHINE (PERCENT)   MM
AVERAGE SKY COVER           0.10
NUMBER OF DAYS FAIR           28
NUMBER OF DAYS PC              2
NUMBER OF DAYS CLOUDY          0

AVERAGE RH (PERCENT)     57

WEATHER CONDITIONS. NUMBER OF DAYS WITH
THUNDERSTORM              0     MIXED PRECIP               0
HEAVY RAIN                2     RAIN                       4
LIGHT RAIN                9     FREEZING RAIN              0
LT FREEZING RAIN          0     HAIL                       0
HEAVY SNOW                0     SNOW                       0
LIGHT SNOW                0     SLEET                      0
FOG                       6     FOG W/VIS <= 1/4 MILE      1
HAZE                      2

-  INDICATES NEGATIVE NUMBERS.
R  INDICATES RECORD WAS SET OR TIED.
MM INDICATES DATA IS MISSING.
T  INDICATES TRACE AMOUNT.

$$
