000
CXUS53 KTOP 011420
CLMCNK


CLIMATE REPORT
NATIONAL WEATHER SERVICE TOPEKA KS
819 AM CST SUN FEB 1 2015

...................................

...THE CONCORDIA KS CLIMATE SUMMARY FOR THE MONTH OF JANUARY 2015...

CLIMATE NORMAL PERIOD 1981 TO 2010
CLIMATE RECORD PERIOD 1885 TO 2015

WEATHER         OBSERVED          NORMAL  DEPART  LAST YEAR`S
                 VALUE   DATE(S)  VALUE   FROM    VALUE
                                          NORMAL
.............................................................
TEMPERATURE (F)
RECORD
 HIGH              78   01/10/1911
 LOW              -33   01/08/1886
HIGHEST            71   01/28        38      33       65
LOWEST                  01/07        16     -17       -6
AVG. MAXIMUM     43.9              38.6     5.3     38.6
AVG. MINIMUM     19.2              18.7     0.5     14.9
MEAN             31.6              28.6     3.0     26.8
DAYS MAX >= 90      0               0.0     0.0        0
DAYS MAX <= 32      8              10.0    -2.0       11
DAYS MIN <= 32     28              28.2    -0.2       29
DAYS MIN <= 0       1               1.9    -0.9        2

PRECIPITATION (INCHES)
RECORD
 MAXIMUM         2.16   1949
 MINIMUM         0.00   1997
                        1986
TOTALS           1.17              0.58    0.59     0.43
DAILY AVG.       0.04              0.02    0.02     0.01
DAYS >= .01         4               4.7    -0.7        3
DAYS >= .10         3               1.8     1.2        2
DAYS >= .50         1               0.3     0.7        0
DAYS >= 1.00        0               0.0     0.0        0
GREATEST
 24 HR. TOTAL    0.94   01/31 TO 01/31              0.22

SNOWFALL (INCHES)
RECORDS
 TOTAL           20.7   1959
TOTALS            2.3               5.7    -3.4      5.6
SINCE 7/1         8.4              12.2    -3.8     11.9
SNOWDEPTH AVG.      0                                  0
DAYS >= 1.0         2               1.6     0.4        2
GREATEST
 SNOW DEPTH         1   01/08                          2
                        01/07
                        01/06
 24 HR TOTAL      1.0   01/31 TO 01/31               3.6

DEGREE_DAYS
HEATING TOTAL    1027              1127    -100     1178
 SINCE 7/1       3165              3304    -139     3405
COOLING TOTAL       0                 0       0        0
 SINCE 1/1          0                 0       0        0
..............................................................

WIND (MPH)
AVERAGE WIND SPEED              10.2
HIGHEST WIND SPEED/DIRECTION    36/320    DATE  01/25
HIGHEST GUST SPEED/DIRECTION    48/320    DATE  01/25

SKY COVER
POSSIBLE SUNSHINE (PERCENT)   MM
AVERAGE SKY COVER           0.20
NUMBER OF DAYS FAIR           24
NUMBER OF DAYS PC              6
NUMBER OF DAYS CLOUDY          1

AVERAGE RH (PERCENT)     61

WEATHER CONDITIONS. NUMBER OF DAYS WITH
THUNDERSTORM              0     MIXED PRECIP               0
HEAVY RAIN                0     RAIN                       0
LIGHT RAIN                3     FREEZING RAIN              0
LT FREEZING RAIN          0     HEAVY SNOW                 0
SNOW                      0     LIGHT SNOW                 4
FOG                       4     FOG W/VIS <= 1/4 MILE      0
HAZE                      1

-  INDICATES NEGATIVE NUMBERS.
R  INDICATES RECORD WAS SET OR TIED.
MM INDICATES DATA IS MISSING.
T  INDICATES TRACE AMOUNT.

$$
