000
CXUS54 KCRP 032110 CCA
CLMCRP

CLIMATE REPORT
NATIONAL WEATHER SERVICE CORPUS CHRISTI TX
308 PM CST TUE FEB 3 2015

...................................

...THE CORPUS CHRISTI CLIMATE SUMMARY FOR THE MONTH OF JANUARY 2015...

CLIMATE NORMAL PERIOD 1981 TO 2010
CLIMATE RECORD PERIOD 1887 TO 2015

WEATHER         OBSERVED          NORMAL  DEPART  LAST YEAR`S
                 VALUE   DATE(S)  VALUE   FROM    VALUE  DATE(S)
                                          NORMAL
................................................................
TEMPERATURE (F)
RECORD
 HIGH              91   01/29/2013
                        01/30/1971
 LOW               14   01/12/1962
                        01/18/1930
HIGHEST            82   01/27        66      16       83  01/20
LOWEST             35   01/24        47     -12       29  01/25
                        01/10
                        01/08
AVG. MAXIMUM     61.7              66.9    -5.2     67.8
AVG. MINIMUM     42.8              47.2    -4.4     41.8
MEAN             52.3              57.1    -4.8     54.8
DAYS MAX >= 90      0               0.0     0.0        0
DAYS MAX <= 32      0               0.0     0.0        0
DAYS MIN <= 32      0               1.5    -1.5        5
DAYS MIN <= 0       0               0.0     0.0        0

PRECIPITATION (INCHES)
RECORD
 MAXIMUM        10.78   1958
 MINIMUM            T   1909
TOTALS           2.04              1.54    0.50     0.67
DAILY AVG.       0.07              0.05    0.02     0.02
DAYS >= .01        11               7.1     3.9        6
DAYS >= .10         4               3.2     0.8        2
DAYS >= .50         2               0.8     1.2        0
DAYS >= 1.00        0               0.3    -0.3        0
GREATEST
 24 HR. TOTAL    0.97   01/22 TO 01/22              0.54

SNOWFALL (INCHES)
RECORDS
 TOTAL            3.0   1897
 24 HR TOTAL      3.0   01/29/1897 TO 01/29/1897
TOTALS            0.0               0.0     0.0        T
SINCE 7/1         0.0               0.2    -0.2        T
SNOWDEPTH AVG.      0                MM      MM        0
DAYS >= 1.0         0               0.0     0.0        0
GREATEST
 SNOW DEPTH         0   MM                             0
 24 HR TOTAL      0.0   01/31 TO 01/31                 T

DEGREE_DAYS
HEATING TOTAL     391               276     115      310
 SINCE 7/1        706               627      79      766
COOLING TOTAL       3                30     -27        2
 SINCE 1/1          3                31     -28        2
.................................................................

WIND (MPH)
AVERAGE WIND SPEED              10.5
HIGHEST WIND SPEED/DIRECTION    30/010    DATE  01/07
HIGHEST GUST SPEED/DIRECTION    43/360    DATE  01/23

SKY COVER
AVERAGE SKY COVER           0.80

AVERAGE RH (PERCENT)     76

WEATHER CONDITIONS. NUMBER OF DAYS WITH
THUNDERSTORM              2     MIXED PRECIP               0
HEAVY RAIN                2     RAIN                       3
LIGHT RAIN               13     FREEZING RAIN              0
LT FREEZING RAIN          0     HAIL                       0
HEAVY SNOW                0     SNOW                       0
LIGHT SNOW                0     SLEET                      0
FOG                      20     FOG W/VIS <= 1/4 MILE      5
HAZE                      1

-  INDICATES NEGATIVE NUMBERS.
R  INDICATES RECORD WAS SET OR TIED.
MM INDICATES DATA IS MISSING.
T  INDICATES TRACE AMOUNT.

$$

88
