000
CXUS54 KCRP 011409
CLMCRP

CLIMATE REPORT
NATIONAL WEATHER SERVICE CORPUS CHRISTI TX
749 AM CST THU JAN 1 2015

...................................

...THE CORPUS CHRISTI CLIMATE SUMMARY FOR THE MONTH OF DECEMBER 2014...

CLIMATE NORMAL PERIOD 1981 TO 2010
CLIMATE RECORD PERIOD 1887 TO 2014

WEATHER         OBSERVED          NORMAL  DEPART  LAST YEAR`S
                 VALUE   DATE(S)  VALUE   FROM    VALUE  DATE(S)
                                          NORMAL
................................................................
TEMPERATURE (F)
RECORD
 HIGH              91   12/05/1977
 LOW               13   12/23/1989
HIGHEST            80   12/26        69      11       83  12/04
                        12/14
                        12/05
LOWEST             33   12/25        49     -16       34  12/16
AVG. MAXIMUM     69.7              68.4     1.3     66.0
AVG. MINIMUM     53.6              48.6     5.0     46.6
MEAN             61.7              58.5     3.2     56.3
DAYS MAX >= 90      0               0.0     0.0        0
DAYS MAX <= 32      0               0.0     0.0        0
DAYS MIN <= 32      0               1.6    -1.6        0
DAYS MIN <= 0       0               0.0     0.0        0

PRECIPITATION (INCHES)
RECORD
 MAXIMUM         9.80   1991
 MINIMUM            T   1917
TOTALS           1.04              1.83   -0.79     0.29
DAILY AVG.       0.03              0.06   -0.03     0.01
DAYS >= .01         8               6.4     1.6        7
DAYS >= .10         4               2.8     1.2        1
DAYS >= .50         1               0.9     0.1        0
DAYS >= 1.00        0               0.4    -0.4        0
GREATEST
 24 HR. TOTAL    0.61   12/27 TO 12/28              0.15

SNOWFALL (INCHES)
RECORDS
 TOTAL            4.4   2004
 24 HR TOTAL      2.3   12/24/2004 TO 12/24/2004
TOTALS            0.0               0.0     0.0      0.0
SINCE 7/1         0.0               0.0     0.0      0.0
SNOWDEPTH AVG.      0                MM      MM        0
DAYS >= 1.0         0               0.1    -0.1        0
GREATEST
 SNOW DEPTH         0   MM                             0
 24 HR TOTAL      0.0   12/31 TO 12/31               0.0

DEGREE_DAYS
HEATING TOTAL     154               250     -96      299
 SINCE 7/1        315               351     -36      456
COOLING TOTAL      59                49      10       36
 SINCE 1/1       3700              3524     176     4148
.................................................................

WIND (MPH)
AVERAGE WIND SPEED              10.6
HIGHEST WIND SPEED/DIRECTION    32/350    DATE  12/23
HIGHEST GUST SPEED/DIRECTION    40/360    DATE  12/23

SKY COVER
AVERAGE SKY COVER           0.80

AVERAGE RH (PERCENT)     78

WEATHER CONDITIONS. NUMBER OF DAYS WITH
THUNDERSTORM              2     MIXED PRECIP               0
HEAVY RAIN                2     RAIN                       3
LIGHT RAIN               19     FREEZING RAIN              0
LT FREEZING RAIN          0     HAIL                       0
HEAVY SNOW                0     SNOW                       0
LIGHT SNOW                0     SLEET                      0
FOG                      22     FOG W/VIS <= 1/4 MILE      3
HAZE                      3

-  INDICATES NEGATIVE NUMBERS.
R  INDICATES RECORD WAS SET OR TIED.
MM INDICATES DATA IS MISSING.
T  INDICATES TRACE AMOUNT.

$$
