000
CXUS42 KFFC 021315
CLMCSG


CLIMATE REPORT
NATIONAL WEATHER SERVICE PEACHTREE CITY GA
913 AM EDT FRI SEP 2 2016

...................................

...THE COLUMBUS CLIMATE SUMMARY FOR THE MONTH OF AUGUST 2016...

CLIMATE NORMAL PERIOD 1981 TO 2010
CLIMATE RECORD PERIOD 1948 TO 2016

WEATHER         OBSERVED          NORMAL  DEPART  LAST YEAR`S
                 VALUE   DATE(S)  VALUE   FROM    VALUE  DATE(S)
                                          NORMAL
................................................................
TEMPERATURE (F)
RECORD
 HIGH             104   08/10/2007
                        08/18/2000
                        07/13/1980
 LOW               57   08/28/1952
                        08/05/1950
HIGHEST            96   08/23        MM      MM       99  08/04
                        08/17
                        08/06
LOWEST             71   08/14        MM      MM       63  08/26
                        08/03
AVG. MAXIMUM     92.8              91.4     1.4     90.9
AVG. MINIMUM     73.5              72.4     1.1     72.3
MEAN             83.1              81.9     1.2     81.6
DAYS MAX >= 90     29              20.4     8.6       20
DAYS MAX <= 32      0               0.0     0.0        0
DAYS MIN <= 32      0               0.0     0.0        0
DAYS MIN <= 0       0               0.0     0.0        0

PRECIPITATION (INCHES)
RECORD
 MAXIMUM        10.11   1991
 MINIMUM         1.47   2002
TOTALS           4.37              3.77    0.60     7.50
DAILY AVG.       0.14              0.12    0.02     0.24
DAYS >= .01        12              10.7     1.3       12
DAYS >= .10        10               6.1     3.9       11
DAYS >= .50         4               2.3     1.7        4
DAYS >= 1.00        1               1.0     0.0        1
GREATEST
 24 HR. TOTAL    1.38   08/17 TO 08/18           08/06 TO 08/06
                                                          08/31 TO 08/31
                                                          08/31 TO 08/31

DEGREE_DAYS
HEATING TOTAL       0                 0       0        0
 SINCE 7/1          0                 0       0        0
COOLING TOTAL     568               524      44      520
 SINCE 1/1       2057              1872     185     2027
..................................................

WIND (MPH)
AVERAGE WIND SPEED              5.5
HIGHEST WIND SPEED/DIRECTION    33/230    DATE  08/01
HIGHEST GUST SPEED/DIRECTION    46/230    DATE  08/01

SKY COVER
POSSIBLE SUNSHINE (PERCENT)   MM
AVERAGE SKY COVER           0.30
NUMBER OF DAYS FAIR           21
NUMBER OF DAYS PC              8
NUMBER OF DAYS CLOUDY          2

AVERAGE RH (PERCENT)     71

WEATHER CONDITIONS. NUMBER OF DAYS WITH
THUNDERSTORM              0     MIXED PRECIP               0
HEAVY RAIN                8     RAIN                       9
LIGHT RAIN               17     FREEZING RAIN              0
LT FREEZING RAIN          0     HAIL                       0
HEAVY SNOW                0     SNOW                       0
LIGHT SNOW                0     SLEET                      0
FOG                       9     FOG W/VIS <= 1/4 MILE      0
HAZE                      5

-  INDICATES NEGATIVE NUMBERS.
R  INDICATES RECORD WAS SET OR TIED.
MM INDICATES DATA IS MISSING.
T  INDICATES TRACE AMOUNT.

$$
