000
CXUS56 KSGX 011433
CLMCZZ


CLIMATE REPORT
NATIONAL WEATHER SERVICE SAN DIEGO, CA
633 AM PST SUN MAR 1 2015

...................................

...THE CAMPO ASOS CA CLIMATE SUMMARY FOR THE MONTH OF FEBRUARY 2015...

CLIMATE NORMAL PERIOD 1981 TO 2010
CLIMATE RECORD PERIOD 1948 TO 2015

WEATHER         OBSERVED          NORMAL  DEPART  LAST YEAR`S
                 VALUE   DATE(S)  VALUE   FROM    VALUE  DATE(S)
                                          NORMAL
................................................................
TEMPERATURE (F)
RECORD
 HIGH              86   02/14/2014
                        02/23/1989
                        02/05/2000
 LOW               12   02/23/1953
HIGHEST            81   02/05        64      17       86  02/14
LOWEST             27   02/10        34      -7       20  02/02
AVG. MAXIMUM     69.4              64.0     5.4     68.0
AVG. MINIMUM     36.6              34.9     1.7     34.3
MEAN             53.0              49.5     3.5     51.1
DAYS MAX >= 90      0               0.0     0.0        0
DAYS MAX <= 32      0               0.0     0.0        0
DAYS MAX >= 100     0                                  0
DAYS MIN <= 32      7              10.5    -3.5        8
DAYS MIN <= 0       0               0.0     0.0        0

PRECIPITATION (INCHES)
RECORD
 MAXIMUM        10.37   1998
 MINIMUM         0.00   1984
TOTALS           0.67              3.23   -2.56     1.24
DAILY AVG.       0.02              0.12   -0.10     0.04
DAYS >= .01         3               7.7    -4.7        5
DAYS >= .10         2               5.5    -3.5        3
DAYS >= .50         0               2.8    -2.8        1
DAYS >= 1.00        0               0.8    -0.8        0
DAYS >= 1.50        0                                  0
DAYS >= 2.00        0                                  0
GREATEST
 24 HR. TOTAL    0.65   02/22 TO 02/23           02/28 TO 02/28
                                                          02/26 TO 02/26
                                                          02/26 TO 02/26
 STORM TOTAL       MM                                 MM
 (MM/DD(HH))            MM                    02/28(00) TO 02/28(00)
                                                 02/26(00) TO 02/26(00)6
                                                 02/26(00) TO 02/26(00)6

SNOWFALL (INCHES)
TOTALS            0.0
SINCE 7/1         0.0

DEGREE_DAYS
HEATING TOTAL     316               435    -119      383
 SINCE 7/1       1636              2051    -415     1870
COOLING TOTAL       0                 0       0        0
 SINCE 1/1          0                 0       0        0

FREEZE DATES
RECORD
 EARLIEST     08/25/1978
 LATEST       06/23/1991
EARLIEST                        10/16
LATEST                          05/19
.......................................................

WIND (MPH)
AVERAGE WIND SPEED              9.0
RESULTANT WIND SPEED/DIRECTION   1/058
HIGHEST WIND SPEED/DIRECTION    37/050    DATE  02/12
HIGHEST GUST SPEED/DIRECTION    47/060    DATE  02/12

AVERAGE RH (PERCENT)     54


-  INDICATES NEGATIVE NUMBERS.
R  INDICATES RECORD WAS SET OR TIED.
MM INDICATES DATA IS MISSING.
T  INDICATES TRACE AMOUNT.

$$
