000
CXUS53 KUNR 011601
CLMD07


CLIMATE REPORT
NATIONAL WEATHER SERVICE RAPID CITY SD
1001 AM MDT MON JUN 1 2015

...................................

...THE FAITH SD CLIMATE SUMMARY FOR THE MONTH OF MAY 2015...

CLIMATE NORMAL PERIOD 1981 TO 2010
CLIMATE RECORD PERIOD 9999 TO 9999

WEATHER         OBSERVED          NORMAL  DEPART  LAST YEAR`S
                 VALUE   DATE(S)  VALUE   FROM    VALUE  DATE(S)
                                          NORMAL
................................................................
TEMPERATURE (F)
HIGHEST            86   05/02                         88  05/29
LOWEST             30   05/19                         30  05/15
AVG. MAXIMUM     62.9              66.9    -4.0     65.9
AVG. MINIMUM     41.9              43.2    -1.3     43.5
MEAN             52.4              55.0    -2.6     54.7
DAYS MAX >= 90      0                                  0
DAYS MAX <= 32      0                                  0
DAYS MIN <= 32      4                                  5
DAYS MIN <= 0       0                                  0

PRECIPITATION (INCHES)
TOTALS           6.16              3.07    3.09     1.61
DAILY AVG.       0.20              0.10    0.10     0.05
DAYS >= .01        16                                 10
DAYS >= .10        13                                  7
DAYS >= .50         4                                  0
DAYS >= 1.00        2                                  0
GREATEST
 24 HR. TOTAL    1.81   05/24 TO 05/25              0.41

DEGREE_DAYS
HEATING TOTAL     381               320      61      341
 SINCE 7/1       7145              7619    -474     8153
COOLING TOTAL       0                11     -11       30
 SINCE 1/1          2                12     -10       30
.................................................................

WIND (MPH)
AVERAGE WIND SPEED              13.3
HIGHEST WIND SPEED/DIRECTION    39/320    DATE  05/17
HIGHEST GUST SPEED/DIRECTION    47/320    DATE  05/17

AVERAGE RH (PERCENT)     67


-  INDICATES NEGATIVE NUMBERS.
R  INDICATES RECORD WAS SET OR TIED.
MM INDICATES DATA IS MISSING.
T  INDICATES TRACE AMOUNT.

$$
