000
CXUS53 KUNR 011602
CLMD07


CLIMATE REPORT
NATIONAL WEATHER SERVICE RAPID CITY SD
901 AM MST SUN MAR 1 2015

...................................

...THE FAITH SD CLIMATE SUMMARY FOR THE MONTH OF FEBRUARY 2015...

CLIMATE NORMAL PERIOD 1981 TO 2010
CLIMATE RECORD PERIOD 9999 TO 9999

WEATHER         OBSERVED          NORMAL  DEPART  LAST YEAR`S
                 VALUE   DATE(S)  VALUE   FROM    VALUE  DATE(S)
                                          NORMAL
................................................................
TEMPERATURE (F)
HIGHEST            70   02/07                         47  02/19
                                                          02/17
LOWEST            -12   02/22                        -16  02/07
                                                          02/05
AVG. MAXIMUM     35.2              33.4     1.8     23.3
AVG. MINIMUM      9.2              13.8    -4.6      3.1
MEAN             22.2              23.6    -1.4     13.3
DAYS MAX >= 90      0                                  0
DAYS MAX <= 32     13                                 18
DAYS MIN <= 32     26                                 28
DAYS MIN <= 0      10                                 14

PRECIPITATION (INCHES)
TOTALS           0.26              0.42   -0.16     0.70
DAILY AVG.       0.01              0.01    0.00     0.03
DAYS >= .01         8                                  8
DAYS >= .10         1                                  4
DAYS >= .50         0                                  0
DAYS >= 1.00        0                                  0
GREATEST
 24 HR. TOTAL    0.12   02/16 TO 02/16              0.16

DEGREE_DAYS
HEATING TOTAL    1190              1159      31     1392
 SINCE 7/1       5499              5688    -189     6086
COOLING TOTAL       0                 0       0        0
 SINCE 1/1          0                 0       0        0
.................................................................

WIND (MPH)
AVERAGE WIND SPEED              13.4
HIGHEST WIND SPEED/DIRECTION    37/330    DATE  02/10
HIGHEST GUST SPEED/DIRECTION    45/330    DATE  02/10

AVERAGE RH (PERCENT)     65


-  INDICATES NEGATIVE NUMBERS.
R  INDICATES RECORD WAS SET OR TIED.
MM INDICATES DATA IS MISSING.
T  INDICATES TRACE AMOUNT.

$$
