000
CXUS53 KDLH 021850
CLMDLH


CLIMATE REPORT
NATIONAL WEATHER SERVICE DULUTH MN
140 PM CDT TUE MAY 2 2017

...................................

...THE DULUTH MN CLIMATE SUMMARY FOR THE MONTH OF APRIL 2017...

CLIMATE NORMAL PERIOD 1981 TO 2010
CLIMATE RECORD PERIOD 1870 TO 2017

WEATHER         OBSERVED          NORMAL  DEPART  LAST YEAR`S
                 VALUE   DATE(S)  VALUE   FROM    VALUE  DATE(S)
                                          NORMAL
................................................................
TEMPERATURE (F)
RECORD
 HIGH              88   04/27/1952
 LOW               -5   04/04/1975
                        04/03/1954
HIGHEST            70   04/15        MM      MM       71  04/16
LOWEST             23   04/27        MM      MM        2  04/09
AVG. MAXIMUM     52.2              49.2     3.0     45.7
AVG. MINIMUM     32.2              30.0     2.2     29.8
MEAN             42.2              39.6     2.6     37.7
DAYS MAX >= 90      0               0.0     0.0        0
DAYS MAX <= 32      1               1.5    -0.5        5
DAYS MIN <= 32     15              17.8    -2.8       19
DAYS MIN <= 0       0               0.0     0.0        0

PRECIPITATION (INCHES)
RECORD
 MAXIMUM         8.18   2001
 MINIMUM         0.24   1987
TOTALS           3.02              2.43    0.59     2.40
DAILY AVG.       0.10              0.08    0.02     0.08
DAYS >= .01        11              10.6     0.4       10
DAYS >= .10         7               5.5     1.5        5
DAYS >= .50         2               1.6     0.4        1
DAYS >= 1.00        0               0.3    -0.3        1
GREATEST
 24 HR. TOTAL    0.83                            04/24 TO 04/25
                                                          04/02 TO 04/02
                                                          04/02 TO 04/02

SNOWFALL (INCHES)
RECORDS
 TOTAL           26.3   2014
TOTALS            1.9               6.9    -5.0      9.8
SINCE 7/1        66.2              85.7   -19.5     81.3
SNOWDEPTH AVG.      0                MM      MM        1
DAYS >= 1.0         0               1.8    -1.8        4
GREATEST
 SNOW DEPTH         0   MM                             4  04/02
 24 HR TOTAL      0.7   MM

DEGREE_DAYS
HEATING TOTAL     678               762     -84      809
 SINCE 7/1       7561              8839   -1278     7674
COOLING TOTAL       0                 0       0        0
 SINCE 1/1          0                 0       0        0
...................................................

WIND (MPH)
AVERAGE WIND SPEED              10.0
HIGHEST WIND SPEED/DIRECTION    32/100    DATE  04/24
HIGHEST GUST SPEED/DIRECTION    46/300    DATE  04/16

SKY COVER
POSSIBLE SUNSHINE (PERCENT)   MM
AVERAGE SKY COVER           0.50
NUMBER OF DAYS FAIR           12
NUMBER OF DAYS PC              7
NUMBER OF DAYS CLOUDY         11

AVERAGE RH (PERCENT)     68

WEATHER CONDITIONS. NUMBER OF DAYS WITH
THUNDERSTORM              0     MIXED PRECIP               0
HEAVY RAIN                1     RAIN                       4
LIGHT RAIN               15     FREEZING RAIN              1
LT FREEZING RAIN          3     HAIL                       0
HEAVY SNOW                0     SNOW                       3
LIGHT SNOW                5     SLEET                      1
FOG                      15     FOG W/VIS <= 1/4 MILE      6
HAZE                      2

-  INDICATES NEGATIVE NUMBERS.
R  INDICATES RECORD WAS SET OR TIED.
MM INDICATES DATA IS MISSING.
T  INDICATES TRACE AMOUNT.

$$

.APRIL 2017 WAS WARMER THAN NORMAL WITH ABOVE NORMAL PRECIPITATION
AT DULUTH MN...

THE AVERAGE TEMPERATURE FOR APRIL WAS 42.2 DEGREES WHICH WAS 2.6
DEGREES ABOVE THE NORMAL OF 39.6 DEGREES MAKING THIS THE 16TH
WARMEST APRIL IN STATION HISTORY. THE HIGHEST TEMPERATURE FOR THE
MONTH WAS 70 DEGREES ON THE 15TH. THE LOWEST TEMPERATURE WAS 23
DEGREES ON THE 27TH. ONE DAILY TEMPERATURE RECORD WAS BROKEN FOR THE
MONTH. THE RECORD COLDEST HIGH TEMPERATURE OF 30 DEGREES WAS
RECORDED ON THE 27TH. THIS BREAKS THE PREVIOUS RECORD OF 32 DEGREES
SET IN 1950. ELEVEN DAYS HAD AVERAGE TEMPERATURES BELOW NORMAL.

APRIL 2017 WAS ABOVE NORMAL FOR PRECIPITATION WITH A TOTAL OF 3.02
INCHES OF PRECIPITATION RECORDED FOR THE MONTH. THIS WAS 0.59 INCHES
ABOVE THE NORMAL OF 2.43 INCHES. THE GREATEST AMOUNT OF PRECIPITATION
IN A 24 HOUR PERIOD OCCURRED ON THE 18TH WHEN 0.83 INCHES WAS
RECORDED. AT LEAST A TRACE OF PRECIPITATION WAS RECORDED ON 19 DAYS.
AT LEAST 0.01 INCHES OF PRECIPITATION FELL ON 11 DAYS. AT LEAST 0.10
INCHES FELL ON 7 DAYS. AT LEAST 0.50 INCHES FELL ON 2 DAYS. THERE
WAS 1.9 INCHES OF SNOW FOR THE MONTH WHICH IS 5.0 INCHES BELOW THE
NORMAL OF 6.9 INCHES. THE GREATEST AMOUNT OF SNOWFALL IN A 24 HOUR
PERIOD OCCURRED ON THE 26TH WHERE 0.7 INCHES OF SNOW WAS RECORDED.
NO DAILY PRECIPITATION RECORDS WERE BROKEN FOR THE MONTH.

THE AVERAGE WIND SPEED FOR THE MONTH WAS 10.0 MPH. THE WINDIEST DAY
OF THE MONTH WAS ON THE 24TH WITH AN AVERAGE WIND OF 20.7 MPH. THE
HIGHEST SUSTAINED WIND OCCURRED ON THE 16TH OUT OF THE WEST AND ON
THE 24TH OUT OF THE EAST AT 32 MPH. A PEAK WIND GUST OF 46 MPH WAS
RECORDED ON THE 16TH. THERE WERE 678 HEATING DEGREE DAYS FOR THE
MONTH WHICH WAS 84 BELOW THE NORMAL OF 762. THIS BROUGHT THE
SEASONAL TOTAL TO 7561 WHICH IS 1278 BELOW THE NORMAL OF 8839. THERE
WERE 0 COOLING DEGREE DAYS FOR THE MONTH WHICH WAS NORMAL. THE
SEASONAL TOTAL COOLING DEGREE DAYS STANDS AT 0 WHICH WAS NORMAL. THE
HIGHEST SEA LEVEL PRESSURE FOR THE MONTH WAS 30.42 INCHES REACHED ON
THE 29TH AND THE LOWEST SEA LEVEL PRESSURE READING WAS 29.52 INCHES
REACHED ON THE 9TH.

THE OUTLOOK FOR MAY...NORMAL HIGHS START IN THE MID TO UPPER 50S AND
WARM TO THE MID 60S AT THE END OF THE MONTH. NORMAL LOWS FOR THE
MONTH START IN THE MID 30S AND WARM TO THE MID 40S AT THE END OF THE
MONTH. NORMAL PRECIPITATION FOR MAY IS 3.23 INCHES. NORMAL SNOWFALL
FOR MAY IS 0.4 INCHES. THE LATEST CLIMATE PREDICTION CENTER OUTLOOK
INDICATES THAT THERE IS NO CLEAR INDICATION FOR ABOVE OR BELOW
NORMAL TEMPERATURES OR PRECIPITATION FOR MAY.

$$

WM/WL
