000
CXUS52 KCAE 012335
CLMDNL


CLIMATE REPORT
NATIONAL WEATHER SERVICE COLUMBIA SC
630 PM EST WED FEB 1 2017

...................................

...THE AUGUSTA DANIEL FIELD GA CLIMATE SUMMARY FOR THE MONTH OF JANUARY 2017...

CLIMATE NORMAL PERIOD 1981 TO 2010
CLIMATE RECORD PERIOD 9999 TO 9999

WEATHER         OBSERVED          NORMAL  DEPART
                 VALUE   DATE(S)  VALUE   FROM
                                          NORMAL
................................................
TEMPERATURE (F)
HIGHEST            80   01/18        MM      MM
LOWEST             24   01/08        MM      MM
AVG. MAXIMUM     65.2              55.8     9.4
AVG. MINIMUM     46.7              37.7     9.0
MEAN             56.0              46.8     9.2
DAYS MAX >= 90      0               0.0     0.0
DAYS MAX <= 32      0               0.1    -0.1
DAYS MIN <= 32      4               9.2    -5.2
DAYS MIN <= 0       0               0.0     0.0

PRECIPITATION (INCHES)
TOTALS          10.50              4.21    6.29
DAYS >= .01         9                MM      MM
DAYS >= .10         8                MM      MM
DAYS >= .50         6                MM      MM
DAYS >= 1.00        4                MM      MM
GREATEST
 24 HR. TOTAL    4.14   01/02 TO 01/03

SNOWFALL (INCHES)
DAYS >= TRACE       1

DEGREE_DAYS
HEATING TOTAL     288               567    -279
 SINCE 7/1        852              1406    -554
COOLING TOTAL      15                 1      14
 SINCE 1/1         15                 0      15
.................................................

WIND (MPH)
AVERAGE WIND SPEED              5.8
RESULTANT WIND SPEED/DIRECTION   1/240
HIGHEST WIND SPEED/DIRECTION    26/110    DATE  01/22
HIGHEST GUST SPEED/DIRECTION    32/010    DATE  01/07

SKY COVER
POSSIBLE SUNSHINE (PERCENT)   MM
AVERAGE SKY COVER           0.30
NUMBER OF DAYS FAIR           19
NUMBER OF DAYS PC              7
NUMBER OF DAYS CLOUDY          5

AVERAGE RH (PERCENT)     60

WEATHER CONDITIONS. NUMBER OF DAYS WITH
THUNDERSTORM              4     MIXED PRECIP               0
HEAVY RAIN                7     RAIN                       8
LIGHT RAIN               11     FREEZING RAIN              0
LT FREEZING RAIN          0     HAIL                       0
HEAVY SNOW                0     SNOW                       0
LIGHT SNOW                1     SLEET                      0
FOG                      13     FOG W/VIS <= 1/4 MILE      6
HAZE                      9

-  INDICATES NEGATIVE NUMBERS.
R  INDICATES RECORD WAS SET OR TIED.
MM INDICATES DATA IS MISSING.
T  INDICATES TRACE AMOUNT.

$$
