000
CXUS55 KGJT 051815 CCA
CLMDRO

CLIMATE REPORT...CORRECTED RECORD LOW
NATIONAL WEATHER SERVICE GRAND JUNCTION CO
1215 PM MDT FRI AUG 5 2016

...................................

...THE DURANGO AIRPORT CO CLIMATE SUMMARY FOR THE MONTH OF JULY 2016...

CLIMATE NORMAL PERIOD 1981 TO 2010
CLIMATE RECORD PERIOD 9999 TO 9999

WEATHER         OBSERVED          NORMAL  DEPART  LAST YEAR`S
                 VALUE   DATE(S)  VALUE   FROM    VALUE  DATE(S)
                                          NORMAL
................................................................
TEMPERATURE (F)
HIGHEST            94   07/27        MM      MM       93  07/01
LOWEST             42   07/13        MM      MM       45  07/28
                                                          07/22
                                                          07/10
AVG. MAXIMUM     87.6              85.7     1.9     82.2
AVG. MINIMUM     51.5              51.5     0.0     51.9
MEAN             69.6              68.6     1.0     67.1
DAYS MAX >= 90     14               6.3     7.7        1
DAYS MAX <= 32      0               0.0     0.0        0
DAYS MIN <= 32      0               0.1    -0.1        0
DAYS MIN <= 0       0               0.0     0.0        0

PRECIPITATION (INCHES)
TOTALS           1.48              1.72   -0.24     1.70
DAILY AVG.       0.05              0.06   -0.01     0.05
DAYS >= .01         6                MM      MM       10
DAYS >= .10         4                MM      MM        5
DAYS >= .50         1                MM      MM        0
DAYS >= 1.00        0                MM      MM        0
GREATEST
 24 HR. TOTAL    0.63   07/01 TO 07/01              0.78

SNOWFALL (INCHES)
TOTALS             MM                MM      MM       MM
SINCE 7/1          MM                MM      MM       MM
SNOWDEPTH AVG.     MM                MM      MM       MM
DAYS >= 1.0         0                MM      MM       MM
GREATEST
 SNOW DEPTH        MM                                 MM  MM
 24 HR TOTAL       MM                                 MM

DEGREE_DAYS
HEATING TOTAL       5                10      -5       15
 SINCE 7/1          5                10      -5       15
COOLING TOTAL     157               122      35       85
 SINCE 1/1        258               151     107      154
.................................................................

WIND (MPH)
AVERAGE WIND SPEED              6.6
HIGHEST WIND SPEED/DIRECTION    36/320    DATE  07/28
HIGHEST GUST SPEED/DIRECTION    47/310    DATE  07/28

SKY COVER
POSSIBLE SUNSHINE (PERCENT)   MM
AVERAGE SKY COVER           0.10
NUMBER OF DAYS FAIR           27
NUMBER OF DAYS PC              3
NUMBER OF DAYS CLOUDY          1

AVERAGE RH (PERCENT)     44

WEATHER CONDITIONS. NUMBER OF DAYS WITH
THUNDERSTORM             10     MIXED PRECIP               0
HEAVY RAIN                3     RAIN                       5
LIGHT RAIN               10     FREEZING RAIN              0
LT FREEZING RAIN          0     HAIL                       0
HEAVY SNOW                0     SNOW                       0
LIGHT SNOW                0     SLEET                      0
FOG                       4     FOG W/VIS <= 1/4 MILE      0
HAZE                      0

-  INDICATES NEGATIVE NUMBERS.
R  INDICATES RECORD WAS SET OR TIED.
MM INDICATES DATA IS MISSING.
T  INDICATES TRACE AMOUNT.

$$
