000
CXUS54 KEWX 020111
CLMDRT

CLIMATE REPORT
NATIONAL WEATHER SERVICE AUSTIN/SAN ANTONIO, TX
811 PM CDT MON AUG 1 2016

...................................

...THE DEL RIO CLIMATE SUMMARY FOR THE MONTH OF JULY 2016...

CLIMATE NORMAL PERIOD 1981 TO 2010
CLIMATE RECORD PERIOD 1906 TO 2016

WEATHER         OBSERVED          NORMAL  DEPART  LAST YEAR`S
                 VALUE   DATE(S)  VALUE   FROM    VALUE  DATE(S)
                                          NORMAL
................................................................
TEMPERATURE (F)
HIGHEST           107   07/04                        102  07/31
                                                          07/30
                                                          07/27
LOWEST             73   07/29                         70  07/02
                        07/27
AVG. MAXIMUM    101.7              96.6     5.1     96.8
AVG. MINIMUM     77.8              75.2     2.6     75.6
MEAN             89.7              85.9     3.8     86.2
DAYS MAX >= 90     31                                 30
DAYS MAX <= 32      0                                  0
DAYS MIN <= 32      0                                  0
DAYS MIN <= 0       0                                  0

PRECIPITATION (INCHES)
TOTALS           0.05              1.78   -1.73     0.04
DAILY AVG.       0.00              0.06   -0.06     0.00
DAYS >= .01         1                                  1
DAYS >= .10         0                                  0
DAYS >= .50         0                                  0
DAYS >= 1.00        0                                  0
GREATEST
 24 HR. TOTAL    0.05   07/26 TO 07/26

SNOWFALL (INCHES)
TOTALS            0.0               0.0     0.0      0.0
SINCE 7/1         0.0               0.0     0.0      0.0

DEGREE_DAYS
HEATING TOTAL       0                 0       0        0
 SINCE 7/1          0                 0       0        0
COOLING TOTAL     775               648     127      665
 SINCE 1/1       2080              1978     102     1846
.................................................................

WIND (MPH)
AVERAGE WIND SPEED              11.2
HIGHEST WIND SPEED/DIRECTION    28/060    DATE  07/25
HIGHEST GUST SPEED/DIRECTION    39/120    DATE  07/19

SKY COVER
POSSIBLE SUNSHINE (PERCENT)   MM
AVERAGE SKY COVER           0.10
NUMBER OF DAYS FAIR           30
NUMBER OF DAYS PC              1
NUMBER OF DAYS CLOUDY          0

AVERAGE RH (PERCENT)     53

WEATHER CONDITIONS. NUMBER OF DAYS WITH
THUNDERSTORM              0     MIXED PRECIP               0
HEAVY RAIN                0     RAIN                       1
LIGHT RAIN                1     FREEZING RAIN              0
LT FREEZING RAIN          0     HAIL                       0
HEAVY SNOW                0     SNOW                       0
LIGHT SNOW                0     SLEET                      0
FOG                       2     FOG W/VIS <= 1/4 MILE      0
HAZE                      2

-  INDICATES NEGATIVE NUMBERS.
R  INDICATES RECORD WAS SET OR TIED.
MM INDICATES DATA IS MISSING.
T  INDICATES TRACE AMOUNT.

&&

MONTHLY CLIMATE SUMMARY:
JULY 2016 WAS THE 4TH WARMEST AND THE 10 TH DRIEST JULY...TIED WITH
2000...SINCE RECORD KEEPING BEGAN.

SEA LEVEL PRESSURE DATA:
HIGHEST SLP 30.11 ON 20TH
LOWEST  SLP 29.68 ON 11TH

PRELIMINARY LOCAL CLIMATOLOGICAL DATA (WS FORM: F-6)

                                          STATION:   DEL RIO
                                          MONTH:     JULY
                                          YEAR:      2016
                                          LATITUDE:   29 22 N
                                          LONGITUDE: 100 55 W

  TEMPERATURE IN F:       :PCPN:    SNOW:  WIND      :SUNSHINE: SKY     :PK WND
================================================================================
1   2   3   4   5  6A  6B    7    8   9   10  11  12  13   14  15   16   17  18
                                     12Z  AVG MX 2MIN
DY MAX MIN AVG DEP HDD CDD  WTR  SNW DPTH SPD SPD DIR MIN PSBL S-S WX    SPD DR
================================================================================

 1 101  77  89   4   0  24 0.00  0.0    0 11.1 20  90   M    M   1        25 100
 2 102  77  90   5   0  25 0.00  0.0    0 10.7 21 150   M    M   0        28 160
 3 105  79  92   7   0  27 0.00  0.0    0  9.8 16 130   M    M   0 8      23 130
 4 107  80  94   9   0  29 0.00  0.0    0 10.8 20 160   M    M   0        27 140
 5 105  80  93   7   0  28 0.00  0.0    0 12.9 22 150   M    M   0        28 160
 6 104  79  92   6   0  27 0.00  0.0    0 13.1 21 150   M    M   1        29 140
 7 104  79  92   6   0  27 0.00  0.0    0 11.9 22 150   M    M   2        27 160
 8 103  79  91   5   0  26 0.00  0.0    0 12.0 20 140   M    M   2        26 120
 9 101  80  91   5   0  26 0.00  0.0    0  9.7 20 110   M    M   3 8      30 100
10 103  79  91   5   0  26 0.00  0.0    0 11.9 20 110   M    M   3        33 130
11 104  79  92   6   0  27 0.00  0.0    0   M  23 120   M    M   0        31 140
12 103  78  91   5   0  26 0.00  0.0    M 15.3 25 160   M    M   0        32 120
13 105  79  92   6   0  27 0.00  0.0    0 13.2 23 140   M    M   0        30 140
14 104  78  91   5   0  26 0.00  0.0    0 13.0 23 160   M    M   0        28 160
15 104  78  91   5   0  26 0.00  0.0    0 12.4 21 100   M    M   1        30 100
16 102  76  89   3   0  24 0.00  0.0    0 13.4 24 120   M    M   0        33 130
17 102  76  89   3   0  24 0.00  0.0    0 12.8 23 150   M    M   1        30 150
18 102  77  90   4   0  25 0.00  0.0    0 12.7 23 120   M    M   2        32 110
19 101  78  90   4   0  25 0.00  0.0    0 11.7 18 120   M    M   1        39 120
20  99  78  89   3   0  24 0.00  0.0    0 10.7 22 140   M    M   3        28 160
21 101  78  90   4   0  25 0.00  0.0    0 11.9 22 150   M    M   0        29 150
22 102  78  90   4   0  25 0.00  0.0    0 10.1 20 160   M    M   0        27 100
23 103  80  92   6   0  27 0.00  0.0    0 11.6 20 160   M    M   0        26  90
24 104  80  92   6   0  27 0.00  0.0    0 10.9 18 110   M    M   0        24 110
25 103  80  92   6   0  27 0.00  0.0    0  9.8 28  60   M    M   1        36  60
26  96  74  85  -1   0  20 0.05  0.0    0  6.8 23  10   M    M   2 1      31  10
27  91  73  82  -4   0  17 0.00  0.0    0  6.9 20 120   M    M   2 1      25 120
28  97  76  87   1   0  22 0.00  0.0    0  8.1 26 150   M    M   3        33 160
29  94  73  84  -2   0  19 0.00  0.0    0  8.4 25 150   M    M   5        30 150
30  99  75  87   1   0  22 0.00  0.0    0 11.0 21 160   M    M   1        31 160
31 101  78  90   3   0  25 0.00  0.0    0 12.1 24 160   M    M   2        30 140
================================================================================
SM 3152 2411         0 775  0.05     0.0 336.7          M       36
================================================================================
AV101.7 77.8                              11.2 FASTST   M    M   1    MAX(MPH)
                                 MISC ---->  # 28  60               # 39  120
================================================================================
NOTES:
# LAST OF SEVERAL OCCURRENCES

COLUMN 17 PEAK WIND IN M.P.H.

SYMBOLS USED IN COLUMN 16
1 = FOG OR MIST
2 = FOG REDUCING VISIBILITY
3 = THUNDER
4 = ICE PELLETS
5 = HAIL
6 = FREEZING RAIN OR DRIZZLE
7 = DUSTSTORM OR SANDSTORM:
8 = SMOKE OR HAZE
9 = BLOWING SNOW
X = TORNADO

$$
