000
CXUS54 KEWX 011823
CLMDRT

CLIMATE REPORT
NATIONAL WEATHER SERVICE AUSTIN/SAN ANTONIO, TX
1223 PM CST SUN MAR 1 2015

...................................

...THE DEL RIO CLIMATE SUMMARY FOR THE MONTH OF FEBRUARY 2015...

CLIMATE NORMAL PERIOD 1981 TO 2010
CLIMATE RECORD PERIOD 1906 TO 2015

WEATHER         OBSERVED          NORMAL  DEPART  LAST YEAR`S
                 VALUE   DATE(S)  VALUE   FROM    VALUE  DATE(S)
                                          NORMAL
................................................................
TEMPERATURE (F)
HIGHEST            86   02/21                         92  02/14
LOWEST             30   02/25                         25  02/12
AVG. MAXIMUM     64.8              68.6    -3.8     70.4
AVG. MINIMUM     43.8              45.0    -1.2     43.7
MEAN             54.3              56.8    -2.5     57.0
DAYS MAX >= 90      0                                  1
DAYS MAX <= 32      0                                  0
DAYS MIN <= 32      2                                  5
DAYS MIN <= 0       0                                  0

PRECIPITATION (INCHES)
TOTALS           0.22              0.88   -0.66     0.22
DAILY AVG.       0.01              0.03   -0.02     0.01
DAYS >= .01         5                                  2
DAYS >= .10         1                                  1
DAYS >= .50         0                                  0
DAYS >= 1.00        0                                  0
GREATEST
 24 HR. TOTAL    0.34   01/31 TO 02/01

SNOWFALL (INCHES)
TOTALS            0.0                 T     0.0      0.0
SINCE 7/1         0.0               1.2    -1.2      0.0

DEGREE_DAYS
HEATING TOTAL     307               246      61      260
 SINCE 7/1       1327              1236      91     1407
COOLING TOTAL      15                16      -1       45
 SINCE 1/1         15                19      -4       45
.................................................................

WIND (MPH)
AVERAGE WIND SPEED              8.2
HIGHEST WIND SPEED/DIRECTION    28/330    DATE  02/26
HIGHEST GUST SPEED/DIRECTION    39/330    DATE  02/16

SKY COVER
POSSIBLE SUNSHINE (PERCENT)   MM
AVERAGE SKY COVER           0.50
NUMBER OF DAYS FAIR           12
NUMBER OF DAYS PC              9
NUMBER OF DAYS CLOUDY          7


WEATHER CONDITIONS. NUMBER OF DAYS WITH
THUNDERSTORM              0     MIXED PRECIP               0
HEAVY RAIN                0     RAIN                       1
LIGHT RAIN                7     FREEZING RAIN              0
LT FREEZING RAIN          1     HAIL                       0
HEAVY SNOW                0     SNOW                       0
LIGHT SNOW                1     SLEET                      0
FOG                      10     FOG W/VIS <= 1/4 MILE      1
HAZE                      3

-  INDICATES NEGATIVE NUMBERS.
R  INDICATES RECORD WAS SET OR TIED.
MM INDICATES DATA IS MISSING.
T  INDICATES TRACE AMOUNT.

&&

MONTHLY CLIMATE SUMMARY
FEBRUARY 2015 WAS 32ND COOLEST AND THE 34TH DRIEST FEBRUARY SINCE
RECORD KEEPING BEGAN.

SEA LEVEL PRESSURE DATA
HIGHEST SLP 30.53 ON THE 23RD
LOWEST  SLP 29.70 ON THE 20TH

PRELIMINARY LOCAL CLIMATOLOGICAL DATA (WS FORM: F-6)

                                          STATION:   DEL RIO
                                          MONTH:     FEBRUARY
                                          YEAR:      2015
                                          LATITUDE:   29 22 N
                                          LONGITUDE: 100 55 W

  TEMPERATURE IN F:       :PCPN:    SNOW:  WIND      :SUNSHINE: SKY     :PK WND
================================================================================
1   2   3   4   5  6A  6B    7    8   9   10  11  12  13   14  15   16   17  18
                                     12Z  AVG MX 2MIN
DY MAX MIN AVG DEP HDD CDD  WTR  SNW DPTH SPD SPD DIR MIN PSBL S-S WX    SPD DR
================================================================================

 1  75  50  63   9   2   0 0.00  0.0    0  8.6 23 350   M    M   4 1      31 360
 2  52  43  48  -6  17   0 0.00  0.0    0  5.9 13 120   M    M   3        17 130
 3  48  43  46  -8  19   0 0.12  0.0    0 10.1 20 150   M    M   8 1      25 160
 4  56  44  50  -4  15   0 0.06  0.0    0  5.2 15  10   M    M   7 18     21  10
 5  52  41  47  -8  18   0    T  0.0    0  8.1 21 330   M    M   9 18     28 320
 6  53  47  50  -5  15   0 0.00  0.0    0  8.1 13 150   M    M   8        16 130
 7  59  46  53  -2  12   0 0.00  0.0    0  5.9 12 150   M    M   6 18     16 120
 8  85  41  63   8   2   0 0.00  0.0    0  4.6 13 330   M    M   3 12     17 330
 9  83  47  65   9   0   0 0.00  0.0    0  6.6 15 150   M    M   0        21 150
10  84  51  68  12   0   3    M  0.0    0 10.2 23 150   M    M   0        29 140
11  79  51  65   9   0   0 0.00  0.0    0  8.5 24 360   M    M   0        31 360
12  58  46  52  -4  13   0 0.01  0.0    0 10.9 22 300   M    M   9        28 300
13  69  47  58   2   7   0 0.00  0.0    0  4.9 13 150   M    M   4        16 190
14  72  45  59   2   6   0 0.00  0.0    0  6.9 16 150   M    M   0        19 160
15  75  59  67  10   0   2 0.00  0.0    0 10.2 20 130   M    M   3        25 130
16  65  44  55  -2  10   0    T  0.0    0 11.0 28 350   M    M   6        39 330
17  59  42  51  -6  14   0 0.00  0.0    0  7.1 15 310   M    M   5        24 280
18  68  35  52  -6  13   0 0.00  0.0    0  9.6 22 160   M    M   0        27 160
19  72  44  58   0   7   0 0.00  0.0    0 12.5 24 140   M    M   1        31 150
20  78  56  67   9   0   2 0.00  0.0    0  9.8 16 130   M    M   4        22 130
21  86  59  73  15   0   8 0.00  0.0    0  7.0 16 350   M    M   0        21 340
22  76  39  58   0   7   0 0.00  0.0    0 11.5 26 360   M    M   7 1      35 360
23  39  32  36 -23  29   0    T  0.0    0 10.6 18 330   M    M  10 16     26 330
24  44  33  39 -20  26   0 0.00  0.0    0  5.2 10 130   M    M   7        14 130
25  72  30  51  -8  14   0 0.00  0.0    0  7.4 23 300   M    M   1        31 310
26  69  41  55  -5  10   0 0.00  0.0    0  9.0 28 330   M    M   2        37 330
27  41  36  39 -21  26   0 0.01  0.0    0  7.0 13 110   M    M  10 1      17 100
28  45  35  40 -20  25   0 0.02  0.0    0  6.6 13 100   M    M  10 1      17 100
================================================================================
SM 1814 1227       307  15  0.22     0.0 229.0          M      127
================================================================================
AV 64.8 43.8                               8.2 FASTST   M    M   5    MAX(MPH)
                                 MISC ---->  # 28 350               # 39  330
================================================================================
NOTES:
# LAST OF SEVERAL OCCURRENCES

COLUMN 17 PEAK WIND IN M.P.H.

SYMBOLS USED IN COLUMN 16

1 = FOG OR MIST
2 = FOG REDUCING VISIBILITY
    TO 1/4 MILE OR LESS
3 = THUNDER
4 = ICE PELLETS
5 = HAIL
6 = FREEZING RAIN OR DRIZZLE
7 = DUSTSTORM OR SANDSTORM:
    VSBY 1/2 MILE OR LESS
8 = SMOKE OR HAZE
9 = BLOWING SNOW
X = TORNADO

$$
