000
CXUS53 KDVN 011436
CLMDVN


CLIMATE REPORT
NATIONAL WEATHER SERVICE QUAD CITIES IA IL
921 AM CDT WED JUL 1 2015

...................................

...THE DAVENPORT IA CLIMATE SUMMARY FOR THE MONTH OF JUNE 2015...

CLIMATE NORMAL PERIOD 1981 TO 2010
CLIMATE RECORD PERIOD 9999 TO 9999

WEATHER         OBSERVED          NORMAL  DEPART
                 VALUE   DATE(S)  VALUE   FROM
                                          NORMAL
................................................
TEMPERATURE (F)
HIGHEST            92   06/10        84       8
LOWEST             48   06/01        55      -7
AVG. MAXIMUM     80.3              80.9    -0.6
AVG. MINIMUM     61.0              59.6     1.4
MEAN             70.6              70.2     0.4
DAYS MAX >= 90      2
DAYS MAX <= 32      0
DAYS MIN <= 32      0
DAYS MIN <= 0       0

PRECIPITATION (INCHES)
TOTALS           7.68              4.19    3.49
DAILY AVG.       0.26              0.14    0.12
DAYS >= .01        15
DAYS >= .10        10
DAYS >= .50         7
DAYS >= 1.00        3
GREATEST
 24 HR. TOTAL    1.77   06/11 TO 06/12

SNOWFALL (INCHES)
TOTALS            0.0
SINCE 7/1        32.5
SNOWDEPTH AVG.      0
DAYS >= TRACE       0
DAYS >= 1.0         0
GREATEST
 SNOW DEPTH         0   MM
 24 HR TOTAL      0.0   06/30 TO 06/30

DEGREE_DAYS
HEATING TOTAL       7                24     -17
 SINCE 7/1       6924              6511     413
COOLING TOTAL     186               182       4
 SINCE 1/1        266               243      23
.................................................

WIND (MPH)
AVERAGE WIND SPEED              8.0
HIGHEST WIND SPEED/DIRECTION    37/290    DATE  06/11
HIGHEST GUST SPEED/DIRECTION    55/290    DATE  06/11

SKY COVER
POSSIBLE SUNSHINE (PERCENT)   MM
AVERAGE SKY COVER           0.30
NUMBER OF DAYS FAIR           16
NUMBER OF DAYS PC             11
NUMBER OF DAYS CLOUDY          3

AVERAGE RH (PERCENT)     73

WEATHER CONDITIONS. NUMBER OF DAYS WITH
THUNDERSTORM             10     HAIL                       0
SLEET                     0     FOG                       18
FOG W/VIS <= 1/4 MILE     3     HAZE                       1

-  INDICATES NEGATIVE NUMBERS.
R  INDICATES RECORD WAS SET OR TIED.
MM INDICATES DATA IS MISSING.
T  INDICATES TRACE AMOUNT.

$$
