000
CXUS52 KAKQ 020031
CLMECG


CLIMATE REPORT
NATIONAL WEATHER SERVICE WAKEFIELD, VA
827 PM EDT FRI AUG 1 2014

...................................

...THE ELIZABETH CITY NC CLIMATE SUMMARY FOR THE MONTH OF JULY 2014...

CLIMATE NORMAL PERIOD 1981 TO 2010
CLIMATE RECORD PERIOD 1934 TO 2014

WEATHER         OBSERVED          NORMAL  DEPART  LAST YEAR`S
                 VALUE   DATE(S)  VALUE   FROM    VALUE  DATE(S)
                                          NORMAL
................................................................
TEMPERATURE (F)
RECORD
 HIGH             107   07/18/1942
 LOW               51   07/13/1978
HIGHEST            92   07/09        88       4       94  07/16
LOWEST             58   07/06        69     -11       65  07/27
AVG. MAXIMUM     85.1              87.5    -2.4     87.4
AVG. MINIMUM     68.6              70.0    -1.4     72.6
MEAN             76.9              78.8    -1.9     80.0
DAYS MAX >= 90      6               9.5    -3.5        7
DAYS MAX <= 32      0               0.0     0.0        0
DAYS MIN <= 32      0               0.0     0.0        0
DAYS MIN <= 0       0               0.0     0.0        0

PRECIPITATION (INCHES)
RECORD
 MAXIMUM           MM   MM
 MINIMUM           MM   MM
TOTALS           5.38              5.66   -0.28     6.48
DAILY AVG.       0.17              0.18   -0.01     0.21
DAYS >= .01         8              12.7    -4.7       14
DAYS >= .10         6               7.9    -1.9       13
DAYS >= .50         4               3.3     0.7        4
DAYS >= 1.00        2               1.7     0.3        1
GREATEST
 24 HR. TOTAL    2.24   07/16 TO 07/16

DEGREE_DAYS
HEATING TOTAL       0                 0       0        0
 SINCE 7/1          0                 0       0        0
COOLING TOTAL     374               426     -52      472
 SINCE 1/1        894               904     -10     1026
.................................................................

WIND (MPH)
AVERAGE WIND SPEED              8.2
HIGHEST WIND SPEED/DIRECTION    39/350    DATE  07/04
HIGHEST GUST SPEED/DIRECTION    52/350    DATE  07/04

SKY COVER
POSSIBLE SUNSHINE (PERCENT)   MM
AVERAGE SKY COVER           0.30

AVERAGE RH (PERCENT)     76

WEATHER CONDITIONS. NUMBER OF DAYS WITH
THUNDERSTORM              1     MIXED PRECIP               0
HEAVY RAIN                7     RAIN                       6
LIGHT RAIN               13     FREEZING RAIN              0
LT FREEZING RAIN          0     HAIL                       0
HEAVY SNOW                0     SNOW                       0
LIGHT SNOW                0     SLEET                      0
FOG                      15     FOG W/VIS <= 1/4 MILE      2
HAZE                      4

-  INDICATES NEGATIVE NUMBERS.
R  INDICATES RECORD WAS SET OR TIED.
MM INDICATES DATA IS MISSING.
T  INDICATES TRACE AMOUNT.

$$
