000
CXUS55 KLKN 011856
CLMELY


CLIMATE REPORT
NATIONAL WEATHER SERVICE ELKO NV
1145 AM PDT FRI SEP 1 2017

...................................

...THE ELY AIRPORT NV CLIMATE SUMMARY FOR THE MONTH OF AUGUST 2017...

CLIMATE NORMAL PERIOD 1981 TO 2010
CLIMATE RECORD PERIOD 1893 TO 2017

WEATHER         OBSERVED          NORMAL  DEPART  LAST YEAR`S
                 VALUE   DATE(S)  VALUE   FROM    VALUE  DATE(S)
                                          NORMAL
................................................................
TEMPERATURE (F)
RECORD
 HIGH              97   08/09/1981
                        08/02/1977
 LOW               24   08/23/1960
HIGHEST            94   08/02        93       1       94  08/02
LOWEST             42   08/17        36       6       38  08/10
AVG. MAXIMUM     86.8              85.3     1.5     87.6
AVG. MINIMUM     50.5              47.0     3.5     45.2
MEAN             68.7              66.1     2.6     66.4
DAYS MAX >= 90      8               6.4     1.6        9
DAYS MAX <= 32      0               0.0     0.0        0
DAYS MIN <= 32      0               0.3    -0.3        0
DAYS MIN <= 0       0               0.0     0.0        0

PRECIPITATION (INCHES)
RECORD
 MAXIMUM         3.00   1906
 MINIMUM         0.00   1911
TOTALS           0.33              0.90   -0.57     0.33
DAILY AVG.       0.01              0.03   -0.02     0.01
DAYS >= .01         6               5.9     0.1        3
DAYS >= .10         1               2.3    -1.3        2
DAYS >= .50         0               0.5    -0.5        0
DAYS >= 1.00        0               0.1    -0.1        0
GREATEST
 24 HR. TOTAL    0.16   08/31 TO 08/31              0.15

SNOWFALL (INCHES)
RECORDS
 TOTAL              T   1993
                        1992
                        1988
TOTALS            0.0               0.0     0.0      0.0
SINCE 7/1         0.0               0.0     0.0      0.0
SNOWDEPTH AVG.      0                                  0
DAYS >= TRACE       0               0.0     0.0        0
DAYS >= 1.0         0               0.0     0.0        0
DAYS >= 5.0         0                                  0
GREATEST
 SNOW DEPTH         0   MM                             0
 24 HR TOTAL      0.0   08/31 TO 08/31               0.0

DEGREE_DAYS
HEATING TOTAL       6                41     -35       20
 SINCE 7/1          6                64     -58       37
COOLING TOTAL     129                77      52       71
 SINCE 1/1        409               212     197      255
.................................................................

WIND (MPH)
AVERAGE WIND SPEED              8.6
HIGHEST WIND SPEED/DIRECTION    39/290    DATE  08/04
HIGHEST GUST SPEED/DIRECTION    53/290    DATE  08/04

AVERAGE RH (PERCENT)     41

WEATHER CONDITIONS. NUMBER OF DAYS WITH
THUNDERSTORM              0     MIXED PRECIP               0
HEAVY RAIN                2     RAIN                       0
LIGHT RAIN               19     FREEZING RAIN              0
LT FREEZING RAIN          0     HAIL                       0
HEAVY SNOW                0     SNOW                       0
LIGHT SNOW                0     SLEET                      0
FOG                       1     FOG W/VIS <= 1/4 MILE      0
HAZE                      0

-  INDICATES NEGATIVE NUMBERS.
R  INDICATES RECORD WAS SET OR TIED.
MM INDICATES DATA IS MISSING.
T  INDICATES TRACE AMOUNT.

&&

=====================================================================

...10TH WARMEST AUGUST ON RECORD IN ELY...

$$

DS
